CRAN Package Check Results for Package aidar

Last updated on 2021-08-05 18:52:38 CEST.

Flavor Version Tinstall Tcheck Ttotal Status Flags
r-devel-linux-x86_64-debian-clang 1.0.5 2.79 48.13 50.92 OK
r-devel-linux-x86_64-debian-gcc 1.0.5 2.47 36.82 39.29 OK
r-devel-linux-x86_64-fedora-clang 1.0.5 71.06 OK
r-devel-linux-x86_64-fedora-gcc 1.0.5 60.84 OK
r-devel-windows-x86_64 1.0.5 5.00 69.00 74.00 OK
r-devel-windows-x86_64-gcc10-UCRT 1.0.5 ERROR
r-patched-linux-x86_64 1.0.5 2.87 46.34 49.21 OK
r-patched-solaris-x86 1.0.5 86.60 OK
r-release-linux-x86_64 1.0.5 2.88 46.47 49.35 OK
r-release-macos-arm64 1.0.5 OK
r-release-macos-x86_64 1.0.5 OK
r-release-windows-ix86+x86_64 1.0.5 7.00 48.00 55.00 OK
r-oldrel-macos-x86_64 1.0.5 OK
r-oldrel-windows-ix86+x86_64 1.0.5 5.00 67.00 72.00 OK

Check Details

Version: 1.0.5
Check: package dependencies
Result: NOTE
    Package suggested but not available for checking: 'testthat'
Flavor: r-devel-windows-x86_64-gcc10-UCRT

Version: 1.0.5
Check: tests
Result: ERROR
     Running 'run-all.R'
    Running the tests in 'tests/run-all.R' failed.
    Complete output:
     > library(testthat)
     Error in library(testthat) : there is no package called 'testthat'
     Execution halted
Flavor: r-devel-windows-x86_64-gcc10-UCRT