CRAN Package Check Results for Package airGRteaching

Last updated on 2025-01-14 03:49:19 CET.

Flavor Version Tinstall Tcheck Ttotal Status Flags
r-devel-linux-x86_64-debian-clang 0.3.3 6.26 171.12 177.38 OK
r-devel-linux-x86_64-debian-gcc 0.3.3 4.21 142.26 146.47 OK
r-devel-linux-x86_64-fedora-clang 0.3.3 293.73 OK
r-devel-linux-x86_64-fedora-gcc 0.3.3 319.77 OK
r-devel-windows-x86_64 0.3.3 11.00 197.00 208.00 OK
r-patched-linux-x86_64 0.3.3 6.74 173.34 180.08 OK
r-release-linux-x86_64 0.3.3 5.99 174.26 180.25 OK
r-release-macos-arm64 0.3.3 106.00 NOTE
r-release-macos-x86_64 0.3.3 270.00 NOTE
r-release-windows-x86_64 0.3.3 7.00 204.00 211.00 NOTE
r-oldrel-macos-arm64 0.3.3 149.00 NOTE
r-oldrel-macos-x86_64 0.3.3 239.00 NOTE
r-oldrel-windows-x86_64 0.3.3 10.00 222.00 232.00 NOTE

Check Details

Version: 0.3.3
Check: installed package size
Result: NOTE installed size is 8.0Mb sub-directories of 1Mb or more: ShinyGR 4.3Mb doc 3.4Mb Flavors: r-release-macos-arm64, r-release-macos-x86_64, r-release-windows-x86_64, r-oldrel-macos-arm64, r-oldrel-macos-x86_64, r-oldrel-windows-x86_64