CRAN Package Check Results for Package airnow

Last updated on 2024-06-22 10:49:01 CEST.

Flavor Version Tinstall Tcheck Ttotal Status Flags
r-devel-linux-x86_64-debian-clang 0.1.0 3.71 41.53 45.24 NOTE
r-devel-linux-x86_64-debian-gcc 0.1.0 2.90 31.64 34.54 NOTE
r-devel-linux-x86_64-fedora-clang 0.1.0 56.97 NOTE
r-devel-linux-x86_64-fedora-gcc 0.1.0 53.53 NOTE
r-devel-windows-x86_64 0.1.0 5.00 52.00 57.00 NOTE
r-patched-linux-x86_64 0.1.0 3.95 39.56 43.51 NOTE
r-release-linux-x86_64 0.1.0 3.71 39.88 43.59 NOTE
r-release-macos-arm64 0.1.0 22.00 NOTE
r-release-macos-x86_64 0.1.0 30.00 NOTE
r-release-windows-x86_64 0.1.0 4.00 54.00 58.00 NOTE
r-oldrel-macos-arm64 0.1.0 22.00 OK
r-oldrel-macos-x86_64 0.1.0 31.00 OK
r-oldrel-windows-x86_64 0.1.0 5.00 57.00 62.00 OK

Check Details

Version: 0.1.0
Check: Rd files
Result: NOTE checkRd: (-1) get_airnow_area.Rd:25: Lost braces; missing escapes or markup? 25 | \item{parameters}{Parameter(s) to return data for. Choices are PM_{2.5} | ^ Flavors: r-devel-linux-x86_64-debian-clang, r-devel-linux-x86_64-debian-gcc, r-devel-linux-x86_64-fedora-clang, r-devel-linux-x86_64-fedora-gcc, r-devel-windows-x86_64, r-patched-linux-x86_64, r-release-linux-x86_64, r-release-macos-arm64, r-release-macos-x86_64, r-release-windows-x86_64