CRAN Package Check Results for Package airr

Last updated on 2021-07-24 22:55:05 CEST.

Flavor Version Tinstall Tcheck Ttotal Status Flags
r-devel-linux-x86_64-debian-clang 1.3.0 3.95 49.60 53.55 NOTE
r-devel-linux-x86_64-debian-gcc 1.3.0 3.13 37.61 40.74 NOTE
r-devel-linux-x86_64-fedora-clang 1.3.0 68.98 NOTE
r-devel-linux-x86_64-fedora-gcc 1.3.0 57.60 NOTE
r-devel-windows-x86_64 1.3.0 4.00 53.00 57.00 NOTE
r-devel-windows-x86_64-gcc10-UCRT 1.3.0 NOTE
r-patched-linux-x86_64 1.3.0 3.68 46.48 50.16 NOTE
r-patched-solaris-x86 1.3.0 84.50 NOTE
r-release-linux-x86_64 1.3.0 3.73 46.72 50.45 NOTE
r-release-macos-arm64 1.3.0 NOTE
r-release-macos-x86_64 1.3.0 NOTE
r-release-windows-ix86+x86_64 1.3.0 9.00 52.00 61.00 NOTE
r-oldrel-macos-x86_64 1.3.0 OK
r-oldrel-windows-ix86+x86_64 1.3.0 11.00 71.00 82.00 OK

Check Details

Version: 1.3.0
Check: LazyData
Result: NOTE
     'LazyData' is specified without a 'data' directory
Flavors: r-devel-linux-x86_64-debian-clang, r-devel-linux-x86_64-debian-gcc, r-devel-linux-x86_64-fedora-clang, r-devel-linux-x86_64-fedora-gcc, r-devel-windows-x86_64, r-devel-windows-x86_64-gcc10-UCRT, r-patched-linux-x86_64, r-patched-solaris-x86, r-release-linux-x86_64, r-release-macos-arm64, r-release-macos-x86_64, r-release-windows-ix86+x86_64