CRAN Package Check Results for Package akmbiclust

Last updated on 2024-06-15 04:48:38 CEST.

Flavor Version Tinstall Tcheck Ttotal Status Flags
r-devel-linux-x86_64-debian-clang 0.1.0 1.71 21.61 23.32 NOTE
r-devel-linux-x86_64-debian-gcc 0.1.0 1.57 17.44 19.01 NOTE
r-devel-linux-x86_64-fedora-clang 0.1.0 31.16 NOTE
r-devel-linux-x86_64-fedora-gcc 0.1.0 30.17 NOTE
r-devel-windows-x86_64 0.1.0 2.00 35.00 37.00 NOTE
r-patched-linux-x86_64 0.1.0 1.90 21.24 23.14 NOTE
r-release-linux-x86_64 0.1.0 1.42 21.66 23.08 NOTE
r-release-macos-arm64 0.1.0 14.00 NOTE
r-release-macos-x86_64 0.1.0 25.00 NOTE
r-release-windows-x86_64 0.1.0 3.00 36.00 39.00 NOTE
r-oldrel-macos-arm64 0.1.0 15.00 NOTE
r-oldrel-macos-x86_64 0.1.0 19.00 NOTE
r-oldrel-windows-x86_64 0.1.0 3.00 36.00 39.00 NOTE

Check Details

Version: 0.1.0
Check: LazyData
Result: NOTE 'LazyData' is specified without a 'data' directory Flavors: r-devel-linux-x86_64-debian-clang, r-devel-linux-x86_64-debian-gcc, r-devel-linux-x86_64-fedora-clang, r-devel-linux-x86_64-fedora-gcc, r-devel-windows-x86_64, r-patched-linux-x86_64, r-release-linux-x86_64, r-release-macos-arm64, r-release-macos-x86_64, r-release-windows-x86_64, r-oldrel-macos-arm64, r-oldrel-macos-x86_64, r-oldrel-windows-x86_64