CRAN Package Check Results for Package albatross

Last updated on 2024-06-13 10:48:47 CEST.

Flavor Version Tinstall Tcheck Ttotal Status Flags
r-devel-linux-x86_64-debian-clang 0.3-8 5.75 190.94 196.69 OK
r-devel-linux-x86_64-debian-gcc 0.3-8 5.67 136.86 142.53 NOTE
r-devel-linux-x86_64-fedora-clang 0.3-8 236.16 OK
r-devel-linux-x86_64-fedora-gcc 0.3-8 231.29 OK
r-devel-windows-x86_64 0.3-8 6.00 273.00 279.00 OK
r-patched-linux-x86_64 0.3-8 9.79 186.23 196.02 OK
r-release-linux-x86_64 0.3-8 7.73 179.27 187.00 OK
r-release-macos-arm64 0.3-8 70.00 OK
r-release-macos-x86_64 0.3-8 122.00 OK
r-release-windows-x86_64 0.3-8 7.00 167.00 174.00 OK
r-oldrel-macos-arm64 0.3-8 75.00 OK
r-oldrel-macos-x86_64 0.3-8 193.00 OK
r-oldrel-windows-x86_64 0.3-8 8.00 210.00 218.00 OK

Check Details

Version: 0.3-8
Check: package dependencies
Result: NOTE Packages which this enhances but not available for checking: 'eemR', 'EEM' Flavor: r-devel-linux-x86_64-debian-gcc