CRAN Package Check Results for Package aldvmm

Last updated on 2021-07-29 01:49:06 CEST.

Flavor Version Tinstall Tcheck Ttotal Status Flags
r-devel-linux-x86_64-debian-clang 0.8.4 OK
r-devel-linux-x86_64-debian-gcc 0.8.4 3.38 109.16 112.54 OK
r-devel-linux-x86_64-fedora-clang 0.8.4 188.24 OK
r-devel-linux-x86_64-fedora-gcc 0.8.4 178.24 OK
r-devel-windows-x86_64 0.8.4 5.00 189.00 194.00 OK
r-devel-windows-x86_64-gcc10-UCRT 0.8.3 OK
r-patched-linux-x86_64 0.8.4 5.57 144.21 149.78 OK
r-patched-solaris-x86 0.8.4 209.60 OK
r-release-linux-x86_64 0.8.4 3.72 143.78 147.50 OK
r-release-macos-arm64 0.8.4 WARN
r-release-macos-x86_64 0.8.4 OK
r-release-windows-ix86+x86_64 0.8.4 9.00 189.00 198.00 OK
r-oldrel-macos-x86_64 0.8.4 OK
r-oldrel-windows-ix86+x86_64 0.8.4 6.00 153.00 159.00 OK

Check Details

Version: 0.8.4
Check: re-building of vignette outputs
Result: WARN
    Error(s) in re-building vignettes:
     ...
    --- re-building ‘aldvmm_vignette.Rmd’ using rmarkdown
    Warning in engine$weave(file, quiet = quiet, encoding = enc) :
     Pandoc (>= 1.12.3) not available. Falling back to R Markdown v1.
    Quitting from lines 1030-1037 (aldvmm_vignette.Rmd)
    Error: processing vignette 'aldvmm_vignette.Rmd' failed with diagnostics:
    polygon edge not found
    --- failed re-building ‘aldvmm_vignette.Rmd’
    
    SUMMARY: processing the following file failed:
     ‘aldvmm_vignette.Rmd’
    
    Error: Vignette re-building failed.
    Execution halted
Flavor: r-release-macos-arm64