CRAN Package Check Results for Package algaeClassify

Last updated on 2021-09-24 22:52:46 CEST.

Flavor Version Tinstall Tcheck Ttotal Status Flags
r-devel-linux-x86_64-debian-clang 1.2.0 5.26 49.19 54.45 OK
r-devel-linux-x86_64-debian-gcc 1.2.0 4.46 38.13 42.59 OK
r-devel-linux-x86_64-fedora-clang 1.2.0 74.20 NOTE
r-devel-linux-x86_64-fedora-gcc 1.2.0 62.86 NOTE
r-devel-windows-x86_64 1.2.0 8.00 58.00 66.00 OK
r-devel-windows-x86_64-gcc10-UCRT 1.2.0 NOTE
r-patched-linux-x86_64 1.2.0 5.57 47.74 53.31 OK
r-patched-solaris-x86 1.2.0 97.40 NOTE
r-release-linux-x86_64 1.2.0 5.38 47.68 53.06 OK
r-release-macos-arm64 1.2.0 NOTE
r-release-macos-x86_64 1.2.0 NOTE
r-release-windows-ix86+x86_64 1.2.0 14.00 70.00 84.00 OK
r-oldrel-macos-x86_64 1.2.0 NOTE
r-oldrel-windows-ix86+x86_64 1.2.0 11.00 54.00 65.00 OK

Check Details

Version: 1.2.0
Check: dependencies in R code
Result: NOTE
    Namespace in Imports field not imported from: ‘taxize’
     All declared Imports should be used.
Flavors: r-devel-linux-x86_64-fedora-clang, r-devel-linux-x86_64-fedora-gcc, r-devel-windows-x86_64-gcc10-UCRT, r-patched-solaris-x86, r-release-macos-arm64, r-release-macos-x86_64, r-oldrel-macos-x86_64