CRAN Package Check Results for Package aliases2entrez

Last updated on 2021-10-28 19:51:51 CEST.

Flavor Version Tinstall Tcheck Ttotal Status Flags
r-devel-linux-x86_64-debian-clang 0.1.2 18.84 175.47 194.31 NOTE
r-devel-linux-x86_64-debian-gcc 0.1.2 16.46 132.39 148.85 NOTE
r-devel-linux-x86_64-fedora-clang 0.1.2 242.84 NOTE
r-devel-linux-x86_64-fedora-gcc 0.1.2 229.89 NOTE
r-devel-windows-x86_64 0.1.2 29.00 194.00 223.00 NOTE
r-devel-windows-x86_64-gcc10-UCRT 0.1.2 NOTE
r-patched-linux-x86_64 0.1.2 17.93 165.81 183.74 NOTE
r-patched-solaris-x86 0.1.2 324.40 NOTE
r-release-linux-x86_64 0.1.2 18.22 165.36 183.58 NOTE
r-release-macos-arm64 0.1.2 NOTE
r-release-macos-x86_64 0.1.2 ERROR
r-release-windows-ix86+x86_64 0.1.2 33.00 188.00 221.00 NOTE
r-oldrel-macos-x86_64 0.1.2 OK
r-oldrel-windows-ix86+x86_64 0.1.2 26.00 158.00 184.00 OK

Check Details

Version: 0.1.2
Check: LazyData
Result: NOTE
     'LazyData' is specified without a 'data' directory
Flavors: r-devel-linux-x86_64-debian-clang, r-devel-linux-x86_64-debian-gcc, r-devel-linux-x86_64-fedora-clang, r-devel-linux-x86_64-fedora-gcc, r-devel-windows-x86_64, r-devel-windows-x86_64-gcc10-UCRT, r-patched-linux-x86_64, r-patched-solaris-x86, r-release-linux-x86_64, r-release-macos-arm64, r-release-windows-ix86+x86_64

Version: 0.1.2
Check: package dependencies
Result: ERROR
    Package required but not available: ‘org.Hs.eg.db’
    
    See section ‘The DESCRIPTION file’ in the ‘Writing R Extensions’
    manual.
Flavor: r-release-macos-x86_64