CRAN Package Check Results for Package almanac

Last updated on 2021-07-24 19:50:09 CEST.

Flavor Version Tinstall Tcheck Ttotal Status Flags
r-devel-linux-x86_64-debian-clang 0.1.1 10.97 150.57 161.54 NOTE
r-devel-linux-x86_64-debian-gcc 0.1.1 8.36 106.53 114.89 NOTE
r-devel-linux-x86_64-fedora-clang 0.1.1 216.71 NOTE
r-devel-linux-x86_64-fedora-gcc 0.1.1 196.75 NOTE
r-devel-windows-x86_64 0.1.1 20.00 148.00 168.00 NOTE
r-devel-windows-x86_64-gcc10-UCRT 0.1.1 NOTE
r-patched-linux-x86_64 0.1.1 9.70 149.26 158.96 NOTE
r-patched-solaris-x86 0.1.1 441.30 NOTE
r-release-linux-x86_64 0.1.1 9.78 149.52 159.30 NOTE
r-release-macos-arm64 0.1.1 NOTE
r-release-macos-x86_64 0.1.1 NOTE
r-release-windows-ix86+x86_64 0.1.1 30.00 232.00 262.00 NOTE
r-oldrel-macos-x86_64 0.1.1 OK
r-oldrel-windows-ix86+x86_64 0.1.1 32.00 309.00 341.00 OK

Check Details

Version: 0.1.1
Check: LazyData
Result: NOTE
     'LazyData' is specified without a 'data' directory
Flavors: r-devel-linux-x86_64-debian-clang, r-devel-linux-x86_64-debian-gcc, r-devel-linux-x86_64-fedora-clang, r-devel-linux-x86_64-fedora-gcc, r-devel-windows-x86_64, r-devel-windows-x86_64-gcc10-UCRT, r-patched-linux-x86_64, r-patched-solaris-x86, r-release-linux-x86_64, r-release-macos-arm64, r-release-macos-x86_64, r-release-windows-ix86+x86_64