CRAN Package Check Results for Package alone

Last updated on 2024-06-13 10:48:47 CEST.

Flavor Version Tinstall Tcheck Ttotal Status Flags
r-devel-linux-x86_64-debian-clang 0.3 1.92 24.61 26.53 OK
r-devel-linux-x86_64-debian-gcc 0.3 1.52 16.20 17.72 ERROR
r-devel-linux-x86_64-fedora-clang 0.3 33.72 NOTE
r-devel-linux-x86_64-fedora-gcc 0.3 31.64 NOTE
r-devel-windows-x86_64 0.3 2.00 90.00 92.00 OK
r-patched-linux-x86_64 0.3 1.93 23.93 25.86 OK
r-release-linux-x86_64 0.3 1.90 23.10 25.00 OK
r-release-macos-arm64 0.3 15.00 OK
r-release-macos-x86_64 0.3 21.00 OK
r-release-windows-x86_64 0.3 3.00 40.00 43.00 OK
r-oldrel-macos-arm64 0.3 15.00 OK
r-oldrel-macos-x86_64 0.3 33.00 OK
r-oldrel-windows-x86_64 0.3 3.00 45.00 48.00 OK

Check Details

Version: 0.3
Check: package dependencies
Result: NOTE Packages suggested but not available for checking: 'dplyr', 'ggplot2', 'forcats' Flavor: r-devel-linux-x86_64-debian-gcc

Version: 0.3
Check: examples
Result: ERROR Running examples in ‘alone-Ex.R’ failed The error most likely occurred in: > base::assign(".ptime", proc.time(), pos = "CheckExEnv") > ### Name: episodes > ### Title: Episodes > ### Aliases: episodes > ### Keywords: datasets > > ### ** Examples > > library(dplyr) Error in library(dplyr) : there is no package called ‘dplyr’ Execution halted Flavor: r-devel-linux-x86_64-debian-gcc

Version: 0.3
Check: data for non-ASCII characters
Result: NOTE Note: found 115 marked UTF-8 strings Flavors: r-devel-linux-x86_64-fedora-clang, r-devel-linux-x86_64-fedora-gcc