CRAN Package Check Results for Package alookr

Last updated on 2021-09-21 01:49:52 CEST.

Flavor Version Tinstall Tcheck Ttotal Status Flags
r-devel-linux-x86_64-debian-clang 0.3.4 15.21 205.82 221.03 NOTE
r-devel-linux-x86_64-debian-gcc 0.3.4 11.79 153.17 164.96 NOTE
r-devel-linux-x86_64-fedora-clang 0.3.4 266.41 NOTE
r-devel-linux-x86_64-fedora-gcc 0.3.4 253.33 NOTE
r-devel-windows-x86_64 0.3.4 18.00 173.00 191.00 NOTE
r-devel-windows-x86_64-gcc10-UCRT 0.3.4 ERROR
r-patched-linux-x86_64 0.3.4 19.46 203.90 223.36 NOTE
r-patched-solaris-x86 0.3.4 290.30 NOTE
r-release-linux-x86_64 0.3.4 15.54 202.00 217.54 NOTE
r-release-macos-arm64 0.3.4 NOTE
r-release-macos-x86_64 0.3.4 NOTE
r-release-windows-ix86+x86_64 0.3.4 38.00 232.00 270.00 NOTE
r-oldrel-macos-x86_64 0.3.4 OK
r-oldrel-windows-ix86+x86_64 0.3.4 38.00 244.00 282.00 OK

Check Details

Version: 0.3.4
Check: LazyData
Result: NOTE
     'LazyData' is specified without a 'data' directory
Flavors: r-devel-linux-x86_64-debian-clang, r-devel-linux-x86_64-debian-gcc, r-devel-linux-x86_64-fedora-clang, r-devel-linux-x86_64-fedora-gcc, r-devel-windows-x86_64, r-patched-linux-x86_64, r-patched-solaris-x86, r-release-linux-x86_64, r-release-macos-arm64, r-release-macos-x86_64, r-release-windows-ix86+x86_64

Version: 0.3.4
Check: package dependencies
Result: ERROR
    Package required but not available: 'unbalanced'
    
    See section 'The DESCRIPTION file' in the 'Writing R Extensions'
    manual.
Flavor: r-devel-windows-x86_64-gcc10-UCRT