CRAN Package Check Results for Package alphahull

Last updated on 2021-10-20 10:52:57 CEST.

Flavor Version Tinstall Tcheck Ttotal Status Flags
r-devel-linux-x86_64-debian-clang 2.2 14.31 122.14 136.45 NOTE
r-devel-linux-x86_64-debian-gcc 2.2 11.82 91.92 103.74 NOTE
r-devel-linux-x86_64-fedora-clang 2.2 181.21 NOTE
r-devel-linux-x86_64-fedora-gcc 2.2 162.06 NOTE
r-devel-windows-x86_64 2.2 27.00 157.00 184.00 NOTE
r-devel-windows-x86_64-gcc10-UCRT 2.2 NOTE
r-patched-linux-x86_64 2.2 15.53 115.42 130.95 NOTE
r-patched-solaris-x86 2.2 228.10 NOTE
r-release-linux-x86_64 2.2 13.36 114.48 127.84 NOTE
r-release-macos-arm64 2.2 NOTE
r-release-macos-x86_64 2.2 NOTE
r-release-windows-ix86+x86_64 2.2 38.00 193.00 231.00 NOTE
r-oldrel-macos-x86_64 2.2 OK
r-oldrel-windows-ix86+x86_64 2.2 38.00 201.00 239.00 NOTE

Check Details

Version: 2.2
Check: R code for possible problems
Result: NOTE
    ahull_track: no visible global function definition for 'psp'
    ahull_track: no visible global function definition for 'owin'
    ahull_track: no visible global function definition for
     'runifpointOnLines'
    dw_track: no visible global function definition for 'psp'
    dw_track: no visible global function definition for 'owin'
    dw_track: no visible global function definition for 'runifpointOnLines'
    Undefined global functions or variables:
     owin psp runifpointOnLines
Flavors: r-devel-linux-x86_64-debian-clang, r-devel-linux-x86_64-debian-gcc, r-devel-linux-x86_64-fedora-clang, r-devel-linux-x86_64-fedora-gcc, r-devel-windows-x86_64, r-devel-windows-x86_64-gcc10-UCRT, r-patched-linux-x86_64, r-patched-solaris-x86, r-release-linux-x86_64, r-release-macos-arm64, r-release-macos-x86_64, r-release-windows-ix86+x86_64, r-oldrel-windows-ix86+x86_64