CRAN Package Check Results for Package alphastable

Last updated on 2024-06-17 04:48:44 CEST.

Flavor Version Tinstall Tcheck Ttotal Status Flags
r-devel-linux-x86_64-debian-clang 0.2.1 6.35 38.96 45.31 NOTE
r-devel-linux-x86_64-debian-gcc 0.2.1 5.55 28.26 33.81 NOTE
r-devel-linux-x86_64-fedora-clang 0.2.1 56.45 NOTE
r-devel-linux-x86_64-fedora-gcc 0.2.1 53.04 NOTE
r-devel-windows-x86_64 0.2.1 6.00 50.00 56.00 NOTE
r-patched-linux-x86_64 0.2.1 6.83 36.60 43.43 NOTE
r-release-linux-x86_64 0.2.1 6.54 36.96 43.50 NOTE
r-release-macos-arm64 0.2.1 19.00 NOTE
r-release-macos-x86_64 0.2.1 42.00 NOTE
r-release-windows-x86_64 0.2.1 6.00 50.00 56.00 NOTE
r-oldrel-macos-arm64 0.2.1 21.00 NOTE
r-oldrel-macos-x86_64 0.2.1 29.00 NOTE
r-oldrel-windows-x86_64 0.2.1 8.00 56.00 64.00 NOTE

Check Details

Version: 0.2.1
Check: LazyData
Result: NOTE 'LazyData' is specified without a 'data' directory Flavors: r-devel-linux-x86_64-debian-clang, r-devel-linux-x86_64-debian-gcc, r-devel-linux-x86_64-fedora-clang, r-devel-linux-x86_64-fedora-gcc, r-devel-windows-x86_64, r-patched-linux-x86_64, r-release-linux-x86_64, r-release-macos-arm64, r-release-macos-x86_64, r-release-windows-x86_64, r-oldrel-macos-arm64, r-oldrel-macos-x86_64, r-oldrel-windows-x86_64

Version: 0.2.1
Check: package dependencies
Result: NOTE Packages suggested but not available for checking: 'fBasics', 'Rmpfr' Flavor: r-oldrel-macos-x86_64