CRAN Package Check Results for Package alr4

Last updated on 2021-09-23 07:49:24 CEST.

Flavor Version Tinstall Tcheck Ttotal Status Flags
r-devel-linux-x86_64-debian-clang 1.0.6 13.26 106.02 119.28 OK
r-devel-linux-x86_64-debian-gcc 1.0.6 10.39 79.71 90.10 OK
r-devel-linux-x86_64-fedora-clang 1.0.6 149.91 OK
r-devel-linux-x86_64-fedora-gcc 1.0.6 135.88 OK
r-devel-windows-x86_64 1.0.6 15.00 111.00 126.00 OK
r-devel-windows-x86_64-gcc10-UCRT 1.0.6 ERROR
r-patched-linux-x86_64 1.0.6 13.50 101.13 114.63 OK
r-patched-solaris-x86 1.0.6 205.50 OK
r-release-linux-x86_64 1.0.6 13.04 100.11 113.15 OK
r-release-macos-arm64 1.0.6 OK
r-release-macos-x86_64 1.0.6 OK
r-release-windows-ix86+x86_64 1.0.6 31.00 145.00 176.00 OK
r-oldrel-macos-x86_64 1.0.6 OK
r-oldrel-windows-ix86+x86_64 1.0.6 23.00 111.00 134.00 OK

Check Details

Version: 1.0.6
Check: PDF version of manual
Result: WARN
    LaTeX errors when creating PDF version.
    This typically indicates Rd problems.
Flavor: r-devel-windows-x86_64-gcc10-UCRT

Version: 1.0.6
Check: PDF version of manual without hyperrefs or index
Result: ERROR
    Re-running with no redirection of stdout/stderr.
Flavor: r-devel-windows-x86_64-gcc10-UCRT