CRAN Package Check Results for Package altair

Last updated on 2021-07-29 04:56:42 CEST.

Flavor Version Tinstall Tcheck Ttotal Status Flags
r-devel-linux-x86_64-debian-clang 4.1.1 NOTE
r-devel-linux-x86_64-debian-gcc 4.1.1 5.24 57.09 62.33 NOTE
r-devel-linux-x86_64-fedora-clang 4.1.1 108.15 NOTE
r-devel-linux-x86_64-fedora-gcc 4.1.1 95.75 NOTE
r-devel-windows-x86_64 4.1.1 9.00 95.00 104.00 NOTE
r-devel-windows-x86_64-gcc10-UCRT 4.1.1 NOTE
r-patched-linux-x86_64 4.1.1 7.09 70.72 77.81 NOTE
r-patched-solaris-x86 4.1.1 144.10 NOTE
r-release-linux-x86_64 4.1.1 7.07 70.53 77.60 NOTE
r-release-macos-arm64 4.1.1 NOTE
r-release-macos-x86_64 4.1.1 NOTE
r-release-windows-ix86+x86_64 4.1.1 17.00 96.00 113.00 NOTE
r-oldrel-macos-x86_64 4.1.1 OK
r-oldrel-windows-ix86+x86_64 4.1.1 13.00 93.00 106.00 OK

Check Details

Version: 4.1.1
Check: LazyData
Result: NOTE
     'LazyData' is specified without a 'data' directory
Flavors: r-devel-linux-x86_64-debian-clang, r-devel-linux-x86_64-debian-gcc, r-devel-linux-x86_64-fedora-clang, r-devel-linux-x86_64-fedora-gcc, r-devel-windows-x86_64, r-devel-windows-x86_64-gcc10-UCRT, r-patched-linux-x86_64, r-patched-solaris-x86, r-release-linux-x86_64, r-release-macos-arm64, r-release-macos-x86_64, r-release-windows-ix86+x86_64

Version: 4.1.1
Check: package dependencies
Result: NOTE
    Package suggested but not available for checking: ‘rsvg’
Flavor: r-patched-solaris-x86