CRAN Package Check Results for Package amanida

Last updated on 2021-09-23 13:54:31 CEST.

Flavor Version Tinstall Tcheck Ttotal Status Flags
r-devel-linux-x86_64-debian-clang 0.1.0 10.64 100.38 111.02 OK
r-devel-linux-x86_64-debian-gcc 0.1.0 8.45 74.96 83.41 OK
r-devel-linux-x86_64-fedora-clang 0.1.0 136.45 OK
r-devel-linux-x86_64-fedora-gcc 0.1.0 126.41 OK
r-devel-windows-x86_64 0.1.0 12.00 95.00 107.00 OK
r-devel-windows-x86_64-gcc10-UCRT 0.1.0 ERROR
r-patched-linux-x86_64 0.1.0 9.09 94.64 103.73 OK
r-patched-solaris-x86 0.1.0 179.00 OK
r-release-linux-x86_64 0.1.0 10.76 94.63 105.39 OK
r-release-macos-arm64 0.1.0 OK
r-release-macos-x86_64 0.1.0 OK
r-release-windows-ix86+x86_64 0.1.0 27.00 122.00 149.00 OK
r-oldrel-macos-x86_64 0.1.0 OK
r-oldrel-windows-ix86+x86_64 0.1.0 18.00 96.00 114.00 OK

Check Details

Version: 0.1.0
Check: package dependencies
Result: ERROR
    Packages required but not available: 'kableExtra', 'tidyverse'
    
    Package suggested but not available for checking: 'vdiffr'
    
    See section 'The DESCRIPTION file' in the 'Writing R Extensions'
    manual.
Flavor: r-devel-windows-x86_64-gcc10-UCRT