CRAN Package Check Results for Package ambient

Last updated on 2021-07-26 13:54:00 CEST.

Flavor Version Tinstall Tcheck Ttotal Status Flags
r-devel-linux-x86_64-debian-clang 1.0.0 61.63 48.11 109.74 NOTE
r-devel-linux-x86_64-debian-gcc 1.0.0 36.56 39.28 75.84 NOTE
r-devel-linux-x86_64-fedora-clang 1.0.0 163.30 NOTE
r-devel-linux-x86_64-fedora-gcc 1.0.0 133.58 NOTE
r-devel-windows-x86_64 1.0.0 55.00 84.00 139.00 NOTE
r-devel-windows-x86_64-gcc10-UCRT 1.0.0 NOTE
r-patched-linux-x86_64 1.0.0 45.30 47.76 93.06 NOTE
r-patched-solaris-x86 1.0.0 157.40 NOTE
r-release-linux-x86_64 1.0.0 48.16 47.59 95.75 NOTE
r-release-macos-arm64 1.0.0 NOTE
r-release-macos-x86_64 1.0.0 NOTE
r-release-windows-ix86+x86_64 1.0.0 135.00 87.00 222.00 NOTE
r-oldrel-macos-x86_64 1.0.0 OK
r-oldrel-windows-ix86+x86_64 1.0.0 103.00 126.00 229.00 OK

Check Details

Version: 1.0.0
Check: LazyData
Result: NOTE
     'LazyData' is specified without a 'data' directory
Flavors: r-devel-linux-x86_64-debian-clang, r-devel-linux-x86_64-debian-gcc, r-devel-linux-x86_64-fedora-clang, r-devel-linux-x86_64-fedora-gcc, r-devel-windows-x86_64, r-devel-windows-x86_64-gcc10-UCRT, r-patched-linux-x86_64, r-patched-solaris-x86, r-release-linux-x86_64, r-release-macos-arm64, r-release-macos-x86_64, r-release-windows-ix86+x86_64