CRAN Package Check Results for Package amelie

Last updated on 2021-07-27 04:52:02 CEST.

Flavor Version Tinstall Tcheck Ttotal Status Flags
r-devel-linux-x86_64-debian-clang 0.2.1 2.22 26.37 28.59 NOTE
r-devel-linux-x86_64-debian-gcc 0.2.1 1.73 20.98 22.71 NOTE
r-devel-linux-x86_64-fedora-clang 0.2.1 44.05 NOTE
r-devel-linux-x86_64-fedora-gcc 0.2.1 34.43 NOTE
r-devel-windows-x86_64 0.2.1 5.00 44.00 49.00 NOTE
r-devel-windows-x86_64-gcc10-UCRT 0.2.1 NOTE
r-patched-linux-x86_64 0.2.1 1.95 26.02 27.97 NOTE
r-patched-solaris-x86 0.2.1 54.00 NOTE
r-release-linux-x86_64 0.2.1 1.91 26.34 28.25 NOTE
r-release-macos-arm64 0.2.1 NOTE
r-release-macos-x86_64 0.2.1 NOTE
r-release-windows-ix86+x86_64 0.2.1 5.00 34.00 39.00 NOTE
r-oldrel-macos-x86_64 0.2.1 OK
r-oldrel-windows-ix86+x86_64 0.2.1 5.00 42.00 47.00 OK

Check Details

Version: 0.2.1
Check: LazyData
Result: NOTE
     'LazyData' is specified without a 'data' directory
Flavors: r-devel-linux-x86_64-debian-clang, r-devel-linux-x86_64-debian-gcc, r-devel-linux-x86_64-fedora-clang, r-devel-linux-x86_64-fedora-gcc, r-devel-windows-x86_64, r-devel-windows-x86_64-gcc10-UCRT, r-patched-linux-x86_64, r-patched-solaris-x86, r-release-linux-x86_64, r-release-macos-arm64, r-release-macos-x86_64, r-release-windows-ix86+x86_64