CRAN Package Check Results for Package ampir

Last updated on 2021-09-23 13:54:31 CEST.

Flavor Version Tinstall Tcheck Ttotal Status Flags
r-devel-linux-x86_64-debian-clang 1.1.0 36.49 147.61 184.10 OK
r-devel-linux-x86_64-debian-gcc 1.1.0 23.55 110.83 134.38 OK
r-devel-linux-x86_64-fedora-clang 1.1.0 231.07 NOTE
r-devel-linux-x86_64-fedora-gcc 1.1.0 212.38 NOTE
r-devel-windows-x86_64 1.1.0 32.00 135.00 167.00 OK
r-devel-windows-x86_64-gcc10-UCRT 1.1.0 ERROR
r-patched-linux-x86_64 1.1.0 29.23 144.46 173.69 OK
r-patched-solaris-x86 1.1.0 261.00 NOTE
r-release-linux-x86_64 1.1.0 29.62 146.85 176.47 OK
r-release-macos-arm64 1.1.0 NOTE
r-release-macos-x86_64 1.1.0 NOTE
r-release-windows-ix86+x86_64 1.1.0 78.00 243.00 321.00 OK
r-oldrel-macos-x86_64 1.1.0 NOTE
r-oldrel-windows-ix86+x86_64 1.1.0 56.00 182.00 238.00 OK

Check Details

Version: 1.1.0
Check: dependencies in R code
Result: NOTE
    Namespace in Imports field not imported from: ‘kernlab’
     All declared Imports should be used.
Flavors: r-devel-linux-x86_64-fedora-clang, r-devel-linux-x86_64-fedora-gcc, r-patched-solaris-x86, r-release-macos-arm64, r-release-macos-x86_64, r-oldrel-macos-x86_64

Version: 1.1.0
Check: whether package can be installed
Result: ERROR
    Installation failed.
Flavor: r-devel-windows-x86_64-gcc10-UCRT