CRAN Package Check Results for Package analogsea

Last updated on 2021-09-24 04:51:34 CEST.

Flavor Version Tinstall Tcheck Ttotal Status Flags
r-devel-linux-x86_64-debian-clang 1.0.0 5.53 40.66 46.19 OK
r-devel-linux-x86_64-debian-gcc 1.0.0 3.80 32.03 35.83 OK
r-devel-linux-x86_64-fedora-clang 1.0.0 63.92 OK
r-devel-linux-x86_64-fedora-gcc 1.0.0 53.26 OK
r-devel-windows-x86_64 1.0.0 6.00 43.00 49.00 OK
r-devel-windows-x86_64-gcc10-UCRT 1.0.0 OK
r-patched-linux-x86_64 1.0.0 6.05 39.43 45.48 OK
r-patched-solaris-x86 1.0.0 75.10 NOTE
r-release-linux-x86_64 1.0.0 5.31 39.20 44.51 OK
r-release-macos-arm64 1.0.0 OK
r-release-macos-x86_64 1.0.0 OK
r-release-windows-ix86+x86_64 1.0.0 11.00 60.00 71.00 OK
r-oldrel-macos-x86_64 1.0.0 OK
r-oldrel-windows-ix86+x86_64 1.0.0 7.00 43.00 50.00 OK

Check Details

Version: 1.0.0
Check: package dependencies
Result: NOTE
    Package suggested but not available for checking: ‘ssh’
Flavor: r-patched-solaris-x86