CRAN Package Check Results for Package analogueExtra

Last updated on 2021-07-29 13:53:19 CEST.

Flavor Version Tinstall Tcheck Ttotal Status Flags
r-devel-linux-x86_64-debian-clang 0.1-1 OK
r-devel-linux-x86_64-debian-gcc 0.1-1 7.48 58.81 66.29 OK
r-devel-linux-x86_64-fedora-clang 0.1-1 109.97 NOTE
r-devel-linux-x86_64-fedora-gcc 0.1-1 96.80 OK
r-devel-windows-x86_64 0.1-1 10.00 95.00 105.00 OK
r-devel-windows-x86_64-gcc10-UCRT 0.1-1 OK
r-patched-linux-x86_64 0.1-1 11.84 72.87 84.71 OK
r-patched-solaris-x86 0.1-1 143.40 OK
r-release-linux-x86_64 0.1-1 7.31 72.04 79.35 OK
r-release-macos-arm64 0.1-1 OK
r-release-macos-x86_64 0.1-1 OK
r-release-windows-ix86+x86_64 0.1-1 21.00 67.00 88.00 OK
r-oldrel-macos-x86_64 0.1-1 OK
r-oldrel-windows-ix86+x86_64 0.1-1 25.00 104.00 129.00 OK

Check Details

Version: 0.1-1
Check: Rd cross-references
Result: NOTE
    Undeclared package ‘vegan’ in Rd xrefs
Flavor: r-devel-linux-x86_64-fedora-clang