CRAN Package Check Results for Package analysisPipelines

Last updated on 2021-07-31 16:50:03 CEST.

Flavor Version Tinstall Tcheck Ttotal Status Flags
r-devel-linux-x86_64-debian-clang 1.0.2 10.19 94.94 105.13 NOTE
r-devel-linux-x86_64-debian-gcc 1.0.2 8.00 71.07 79.07 NOTE
r-devel-linux-x86_64-fedora-clang 1.0.2 133.16 NOTE
r-devel-linux-x86_64-fedora-gcc 1.0.2 132.52 NOTE
r-devel-windows-x86_64 1.0.2 13.00 128.00 141.00 NOTE
r-devel-windows-x86_64-gcc10-UCRT 1.0.2 NOTE
r-patched-linux-x86_64 1.0.2 NOTE
r-patched-solaris-x86 1.0.2 161.40 NOTE
r-release-linux-x86_64 1.0.2 10.37 88.80 99.17 NOTE
r-release-macos-arm64 1.0.2 WARN
r-release-macos-x86_64 1.0.2 NOTE
r-release-windows-ix86+x86_64 1.0.2 22.00 129.00 151.00 NOTE
r-oldrel-macos-x86_64 1.0.2 OK
r-oldrel-windows-ix86+x86_64 1.0.2 18.00 148.00 166.00 OK

Check Details

Version: 1.0.2
Check: package dependencies
Result: NOTE
    Package which this enhances but not available for checking: 'SparkR'
Flavors: r-devel-linux-x86_64-debian-clang, r-devel-linux-x86_64-debian-gcc, r-devel-linux-x86_64-fedora-clang, r-devel-linux-x86_64-fedora-gcc, r-devel-windows-x86_64-gcc10-UCRT, r-patched-linux-x86_64, r-patched-solaris-x86, r-release-linux-x86_64, r-release-macos-x86_64

Version: 1.0.2
Check: LazyData
Result: NOTE
     'LazyData' is specified without a 'data' directory
Flavors: r-devel-linux-x86_64-debian-clang, r-devel-linux-x86_64-debian-gcc, r-devel-linux-x86_64-fedora-clang, r-devel-linux-x86_64-fedora-gcc, r-devel-windows-x86_64, r-devel-windows-x86_64-gcc10-UCRT, r-patched-linux-x86_64, r-patched-solaris-x86, r-release-linux-x86_64, r-release-macos-arm64, r-release-macos-x86_64, r-release-windows-ix86+x86_64

Version: 1.0.2
Check: re-building of vignette outputs
Result: WARN
    Error(s) in re-building vignettes:
    --- re-building ‘Analysis_pipelines_for_working_with_Python_functions.Rmd’ using rmarkdown
    Warning in engine$weave(file, quiet = quiet, encoding = enc) :
     Pandoc (>= 1.12.3) not available. Falling back to R Markdown v1.
    --- finished re-building ‘Analysis_pipelines_for_working_with_Python_functions.Rmd’
    
    --- re-building ‘Analysis_pipelines_for_working_with_R_dataframes.Rmd’ using rmarkdown
    Warning in engine$weave(file, quiet = quiet, encoding = enc) :
     Pandoc (>= 1.12.3) not available. Falling back to R Markdown v1.
    Loading required package: magrittr
    Loading required package: pipeR
    Creating a new generic function for 'univarCatDistPlots' in the global environment
    Creating a new generic function for 'outlierPlot' in the global environment
    Creating a new generic function for 'multiVarOutlierPlot' in the global environment
    Creating a new generic function for 'ignoreCols' in the global environment
    Creating a new generic function for 'getFeaturesForPyClassification' in the global environment
    Creating a new generic function for 'getTargetForPyClassification' in the global environment
    
    Attaching package: 'analysisPipelines'
    
    The following objects are masked _by_ '.GlobalEnv':
    
     getFeaturesForPyClassification, getTargetForPyClassification,
     ignoreCols, multiVarOutlierPlot, outlierPlot, univarCatDistPlots
    
    Warning in grid.Call(C_stringMetric, as.graphicsAnnot(x$label)) :
     no font could be found for family "Arial"
    Warning in grid.Call(C_stringMetric, as.graphicsAnnot(x$label)) :
     no font could be found for family "Arial"
    Warning in grid.Call(C_stringMetric, as.graphicsAnnot(x$label)) :
     no font could be found for family "Arial"
    Warning in grid.Call(C_stringMetric, as.graphicsAnnot(x$label)) :
     no font could be found for family "Arial"
    Warning in grid.Call(C_stringMetric, as.graphicsAnnot(x$label)) :
     no font could be found for family "Arial"
    Warning in grid.Call(C_stringMetric, as.graphicsAnnot(x$label)) :
     no font could be found for family "Arial"
    Warning in grid.Call(C_stringMetric, as.graphicsAnnot(x$label)) :
     no font could be found for family "Arial"
    Warning in grid.Call(C_stringMetric, as.graphicsAnnot(x$label)) :
     no font could be found for family "Arial"
    Warning in grid.Call(C_stringMetric, as.graphicsAnnot(x$label)) :
     no font could be found for family "Arial"
    Warning in grid.Call(C_stringMetric, as.graphicsAnnot(x$label)) :
     no font could be found for family "Arial"
    Warning in grid.Call(C_stringMetric, as.graphicsAnnot(x$label)) :
     no font could be found for family "Arial"
    Warning in grid.Call(C_stringMetric, as.graphicsAnnot(x$label)) :
     no font could be found for family "Arial"
    Warning in grid.Call(C_stringMetric, as.graphicsAnnot(x$label)) :
     no font could be found for family "Arial"
    Warning in grid.Call(C_stringMetric, as.graphicsAnnot(x$label)) :
     no font could be found for family "Arial"
    Warning in grid.Call(C_stringMetric, as.graphicsAnnot(x$label)) :
     no font could be found for family "Arial"
    Warning in grid.Call(C_stringMetric, as.graphicsAnnot(x$label)) :
     no font could be found for family "Arial"
    Warning in grid.Call(C_stringMetric, as.graphicsAnnot(x$label)) :
     no font could be found for family "Arial"
    Warning in grid.Call(C_stringMetric, as.graphicsAnnot(x$label)) :
     no font could be found for family "Arial"
    Warning in grid.Call(C_stringMetric, as.graphicsAnnot(x$label)) :
     no font could be found for family "Arial"
    Warning in grid.Call(C_stringMetric, as.graphicsAnnot(x$label)) :
     no font could be found for family "Arial"
    Warning in grid.Call(C_stringMetric, as.graphicsAnnot(x$label)) :
     no font could be found for family "Arial"
    Warning in grid.Call(C_stringMetric, as.graphicsAnnot(x$label)) :
     no font could be found for family "Arial"
    Warning in grid.Call(C_stringMetric, as.graphicsAnnot(x$label)) :
     no font could be found for family "Arial"
    Warning in grid.Call(C_stringMetric, as.graphicsAnnot(x$label)) :
     no font could be found for family "Arial"
    Warning in grid.Call(C_stringMetric, as.graphicsAnnot(x$label)) :
     no font could be found for family "Arial"
    Warning in grid.Call(C_stringMetric, as.graphicsAnnot(x$label)) :
     no font could be found for family "Arial"
    Warning in grid.Call(C_stringMetric, as.graphicsAnnot(x$label)) :
     no font could be found for family "Arial"
    Warning in grid.Call(C_stringMetric, as.graphicsAnnot(x$label)) :
     no font could be found for family "Arial"
    Warning in grid.Call(C_textBounds, as.graphicsAnnot(x$label), x$x, x$y, :
     no font could be found for family "Arial"
    Quitting from lines 162-164 (Analysis_pipelines_for_working_with_R_dataframes.Rmd)
    Error: processing vignette 'Analysis_pipelines_for_working_with_R_dataframes.Rmd' failed with diagnostics:
    polygon edge not found
    --- failed re-building ‘Analysis_pipelines_for_working_with_R_dataframes.Rmd’
    
    --- re-building ‘Analysis_pipelines_for_working_with_sparkR.Rmd’ using rmarkdown
    Warning in engine$weave(file, quiet = quiet, encoding = enc) :
     Pandoc (>= 1.12.3) not available. Falling back to R Markdown v1.
    --- finished re-building ‘Analysis_pipelines_for_working_with_sparkR.Rmd’
    
    --- re-building ‘Interoperable_Pipelines.Rmd’ using rmarkdown
    Warning in engine$weave(file, quiet = quiet, encoding = enc) :
     Pandoc (>= 1.12.3) not available. Falling back to R Markdown v1.
    --- finished re-building ‘Interoperable_Pipelines.Rmd’
    
    --- re-building ‘Meta_Pipelines.Rmd’ using rmarkdown
    Warning in engine$weave(file, quiet = quiet, encoding = enc) :
     Pandoc (>= 1.12.3) not available. Falling back to R Markdown v1.
    Loading required package: magrittr
    Loading required package: pipeR
    Creating a new generic function for 'univarCatDistPlots' in the global environment
    Creating a new generic function for 'outlierPlot' in the global environment
    Creating a new generic function for 'multiVarOutlierPlot' in the global environment
    Creating a new generic function for 'ignoreCols' in the global environment
    Creating a new generic function for 'getFeaturesForPyClassification' in the global environment
    Creating a new generic function for 'getTargetForPyClassification' in the global environment
    
    Attaching package: 'analysisPipelines'
    
    The following objects are masked _by_ '.GlobalEnv':
    
     getFeaturesForPyClassification, getTargetForPyClassification,
     ignoreCols, multiVarOutlierPlot, outlierPlot, univarCatDistPlots
    
    Quitting from lines 62-72 (Meta_Pipelines.Rmd)
    Error: processing vignette 'Meta_Pipelines.Rmd' failed with diagnostics:
    polygon edge not found
    --- failed re-building ‘Meta_Pipelines.Rmd’
    
    --- re-building ‘Streaming_pipelines_for_working_Apache_Spark_Structured_Streaming.Rmd’ using rmarkdown
    Warning in engine$weave(file, quiet = quiet, encoding = enc) :
     Pandoc (>= 1.12.3) not available. Falling back to R Markdown v1.
    --- finished re-building ‘Streaming_pipelines_for_working_Apache_Spark_Structured_Streaming.Rmd’
    
    --- re-building ‘Using_pipelines_inside_shiny_widgets.Rmd’ using rmarkdown
    Warning in engine$weave(file, quiet = quiet, encoding = enc) :
     Pandoc (>= 1.12.3) not available. Falling back to R Markdown v1.
    Loading required package: magrittr
    Loading required package: pipeR
    Creating a new generic function for 'univarCatDistPlots' in the global environment
    Creating a new generic function for 'outlierPlot' in the global environment
    Creating a new generic function for 'multiVarOutlierPlot' in the global environment
    Creating a new generic function for 'ignoreCols' in the global environment
    Creating a new generic function for 'getFeaturesForPyClassification' in the global environment
    Creating a new generic function for 'getTargetForPyClassification' in the global environment
    
    Attaching package: 'analysisPipelines'
    
    The following objects are masked _by_ '.GlobalEnv':
    
     getFeaturesForPyClassification, getTargetForPyClassification,
     ignoreCols, multiVarOutlierPlot, outlierPlot, univarCatDistPlots
    
    --- finished re-building ‘Using_pipelines_inside_shiny_widgets.Rmd’
    
    SUMMARY: processing the following files failed:
     ‘Analysis_pipelines_for_working_with_R_dataframes.Rmd’
     ‘Meta_Pipelines.Rmd’
    
    Error: Vignette re-building failed.
    Execution halted
Flavor: r-release-macos-arm64