CRAN Package Check Results for Package animaltracker

Last updated on 2021-07-24 22:55:05 CEST.

Flavor Version Tinstall Tcheck Ttotal Status Flags
r-devel-linux-x86_64-debian-clang 0.2.0 9.55 82.91 92.46 OK
r-devel-linux-x86_64-debian-gcc 0.2.0 7.89 61.53 69.42 OK
r-devel-linux-x86_64-fedora-clang 0.2.0 118.62 NOTE
r-devel-linux-x86_64-fedora-gcc 0.2.0 106.38 OK
r-devel-windows-x86_64 0.2.0 13.00 77.00 90.00 OK
r-devel-windows-x86_64-gcc10-UCRT 0.2.0 OK
r-patched-linux-x86_64 0.2.0 10.16 77.82 87.98 OK
r-patched-solaris-x86 0.2.0 148.20 OK
r-release-linux-x86_64 0.2.0 8.81 79.52 88.33 OK
r-release-macos-arm64 0.2.0 OK
r-release-macos-x86_64 0.2.0 OK
r-release-windows-ix86+x86_64 0.2.0 22.00 84.00 106.00 OK
r-oldrel-macos-x86_64 0.2.0 OK
r-oldrel-windows-ix86+x86_64 0.2.0 22.00 109.00 131.00 OK

Check Details

Version: 0.2.0
Check: package dependencies
Result: NOTE
    Imports includes 22 non-default packages.
    Importing from so many packages makes the package vulnerable to any of
    them becoming unavailable. Move as many as possible to Suggests and
    use conditionally.
Flavor: r-devel-linux-x86_64-fedora-clang