CRAN Package Check Results for Package animbook

Last updated on 2024-06-13 10:48:47 CEST.

Flavor Version Tinstall Tcheck Ttotal Status Flags
r-devel-linux-x86_64-debian-clang 1.0.0 7.53 93.81 101.34 OK
r-devel-linux-x86_64-debian-gcc 1.0.0 0.34 1.86 2.20 ERROR
r-devel-linux-x86_64-fedora-clang 1.0.0 127.97 OK
r-devel-linux-x86_64-fedora-gcc 1.0.0 131.87 OK
r-devel-windows-x86_64 1.0.0 8.00 86.00 94.00 OK
r-patched-linux-x86_64 1.0.0 9.01 89.98 98.99 OK
r-release-linux-x86_64 1.0.0 7.09 89.99 97.08 OK
r-release-macos-arm64 1.0.0 45.00 OK
r-release-macos-x86_64 1.0.0 69.00 OK
r-release-windows-x86_64 1.0.0 8.00 88.00 96.00 OK
r-oldrel-macos-arm64 1.0.0 52.00 OK
r-oldrel-macos-x86_64 1.0.0 100.00 OK
r-oldrel-windows-x86_64 1.0.0 11.00 106.00 117.00 OK

Check Details

Version: 1.0.0
Check: package dependencies
Result: ERROR Packages required but not available: 'dplyr', 'gganimate', 'ggplot2', 'plotly', 'purrr', 'tibble', 'tidyr', 'tidyselect' See section ‘The DESCRIPTION file’ in the ‘Writing R Extensions’ manual. Flavor: r-devel-linux-x86_64-debian-gcc