CRAN Package Check Results for Package animint2

Last updated on 2021-07-24 19:50:09 CEST.

Flavor Version Tinstall Tcheck Ttotal Status Flags
r-devel-linux-x86_64-debian-clang 2020.9.18 19.13 310.28 329.41 OK
r-devel-linux-x86_64-debian-gcc 2020.9.18 17.47 223.74 241.21 OK
r-devel-linux-x86_64-fedora-clang 2020.9.18 389.05 NOTE
r-devel-linux-x86_64-fedora-gcc 2020.9.18 382.39 NOTE
r-devel-windows-x86_64 2020.9.18 20.00 296.00 316.00 OK
r-devel-windows-x86_64-gcc10-UCRT 2020.9.18 NOTE
r-patched-linux-x86_64 2020.9.18 27.09 289.21 316.30 OK
r-patched-solaris-x86 2020.9.18 486.50 NOTE
r-release-linux-x86_64 2020.9.18 21.62 294.60 316.22 OK
r-release-macos-arm64 2020.9.18 NOTE
r-release-macos-x86_64 2020.9.18 NOTE
r-release-windows-ix86+x86_64 2020.9.18 36.00 282.00 318.00 OK
r-oldrel-macos-x86_64 2020.9.18 NOTE
r-oldrel-windows-ix86+x86_64 2020.9.18 39.00 391.00 430.00 OK

Check Details

Version: 2020.9.18
Check: dependencies in R code
Result: NOTE
    Namespaces in Imports field not imported from:
     ‘lazyeval’ ‘tibble’
     All declared Imports should be used.
Flavors: r-devel-linux-x86_64-fedora-clang, r-devel-linux-x86_64-fedora-gcc, r-devel-windows-x86_64-gcc10-UCRT, r-patched-solaris-x86, r-release-macos-arm64, r-release-macos-x86_64, r-oldrel-macos-x86_64

Version: 2020.9.18
Check: Rd cross-references
Result: NOTE
    Undeclared package ‘RColorBrewer’ in Rd xrefs
Flavor: r-devel-linux-x86_64-fedora-clang

Version: 2020.9.18
Check: installed package size
Result: NOTE
     installed size is 5.3Mb
     sub-directories of 1Mb or more:
     R 1.0Mb
     data 2.9Mb
Flavors: r-patched-solaris-x86, r-release-macos-arm64