CRAN Package Check Results for Package anipaths

Last updated on 2021-09-22 10:51:21 CEST.

Flavor Version Tinstall Tcheck Ttotal Status Flags
r-devel-linux-x86_64-debian-clang 0.10.1 20.31 170.55 190.86 OK
r-devel-linux-x86_64-debian-gcc 0.10.1 17.78 128.35 146.13 OK
r-devel-linux-x86_64-fedora-clang 0.10.1 235.86 OK
r-devel-linux-x86_64-fedora-gcc 0.10.1 222.88 OK
r-devel-windows-x86_64 0.10.1 23.00 145.00 168.00 OK
r-devel-windows-x86_64-gcc10-UCRT 0.10.1 ERROR
r-patched-linux-x86_64 0.10.1 20.84 162.26 183.10 OK
r-patched-solaris-x86 0.10.1 330.00 OK
r-release-linux-x86_64 0.10.1 22.40 162.58 184.98 OK
r-release-macos-arm64 0.10.1 OK
r-release-macos-x86_64 0.10.1 OK
r-release-windows-ix86+x86_64 0.10.1 47.00 196.00 243.00 OK
r-oldrel-macos-x86_64 0.10.1 OK
r-oldrel-windows-ix86+x86_64 0.10.1 34.00 143.00 177.00 OK

Check Details

Version: 0.10.1
Check: package dependencies
Result: ERROR
    Packages required but not available: 'ggmap', 'crawl', 'igraph'
    
    Package suggested but not available for checking: 'rgdal'
    
    See section 'The DESCRIPTION file' in the 'Writing R Extensions'
    manual.
Flavor: r-devel-windows-x86_64-gcc10-UCRT