CRAN Package Check Results for Package aniview

Last updated on 2021-08-05 04:55:38 CEST.

Flavor Version Tinstall Tcheck Ttotal Status Flags
r-devel-linux-x86_64-debian-clang 0.1.0 2.11 25.87 27.98 NOTE
r-devel-linux-x86_64-debian-gcc 0.1.0 1.67 20.75 22.42 NOTE
r-devel-linux-x86_64-fedora-clang 0.1.0 43.38 NOTE
r-devel-linux-x86_64-fedora-gcc 0.1.0 31.99 NOTE
r-devel-windows-x86_64 0.1.0 4.00 43.00 47.00 NOTE
r-devel-windows-x86_64-gcc10-UCRT 0.1.0 NOTE
r-patched-linux-x86_64 0.1.0 2.03 24.67 26.70 NOTE
r-patched-solaris-x86 0.1.0 52.20 NOTE
r-release-linux-x86_64 0.1.0 2.19 25.12 27.31 NOTE
r-release-macos-arm64 0.1.0 NOTE
r-release-macos-x86_64 0.1.0 NOTE
r-release-windows-ix86+x86_64 0.1.0 6.00 43.00 49.00 NOTE
r-oldrel-macos-x86_64 0.1.0 OK
r-oldrel-windows-ix86+x86_64 0.1.0 4.00 46.00 50.00 OK

Check Details

Version: 0.1.0
Check: LazyData
Result: NOTE
     'LazyData' is specified without a 'data' directory
Flavors: r-devel-linux-x86_64-debian-clang, r-devel-linux-x86_64-debian-gcc, r-devel-linux-x86_64-fedora-clang, r-devel-linux-x86_64-fedora-gcc, r-devel-windows-x86_64, r-devel-windows-x86_64-gcc10-UCRT, r-patched-linux-x86_64, r-patched-solaris-x86, r-release-linux-x86_64, r-release-macos-arm64, r-release-macos-x86_64, r-release-windows-ix86+x86_64