CRAN Package Check Results for Package antaresRead

Last updated on 2021-08-05 22:54:35 CEST.

Flavor Version Tinstall Tcheck Ttotal Status Flags
r-devel-linux-x86_64-debian-clang 2.2.8 11.34 191.40 202.74 OK
r-devel-linux-x86_64-debian-gcc 2.2.8 8.90 141.06 149.96 OK
r-devel-linux-x86_64-fedora-clang 2.2.8 232.42 NOTE
r-devel-linux-x86_64-fedora-gcc 2.2.8 210.78 OK
r-devel-windows-x86_64 2.2.8 17.00 202.00 219.00 NOTE
r-devel-windows-x86_64-gcc10-UCRT 2.2.8 ERROR
r-patched-linux-x86_64 2.2.8 11.25 161.91 173.16 OK
r-patched-solaris-x86 2.2.8 262.40 NOTE
r-release-linux-x86_64 2.2.8 10.31 168.06 178.37 OK
r-release-macos-arm64 2.2.8 NOTE
r-release-macos-x86_64 2.2.8 NOTE
r-release-windows-ix86+x86_64 2.2.8 20.00 198.00 218.00 OK
r-oldrel-macos-x86_64 2.2.8 NOTE
r-oldrel-windows-ix86+x86_64 2.2.8 39.00 208.00 247.00 OK

Check Details

Version: 2.2.8
Check: installed package size
Result: NOTE
     installed size is 5.0Mb
     sub-directories of 1Mb or more:
     test_v8 2.0Mb
     testdata 2.3Mb
Flavors: r-devel-linux-x86_64-fedora-clang, r-devel-windows-x86_64, r-patched-solaris-x86, r-release-macos-arm64, r-release-macos-x86_64, r-oldrel-macos-x86_64

Version: 2.2.8
Check: package dependencies
Result: NOTE
    Packages suggested but not available for checking: 'rhdf5', 'testthat'
Flavor: r-devel-windows-x86_64-gcc10-UCRT

Version: 2.2.8
Check: tests
Result: ERROR
     Running 'testthat.R'
    Running the tests in 'tests/testthat.R' failed.
    Complete output:
     > #Copyright © 2016 RTE Réseau de transport d’électricité
     >
     > require(testthat)
     Loading required package: testthat
     Warning message:
     In library(package, lib.loc = lib.loc, character.only = TRUE, logical.return = TRUE, :
     there is no package called 'testthat'
     > require(antaresRead)
     Loading required package: antaresRead
     > require(plyr)
     Loading required package: plyr
     >
     >
     > #Maybe include this in some test-file.R
     > #is.solaris<-function(){
     > # grepl('SunOS',Sys.info()['sysname'])
     > #}
     >
     > #if(!is.solaris()){
     >
     > test_check("antaresRead")
     Error in test_check("antaresRead") : could not find function "test_check"
     Execution halted
Flavor: r-devel-windows-x86_64-gcc10-UCRT