CRAN Package Check Results for Package antiword

Last updated on 2021-07-26 16:49:01 CEST.

Flavor Version Tinstall Tcheck Ttotal Status Flags
r-devel-linux-x86_64-debian-clang 1.3 14.57 20.67 35.24 NOTE
r-devel-linux-x86_64-debian-gcc 1.3 9.98 16.38 26.36 NOTE
r-devel-linux-x86_64-fedora-clang 1.3 54.82 NOTE
r-devel-linux-x86_64-fedora-gcc 1.3 40.92 NOTE
r-devel-windows-x86_64 1.3 22.00 30.00 52.00 NOTE
r-devel-windows-x86_64-gcc10-UCRT 1.3 NOTE
r-patched-linux-x86_64 1.3 11.45 19.96 31.41 NOTE
r-patched-solaris-x86 1.3 60.60 NOTE
r-release-linux-x86_64 1.3 11.10 20.02 31.12 NOTE
r-release-macos-arm64 1.3 NOTE
r-release-macos-x86_64 1.3 NOTE
r-release-windows-ix86+x86_64 1.3 42.00 37.00 79.00 NOTE
r-oldrel-macos-x86_64 1.3 OK
r-oldrel-windows-ix86+x86_64 1.3 33.00 42.00 75.00 OK

Check Details

Version: 1.3
Check: LazyData
Result: NOTE
     'LazyData' is specified without a 'data' directory
Flavors: r-devel-linux-x86_64-debian-clang, r-devel-linux-x86_64-debian-gcc, r-devel-linux-x86_64-fedora-clang, r-devel-linux-x86_64-fedora-gcc, r-devel-windows-x86_64, r-devel-windows-x86_64-gcc10-UCRT, r-patched-linux-x86_64, r-patched-solaris-x86, r-release-linux-x86_64, r-release-macos-arm64, r-release-macos-x86_64, r-release-windows-ix86+x86_64