CRAN Package Check Results for Package anyLib

Last updated on 2021-07-26 19:49:07 CEST.

Flavor Version Tinstall Tcheck Ttotal Status Flags
r-devel-linux-x86_64-debian-clang 1.0.5 2.18 375.01 377.19 NOTE
r-devel-linux-x86_64-debian-gcc 1.0.5 1.76 260.39 262.15 NOTE
r-devel-linux-x86_64-fedora-clang 1.0.5 432.17 NOTE
r-devel-linux-x86_64-fedora-gcc 1.0.5 90.78 NOTE
r-devel-windows-x86_64 1.0.5 4.00 110.00 114.00 NOTE
r-devel-windows-x86_64-gcc10-UCRT 1.0.5 NOTE
r-patched-linux-x86_64 1.0.5 2.17 360.89 363.06 NOTE
r-patched-solaris-x86 1.0.5 664.40 WARN
r-release-linux-x86_64 1.0.5 2.07 332.81 334.88 NOTE
r-release-macos-arm64 1.0.5 WARN
r-release-macos-x86_64 1.0.5 WARN
r-release-windows-ix86+x86_64 1.0.5 6.00 83.00 89.00 NOTE
r-oldrel-macos-x86_64 1.0.5 WARN
r-oldrel-windows-ix86+x86_64 1.0.5 26.00 112.00 138.00 OK

Check Details

Version: 1.0.5
Check: LazyData
Result: NOTE
     'LazyData' is specified without a 'data' directory
Flavors: r-devel-linux-x86_64-debian-clang, r-devel-linux-x86_64-debian-gcc, r-devel-linux-x86_64-fedora-clang, r-devel-linux-x86_64-fedora-gcc, r-devel-windows-x86_64, r-devel-windows-x86_64-gcc10-UCRT, r-patched-linux-x86_64, r-patched-solaris-x86, r-release-linux-x86_64, r-release-macos-arm64, r-release-macos-x86_64, r-release-windows-ix86+x86_64

Version: 1.0.5
Check: dependencies in R code
Result: NOTE
    Namespaces in Imports field not imported from:
     ‘curl’ ‘httr’
     All declared Imports should be used.
Flavors: r-devel-linux-x86_64-fedora-clang, r-devel-linux-x86_64-fedora-gcc, r-devel-windows-x86_64-gcc10-UCRT, r-patched-solaris-x86, r-release-macos-arm64, r-release-macos-x86_64, r-oldrel-macos-x86_64

Version: 1.0.5
Check: re-building of vignette outputs
Result: WARN
    Error(s) in re-building vignettes:
     ...
    --- re-building ‘help.Rmd’ using rmarkdown
    Warning in engine$weave(file, quiet = quiet, encoding = enc) :
     Pandoc (>= 1.12.3) not available. Falling back to R Markdown v1.
    trying URL 'https://cloud.r-project.org/src/contrib/utf8_1.2.2.tar.gz'
    Content type 'application/x-gzip' length 240327 bytes (234 KB)
    ==================================================
    downloaded 234 KB
    
    trying URL 'https://cloud.r-project.org/src/contrib/pillar_1.6.1.tar.gz'
    Content type 'application/x-gzip' length 1111747 bytes (1.1 MB)
    ==================================================
    downloaded 1.1 MB
    
    trying URL 'https://cloud.r-project.org/src/contrib/pkgconfig_2.0.3.tar.gz'
    Content type 'application/x-gzip' length 6080 bytes
    ==================================================
    downloaded 6080 bytes
    
    trying URL 'https://cloud.r-project.org/src/contrib/vctrs_0.3.8.tar.gz'
    Content type 'application/x-gzip' length 782608 bytes (764 KB)
    ==================================================
    downloaded 764 KB
    
    trying URL 'https://cloud.r-project.org/src/contrib/glue_1.4.2.tar.gz'
    Content type 'application/x-gzip' length 99049 bytes (96 KB)
    ==================================================
    downloaded 96 KB
    
    trying URL 'https://cloud.r-project.org/src/contrib/rprojroot_2.0.2.tar.gz'
    Content type 'application/x-gzip' length 59967 bytes (58 KB)
    ==================================================
    downloaded 58 KB
    
    trying URL 'https://cloud.r-project.org/src/contrib/rstudioapi_0.13.tar.gz'
    Content type 'application/x-gzip' length 110472 bytes (107 KB)
    ==================================================
    downloaded 107 KB
    
    trying URL 'https://cloud.r-project.org/src/contrib/diffobj_0.3.4.tar.gz'
    Content type 'application/x-gzip' length 477614 bytes (466 KB)
    ==================================================
    downloaded 466 KB
    
    trying URL 'https://cloud.r-project.org/src/contrib/fansi_0.5.0.tar.gz'
    Content type 'application/x-gzip' length 301724 bytes (294 KB)
    ==================================================
    downloaded 294 KB
    
    trying URL 'https://cloud.r-project.org/src/contrib/rematch2_2.1.2.tar.gz'
    Content type 'application/x-gzip' length 13366 bytes (13 KB)
    ==================================================
    downloaded 13 KB
    
    trying URL 'https://cloud.r-project.org/src/contrib/tibble_3.1.3.tar.gz'
    Content type 'application/x-gzip' length 694155 bytes (677 KB)
    ==================================================
    downloaded 677 KB
    
    trying URL 'https://cloud.r-project.org/src/contrib/brio_1.1.2.tar.gz'
    Content type 'application/x-gzip' length 12069 bytes (11 KB)
    ==================================================
    downloaded 11 KB
    
    trying URL 'https://cloud.r-project.org/src/contrib/callr_3.7.0.tar.gz'
    Content type 'application/x-gzip' length 74518 bytes (72 KB)
    ==================================================
    downloaded 72 KB
    
    trying URL 'https://cloud.r-project.org/src/contrib/cli_3.0.1.tar.gz'
    Content type 'application/x-gzip' length 225589 bytes (220 KB)
    ==================================================
    downloaded 220 KB
    
    trying URL 'https://cloud.r-project.org/src/contrib/crayon_1.4.1.tar.gz'
    Content type 'application/x-gzip' length 35769 bytes (34 KB)
    ==================================================
    downloaded 34 KB
    
    trying URL 'https://cloud.r-project.org/src/contrib/desc_1.3.0.tar.gz'
    Content type 'application/x-gzip' length 292882 bytes (286 KB)
    ==================================================
    downloaded 286 KB
    
    trying URL 'https://cloud.r-project.org/src/contrib/digest_0.6.27.tar.gz'
    Content type 'application/x-gzip' length 164373 bytes (160 KB)
    ==================================================
    downloaded 160 KB
    
    trying URL 'https://cloud.r-project.org/src/contrib/ellipsis_0.3.2.tar.gz'
    Content type 'application/x-gzip' length 8066 bytes
    ==================================================
    downloaded 8066 bytes
    
    trying URL 'https://cloud.r-project.org/src/contrib/evaluate_0.14.tar.gz'
    Content type 'application/x-gzip' length 24206 bytes (23 KB)
    ==================================================
    downloaded 23 KB
    
    trying URL 'https://cloud.r-project.org/src/contrib/jsonlite_1.7.2.tar.gz'
    Content type 'application/x-gzip' length 421716 bytes (411 KB)
    ==================================================
    downloaded 411 KB
    
    trying URL 'https://cloud.r-project.org/src/contrib/lifecycle_1.0.0.tar.gz'
    Content type 'application/x-gzip' length 83389 bytes (81 KB)
    ==================================================
    downloaded 81 KB
    
    trying URL 'https://cloud.r-project.org/src/contrib/magrittr_2.0.1.tar.gz'
    Content type 'application/x-gzip' length 265580 bytes (259 KB)
    ==================================================
    downloaded 259 KB
    
    trying URL 'https://cloud.r-project.org/src/contrib/pkgload_1.2.1.tar.gz'
    Content type 'application/x-gzip' length 60651 bytes (59 KB)
    ==================================================
    downloaded 59 KB
    
    trying URL 'https://cloud.r-project.org/src/contrib/praise_1.0.0.tar.gz'
    Content type 'application/x-gzip' length 6100 bytes
    ==================================================
    downloaded 6100 bytes
    
    trying URL 'https://cloud.r-project.org/src/contrib/processx_3.5.2.tar.gz'
    Content type 'application/x-gzip' length 141424 bytes (138 KB)
    ==================================================
    downloaded 138 KB
    
    trying URL 'https://cloud.r-project.org/src/contrib/ps_1.6.0.tar.gz'
    Content type 'application/x-gzip' length 119670 bytes (116 KB)
    ==================================================
    downloaded 116 KB
    
    trying URL 'https://cloud.r-project.org/src/contrib/R6_2.5.0.tar.gz'
    Content type 'application/x-gzip' length 63361 bytes (61 KB)
    ==================================================
    downloaded 61 KB
    
    trying URL 'https://cloud.r-project.org/src/contrib/rlang_0.4.11.tar.gz'
    Content type 'application/x-gzip' length 861727 bytes (841 KB)
    ==================================================
    downloaded 841 KB
    
    trying URL 'https://cloud.r-project.org/src/contrib/waldo_0.2.5.tar.gz'
    Content type 'application/x-gzip' length 26295 bytes (25 KB)
    ==================================================
    downloaded 25 KB
    
    trying URL 'https://cloud.r-project.org/src/contrib/withr_2.4.2.tar.gz'
    Content type 'application/x-gzip' length 94283 bytes (92 KB)
    ==================================================
    downloaded 92 KB
    
    trying URL 'https://cloud.r-project.org/src/contrib/pls_2.7-3.tar.gz'
    Content type 'application/x-gzip' length 4427785 bytes (4.2 MB)
    ==================================================
    downloaded 4.2 MB
    
    trying URL 'https://cloud.r-project.org/src/contrib/testthat_3.0.4.tar.gz'
    Content type 'application/x-gzip' length 688142 bytes (672 KB)
    ==================================================
    downloaded 672 KB
    
    trying URL 'https://cloud.r-project.org/src/contrib/apercu_0.2.4.tar.gz'
    Content type 'application/x-gzip' length 6362 bytes
    ==================================================
    downloaded 6362 bytes
    
    * installing *source* package ‘utf8’ ...
    ** package ‘utf8’ successfully unpacked and MD5 sums checked
    ** using staged installation
    ** libs
    /home/ripley/developerstudio12.6/bin/cc -xc99 -I"/home/ripley/R/cc/include" -DNDEBUG -I/usr/local/include -Iutf8lite/src -KPIC -O -xlibmieee -xlibmil -xtarget=native -xcache=generic -nofstore -c utf8lite/src/array.c -o utf8lite/src/array.o
    "utf8lite/src/utf8lite.h", line 77: warning: attribute "format" is unknown, ignored
    "utf8lite/src/utf8lite.h", line 91: warning: attribute "format" is unknown, ignored
    "utf8lite/src/utf8lite.h", line 1048: warning: attribute "format" is unknown, ignored
    /home/ripley/developerstudio12.6/bin/cc -xc99 -I"/home/ripley/R/cc/include" -DNDEBUG -I/usr/local/include -Iutf8lite/src -KPIC -O -xlibmieee -xlibmil -xtarget=native -xcache=generic -nofstore -c utf8lite/src/char.c -o utf8lite/src/char.o
    "utf8lite/src/utf8lite.h", line 77: warning: attribute "format" is unknown, ignored
    "utf8lite/src/utf8lite.h", line 91: warning: attribute "format" is unknown, ignored
    "utf8lite/src/utf8lite.h", line 1048: warning: attribute "format" is unknown, ignored
    /home/ripley/developerstudio12.6/bin/cc -xc99 -I"/home/ripley/R/cc/include" -DNDEBUG -I/usr/local/include -Iutf8lite/src -KPIC -O -xlibmieee -xlibmil -xtarget=native -xcache=generic -nofstore -c utf8lite/src/encode.c -o utf8lite/src/encode.o
    "utf8lite/src/utf8lite.h", line 77: warning: attribute "format" is unknown, ignored
    "utf8lite/src/utf8lite.h", line 91: warning: attribute "format" is unknown, ignored
    "utf8lite/src/utf8lite.h", line 1048: warning: attribute "format" is unknown, ignored
    /home/ripley/developerstudio12.6/bin/cc -xc99 -I"/home/ripley/R/cc/include" -DNDEBUG -I/usr/local/include -Iutf8lite/src -KPIC -O -xlibmieee -xlibmil -xtarget=native -xcache=generic -nofstore -c utf8lite/src/error.c -o utf8lite/src/error.o
    "utf8lite/src/utf8lite.h", line 77: warning: attribute "format" is unknown, ignored
    "utf8lite/src/utf8lite.h", line 91: warning: attribute "format" is unknown, ignored
    "utf8lite/src/utf8lite.h", line 1048: warning: attribute "format" is unknown, ignored
    /home/ripley/developerstudio12.6/bin/cc -xc99 -I"/home/ripley/R/cc/include" -DNDEBUG -I/usr/local/include -Iutf8lite/src -KPIC -O -xlibmieee -xlibmil -xtarget=native -xcache=generic -nofstore -c utf8lite/src/escape.c -o utf8lite/src/escape.o
    "utf8lite/src/utf8lite.h", line 77: warning: attribute "format" is unknown, ignored
    "utf8lite/src/utf8lite.h", line 91: warning: attribute "format" is unknown, ignored
    "utf8lite/src/utf8lite.h", line 1048: warning: attribute "format" is unknown, ignored
    /home/ripley/developerstudio12.6/bin/cc -xc99 -I"/home/ripley/R/cc/include" -DNDEBUG -I/usr/local/include -Iutf8lite/src -KPIC -O -xlibmieee -xlibmil -xtarget=native -xcache=generic -nofstore -c utf8lite/src/graph.c -o utf8lite/src/graph.o
    "utf8lite/src/utf8lite.h", line 77: warning: attribute "format" is unknown, ignored
    "utf8lite/src/utf8lite.h", line 91: warning: attribute "format" is unknown, ignored
    "utf8lite/src/utf8lite.h", line 1048: warning: attribute "format" is unknown, ignored
    /home/ripley/developerstudio12.6/bin/cc -xc99 -I"/home/ripley/R/cc/include" -DNDEBUG -I/usr/local/include -Iutf8lite/src -KPIC -O -xlibmieee -xlibmil -xtarget=native -xcache=generic -nofstore -c utf8lite/src/graphscan.c -o utf8lite/src/graphscan.o
    "utf8lite/src/utf8lite.h", line 77: warning: attribute "format" is unknown, ignored
    "utf8lite/src/utf8lite.h", line 91: warning: attribute "format" is unknown, ignored
    "utf8lite/src/utf8lite.h", line 1048: warning: attribute "format" is unknown, ignored
    /home/ripley/developerstudio12.6/bin/cc -xc99 -I"/home/ripley/R/cc/include" -DNDEBUG -I/usr/local/include -Iutf8lite/src -KPIC -O -xlibmieee -xlibmil -xtarget=native -xcache=generic -nofstore -c utf8lite/src/normalize.c -o utf8lite/src/normalize.o
    "utf8lite/src/private/decompose.h", line 2381: warning: initializer does not fit or is out of range: -1
    "utf8lite/src/private/decompose.h", line 2381: warning: initializer does not fit or is out of range: -1
    "utf8lite/src/private/decompose.h", line 2381: warning: initializer does not fit or is out of range: -1
    "utf8lite/src/private/decompose.h", line 2381: warning: initializer does not fit or is out of range: -1
    "utf8lite/src/private/decompose.h", line 2381: warning: initializer does not fit or is out of range: -1
    "utf8lite/src/private/decompose.h", line 2382: warning: initializer does not fit or is out of range: -1
    "utf8lite/src/private/decompose.h", line 2382: warning: initializer does not fit or is out of range: -1
    "utf8lite/src/private/decompose.h", line 2382: warning: initializer does not fit or is out of range: -1
    "utf8lite/src/private/decompose.h", line 2382: warning: initializer does not fit or is out of range: -1
    "utf8lite/src/private/decompose.h", line 2382: warning: initializer does not fit or is out of range: -1
    "utf8lite/src/private/decompose.h", line 2383: warning: initializer does not fit or is out of range: -1
    "utf8lite/src/private/decompose.h", line 2383: warning: initializer does not fit or is out of range: -1
    "utf8lite/src/private/decompose.h", line 2383: warning: initializer does not fit or is out of range: -1
    "utf8lite/src/private/decompose.h", line 2383: warning: initializer does not fit or is out of range: -1
    "utf8lite/src/private/decompose.h", line 2383: warning: initializer does not fit or is out of range: -1
    "utf8lite/src/private/decompose.h", line 2384: warning: initializer does not fit or is out of range: -1
    "utf8lite/src/private/decompose.h", line 2384: warning: initializer does not fit or is out of range: -1
    "utf8lite/src/private/decompose.h", line 2384: warning: initializer does not fit or is out of range: -1
    "utf8lite/src/private/decompose.h", line 2384: warning: initializer does not fit or is out of range: -1
    "utf8lite/src/private/decompose.h", line 2384: warning: initializer does not fit or is out of range: -1
    "utf8lite/src/private/decompose.h", line 2385: warning: initializer does not fit or is out of range: -1
    "utf8lite/src/private/decompose.h", line 2385: warning: initializer does not fit or is out of range: -1
    "utf8lite/src/private/decompose.h", line 2385: warning: initializer does not fit or is out of range: -1
    "utf8lite/src/private/decompose.h", line 2385: warning: initializer does not fit or is out of range: -1
    "utf8lite/src/private/decompose.h", line 2385: warning: initializer does not fit or is out of range: -1
    "utf8lite/src/private/decompose.h", line 2386: warning: initializer does not fit or is out of range: -1
    "utf8lite/src/private/decompose.h", line 2386: warning: initializer does not fit or is out of range: -1
    "utf8lite/src/private/decompose.h", line 2386: warning: initializer does not fit or is out of range: -1
    "utf8lite/src/private/decompose.h", line 2386: warning: initializer does not fit or is out of range: -1
    "utf8lite/src/private/decompose.h", line 2386: warning: initializer does not fit or is out of range: -1
    "utf8lite/src/private/decompose.h", line 2387: warning: initializer does not fit or is out of range: -1
    "utf8lite/src/private/decompose.h", line 2387: warning: initializer does not fit or is out of range: -1
    "utf8lite/src/private/decompose.h", line 2387: warning: initializer does not fit or is out of range: -1
    "utf8lite/src/private/decompose.h", line 2387: warning: initializer does not fit or is out of range: -1
    "utf8lite/src/private/decompose.h", line 2387: warning: initializer does not fit or is out of range: -1
    "utf8lite/src/private/decompose.h", line 2388: warning: initializer does not fit or is out of range: -1
    "utf8lite/src/private/decompose.h", line 2388: warning: initializer does not fit or is out of range: -1
    "utf8lite/src/private/decompose.h", line 2388: warning: initializer does not fit or is out of range: -1
    "utf8lite/src/private/decompose.h", line 2388: warning: initializer does not fit or is out of range: -1
    "utf8lite/src/private/decompose.h", line 2388: warning: initializer does not fit or is out of range: -1
    "utf8lite/src/private/decompose.h", line 2389: warning: initializer does not fit or is out of range: -1
    "utf8lite/src/private/decompose.h", line 2389: warning: initializer does not fit or is out of range: -1
    "utf8lite/src/private/decompose.h", line 2389: warning: initializer does not fit or is out of range: -1
    "utf8lite/src/private/decompose.h", line 2389: warning: initializer does not fit or is out of range: -1
    "utf8lite/src/private/decompose.h", line 2389: warning: initializer does not fit or is out of range: -1
    "utf8lite/src/private/decompose.h", line 2390: warning: initializer does not fit or is out of range: -1
    "utf8lite/src/private/decompose.h", line 2390: warning: initializer does not fit or is out of range: -1
    "utf8lite/src/private/decompose.h", line 2390: warning: initializer does not fit or is out of range: -1
    "utf8lite/src/private/decompose.h", line 2390: warning: initializer does not fit or is out of range: -1
    "utf8lite/src/private/decompose.h", line 2390: warning: initializer does not fit or is out of range: -1
    "utf8lite/src/private/decompose.h", line 2391: warning: initializer does not fit or is out of range: -1
    "utf8lite/src/private/decompose.h", line 2391: warning: initializer does not fit or is out of range: -1
    "utf8lite/src/private/decompose.h", line 2391: warning: initializer does not fit or is out of range: -1
    "utf8lite/src/private/decompose.h", line 2391: warning: initializer does not fit or is out of range: -1
    "utf8lite/src/private/decompose.h", line 2391: warning: initializer does not fit or is out of range: -1
    "utf8lite/src/private/decompose.h", line 2392: warning: initializer does not fit or is out of range: -1
    "utf8lite/src/private/decompose.h", line 2392: warning: initializer does not fit or is out of range: -1
    "utf8lite/src/private/decompose.h", line 2392: warning: initializer does not fit or is out of range: -1
    "utf8lite/src/private/decompose.h", line 2392: warning: initializer does not fit or is out of range: -1
    "utf8lite/src/private/decompose.h", line 2392: warning: initializer does not fit or is out of range: -1
    "utf8lite/src/private/decompose.h", line 2393: warning: initializer does not fit or is out of range: -1
    "utf8lite/src/private/decompose.h", line 2393: warning: initializer does not fit or is out of range: -1
    "utf8lite/src/private/decompose.h", line 2393: warning: initializer does not fit or is out of range: -1
    "utf8lite/src/private/decompose.h", line 2393: warning: initializer does not fit or is out of range: -1
    "utf8lite/src/private/decompose.h", line 2393: warning: initializer does not fit or is out of range: -1
    "utf8lite/src/private/decompose.h", line 2394: warning: initializer does not fit or is out of range: -1
    "utf8lite/src/private/decompose.h", line 2394: warning: initializer does not fit or is out of range: -1
    "utf8lite/src/private/decompose.h", line 2394: warning: initializer does not fit or is out of range: -1
    "utf8lite/src/private/decompose.h", line 2394: warning: initializer does not fit or is out of range: -1
    "utf8lite/src/private/decompose.h", line 2394: warning: initializer does not fit or is out of range: -1
    "utf8lite/src/private/decompose.h", line 2395: warning: initializer does not fit or is out of range: -1
    "utf8lite/src/private/decompose.h", line 2395: warning: initializer does not fit or is out of range: -1
    "utf8lite/src/private/decompose.h", line 2395: warning: initializer does not fit or is out of range: -1
    "utf8lite/src/private/decompose.h", line 2395: warning: initializer does not fit or is out of range: -1
    "utf8lite/src/private/decompose.h", line 2395: warning: initializer does not fit or is out of range: -1
    "utf8lite/src/private/decompose.h", line 2396: warning: initializer does not fit or is out of range: -1
    "utf8lite/src/private/decompose.h", line 2396: warning: initializer does not fit or is out of range: -1
    "utf8lite/src/private/decompose.h", line 2396: warning: initializer does not fit or is out of range: -1
    "utf8lite/src/private/decompose.h", line 2396: warning: initializer does not fit or is out of range: -1
    "utf8lite/src/private/decompose.h", line 2396: warning: initializer does not fit or is out of range: -1
    "utf8lite/src/private/decompose.h", line 2397: warning: initializer does not fit or is out of range: -1
    "utf8lite/src/private/decompose.h", line 2397: warning: initializer does not fit or is out of range: -1
    "utf8lite/src/private/decompose.h", line 2397: warning: initializer does not fit or is out of range: -1
    "utf8lite/src/private/decompose.h", line 2397: warning: initializer does not fit or is out of range: -1
    "utf8lite/src/private/decompose.h", line 2397: warning: initializer does not fit or is out of range: -1
    "utf8lite/src/private/decompose.h", line 2398: warning: initializer does not fit or is out of range: -1
    "utf8lite/src/private/decompose.h", line 2398: warning: initializer does not fit or is out of range: -1
    "utf8lite/src/private/decompose.h", line 2398: warning: initializer does not fit or is out of range: -1
    "utf8lite/src/private/decompose.h", line 2398: warning: initializer does not fit or is out of range: -1
    "utf8lite/src/private/decompose.h", line 2398: warning: initializer does not fit or is out of range: -1
    "utf8lite/src/private/decompose.h", line 2399: warning: initializer does not fit or is out of range: -1
    "utf8lite/src/private/decompose.h", line 2399: warning: initializer does not fit or is out of range: -1
    "utf8lite/src/private/decompose.h", line 2399: warning: initializer does not fit or is out of range: -1
    "utf8lite/src/private/decompose.h", line 2399: warning: initializer does not fit or is out of range: -1
    "utf8lite/src/private/decompose.h", line 2399: warning: initializer does not fit or is out of range: -1
    "utf8lite/src/private/decompose.h", line 2400: warning: initializer does not fit or is out of range: -1
    "utf8lite/src/private/decompose.h", line 2400: warning: initializer does not fit or is out of range: -1
    "utf8lite/src/private/decompose.h", line 2400: warning: initializer does not fit or is out of range: -1
    "utf8lite/src/private/decompose.h", line 2400: warning: initializer does not fit or is out of range: -1
    "utf8lite/src/private/decompose.h", line 2400: warning: initializer does not fit or is out of range: -1
    "utf8lite/src/private/decompose.h", line 2401: warning: initializer does not fit or is out of range: -1
    "utf8lite/src/private/decompose.h", line 2401: warning: initializer does not fit or is out of range: -1
    "utf8lite/src/private/decompose.h", line 2401: warning: initializer does not fit or is out of range: -1
    "utf8lite/src/private/decompose.h", line 2401: warning: initializer does not fit or is out of range: -1
    "utf8lite/src/private/decompose.h", line 2401: warning: initializer does not fit or is out of range: -1
    "utf8lite/src/private/decompose.h", line 2402: warning: initializer does not fit or is out of range: -1
    "utf8lite/src/private/decompose.h", line 2402: warning: initializer does not fit or is out of range: -1
    "utf8lite/src/private/decompose.h", line 2402: warning: initializer does not fit or is out of range: -1
    "utf8lite/src/private/decompose.h", line 2402: warning: initializer does not fit or is out of range: -1
    "utf8lite/src/private/decompose.h", line 2402: warning: initializer does not fit or is out of range: -1
    "utf8lite/src/private/decompose.h", line 2403: warning: initializer does not fit or is out of range: -1
    "utf8lite/src/private/decompose.h", line 2403: warning: initializer does not fit or is out of range: -1
    "utf8lite/src/private/decompose.h", line 2403: warning: initializer does not fit or is out of range: -1
    "utf8lite/src/private/decompose.h", line 2403: warning: initializer does not fit or is out of range: -1
    "utf8lite/src/private/decompose.h", line 2403: warning: initializer does not fit or is out of range: -1
    "utf8lite/src/private/decompose.h", line 2404: warning: initializer does not fit or is out of range: -1
    "utf8lite/src/private/decompose.h", line 2404: warning: initializer does not fit or is out of range: -1
    "utf8lite/src/private/decompose.h", line 2404: warning: initializer does not fit or is out of range: -1
    "utf8lite/src/private/decompose.h", line 2404: warning: initializer does not fit or is out of range: -1
    "utf8lite/src/private/decompose.h", line 2404: warning: initializer does not fit or is out of range: -1
    "utf8lite/src/private/decompose.h", line 2405: warning: initializer does not fit or is out of range: -1
    "utf8lite/src/private/decompose.h", line 2405: warning: initializer does not fit or is out of range: -1
    "utf8lite/src/private/decompose.h", line 2405: warning: initializer does not fit or is out of range: -1
    "utf8lite/src/private/decompose.h", line 2405: warning: initializer does not fit or is out of range: -1
    "utf8lite/src/private/decompose.h", line 2405: warning: initializer does not fit or is out of range: -1
    "utf8lite/src/private/decompose.h", line 2406: warning: initializer does not fit or is out of range: -1
    "utf8lite/src/private/decompose.h", line 2406: warning: initializer does not fit or is out of range: -1
    "utf8lite/src/private/decompose.h", line 2406: warning: initializer does not fit or is out of range: -1
    "utf8lite/src/private/decompose.h", line 2406: warning: initializer does not fit or is out of range: -1
    "utf8lite/src/private/decompose.h", line 2406: warning: initializer does not fit or is out of range: -1
    "utf8lite/src/private/decompose.h", line 2407: warning: initializer does not fit or is out of range: -1
    "utf8lite/src/private/decompose.h", line 2407: warning: initializer does not fit or is out of range: -1
    "utf8lite/src/private/decompose.h", line 2407: warning: initializer does not fit or is out of range: -1
    "utf8lite/src/private/decompose.h", line 2407: warning: initializer does not fit or is out of range: -1
    "utf8lite/src/private/decompose.h", line 2407: warning: initializer does not fit or is out of range: -1
    "utf8lite/src/private/decompose.h", line 2408: warning: initializer does not fit or is out of range: -1
    "utf8lite/src/private/decompose.h", line 2408: warning: initializer does not fit or is out of range: -1
    "utf8lite/src/private/decompose.h", line 2408: warning: initializer does not fit or is out of range: -1
    "utf8lite/src/private/decompose.h", line 2408: warning: initializer does not fit or is out of range: -1
    "utf8lite/src/private/decompose.h", line 2408: warning: initializer does not fit or is out of range: -1
    "utf8lite/src/private/decompose.h", line 2409: warning: initializer does not fit or is out of range: -1
    "utf8lite/src/private/decompose.h", line 2409: warning: initializer does not fit or is out of range: -1
    "utf8lite/src/private/decompose.h", line 2409: warning: initializer does not fit or is out of range: -1
    "utf8lite/src/private/decompose.h", line 2409: warning: initializer does not fit or is out of range: -1
    "utf8lite/src/private/decompose.h", line 2409: warning: initializer does not fit or is out of range: -1
    "utf8lite/src/private/decompose.h", line 2410: warning: initializer does not fit or is out of range: -1
    "utf8lite/src/private/decompose.h", line 2410: warning: initializer does not fit or is out of range: -1
    "utf8lite/src/private/decompose.h", line 2410: warning: initializer does not fit or is out of range: -1
    "utf8lite/src/private/decompose.h", line 2410: warning: initializer does not fit or is out of range: -1
    "utf8lite/src/private/decompose.h", line 2410: warning: initializer does not fit or is out of range: -1
    "utf8lite/src/private/decompose.h", line 2411: warning: initializer does not fit or is out of range: -1
    "utf8lite/src/private/decompose.h", line 2411: warning: initializer does not fit or is out of range: -1
    "utf8lite/src/private/decompose.h", line 2411: warning: initializer does not fit or is out of range: -1
    "utf8lite/src/private/decompose.h", line 2411: warning: initializer does not fit or is out of range: -1
    "utf8lite/src/private/decompose.h", line 2411: warning: initializer does not fit or is out of range: -1
    "utf8lite/src/private/decompose.h", line 2412: warning: initializer does not fit or is out of range: -1
    "utf8lite/src/private/decompose.h", line 2412: warning: initializer does not fit or is out of range: -1
    "utf8lite/src/private/decompose.h", line 2412: warning: initializer does not fit or is out of range: -1
    "utf8lite/src/private/decompose.h", line 2412: warning: initializer does not fit or is out of range: -1
    "utf8lite/src/private/decompose.h", line 2412: warning: initializer does not fit or is out of range: -1
    "utf8lite/src/private/decompose.h", line 2413: warning: initializer does not fit or is out of range: -1
    "utf8lite/src/private/decompose.h", line 2413: warning: initializer does not fit or is out of range: -1
    "utf8lite/src/private/decompose.h", line 2413: warning: initializer does not fit or is out of range: -1
    "utf8lite/src/private/decompose.h", line 2413: warning: initializer does not fit or is out of range: -1
    "utf8lite/src/private/decompose.h", line 2413: warning: initializer does not fit or is out of range: -1
    "utf8lite/src/private/decompose.h", line 2414: warning: initializer does not fit or is out of range: -1
    "utf8lite/src/private/decompose.h", line 2414: warning: initializer does not fit or is out of range: -1
    "utf8lite/src/private/decompose.h", line 2414: warning: initializer does not fit or is out of range: -1
    "utf8lite/src/private/decompose.h", line 2414: warning: initializer does not fit or is out of range: -1
    "utf8lite/src/private/decompose.h", line 2414: warning: initializer does not fit or is out of range: -1
    "utf8lite/src/private/decompose.h", line 2415: warning: initializer does not fit or is out of range: -1
    "utf8lite/src/private/decompose.h", line 2415: warning: initializer does not fit or is out of range: -1
    "utf8lite/src/private/decompose.h", line 2415: warning: initializer does not fit or is out of range: -1
    "utf8lite/src/private/decompose.h", line 2415: warning: initializer does not fit or is out of range: -1
    "utf8lite/src/private/decompose.h", line 2415: warning: initializer does not fit or is out of range: -1
    "utf8lite/src/private/decompose.h", line 2416: warning: initializer does not fit or is out of range: -1
    "utf8lite/src/private/decompose.h", line 2416: warning: initializer does not fit or is out of range: -1
    "utf8lite/src/private/decompose.h", line 2416: warning: initializer does not fit or is out of range: -1
    "utf8lite/src/private/decompose.h", line 2416: warning: initializer does not fit or is out of range: -1
    "utf8lite/src/private/decompose.h", line 2416: warning: initializer does not fit or is out of range: -1
    "utf8lite/src/private/decompose.h", line 2417: warning: initializer does not fit or is out of range: -1
    "utf8lite/src/private/decompose.h", line 2417: warning: initializer does not fit or is out of range: -1
    "utf8lite/src/private/decompose.h", line 2417: warning: initializer does not fit or is out of range: -1
    "utf8lite/src/private/decompose.h", line 2417: warning: initializer does not fit or is out of range: -1
    "utf8lite/src/private/decompose.h", line 2417: warning: initializer does not fit or is out of range: -1
    "utf8lite/src/private/decompose.h", line 2418: warning: initializer does not fit or is out of range: -1
    "utf8lite/src/private/decompose.h", line 2418: warning: initializer does not fit or is out of range: -1
    "utf8lite/src/private/decompose.h", line 2418: warning: initializer does not fit or is out of range: -1
    "utf8lite/src/private/decompose.h", line 2418: warning: initializer does not fit or is out of range: -1
    "utf8lite/src/private/decompose.h", line 2418: warning: initializer does not fit or is out of range: -1
    "utf8lite/src/private/decompose.h", line 2419: warning: initializer does not fit or is out of range: -1
    "utf8lite/src/private/decompose.h", line 2419: warning: initializer does not fit or is out of range: -1
    "utf8lite/src/private/decompose.h", line 2419: warning: initializer does not fit or is out of range: -1
    "utf8lite/src/private/decompose.h", line 2419: warning: initializer does not fit or is out of range: -1
    "utf8lite/src/private/decompose.h", line 2419: warning: initializer does not fit or is out of range: -1
    "utf8lite/src/private/decompose.h", line 2420: warning: initializer does not fit or is out of range: -1
    "utf8lite/src/private/decompose.h", line 2420: warning: initializer does not fit or is out of range: -1
    "utf8lite/src/private/decompose.h", line 2420: warning: initializer does not fit or is out of range: -1
    "utf8lite/src/private/decompose.h", line 2420: warning: initializer does not fit or is out of range: -1
    "utf8lite/src/private/decompose.h", line 2420: warning: initializer does not fit or is out of range: -1
    "utf8lite/src/private/decompose.h", line 2421: warning: initializer does not fit or is out of range: -1
    "utf8lite/src/private/decompose.h", line 2421: warning: initializer does not fit or is out of range: -1
    "utf8lite/src/private/decompose.h", line 2421: warning: initializer does not fit or is out of range: -1
    "utf8lite/src/private/decompose.h", line 2421: warning: initializer does not fit or is out of range: -1
    "utf8lite/src/private/decompose.h", line 2421: warning: initializer does not fit or is out of range: -1
    "utf8lite/src/private/decompose.h", line 2422: warning: initializer does not fit or is out of range: -1
    "utf8lite/src/private/decompose.h", line 2422: warning: initializer does not fit or is out of range: -1
    "utf8lite/src/private/decompose.h", line 2422: warning: initializer does not fit or is out of range: -1
    "utf8lite/src/private/decompose.h", line 2422: warning: initializer does not fit or is out of range: -1
    "utf8lite/src/private/decompose.h", line 2422: warning: initializer does not fit or is out of range: -1
    "utf8lite/src/private/decompose.h", line 2423: warning: initializer does not fit or is out of range: -1
    "utf8lite/src/private/decompose.h", line 2423: warning: initializer does not fit or is out of range: -1
    "utf8lite/src/private/decompose.h", line 2423: warning: initializer does not fit or is out of range: -1
    "utf8lite/src/private/decompose.h", line 2423: warning: initializer does not fit or is out of range: -1
    "utf8lite/src/private/decompose.h", line 2423: warning: initializer does not fit or is out of range: -1
    "utf8lite/src/private/decompose.h", line 2424: warning: initializer does not fit or is out of range: -1
    "utf8lite/src/private/decompose.h", line 2424: warning: initializer does not fit or is out of range: -1
    "utf8lite/src/private/decompose.h", line 2424: warning: initializer does not fit or is out of range: -1
    "utf8lite/src/private/decompose.h", line 2424: warning: initializer does not fit or is out of range: -1
    "utf8lite/src/private/decompose.h", line 2424: warning: initializer does not fit or is out of range: -1
    "utf8lite/src/private/decompose.h", line 2425: warning: initializer does not fit or is out of range: -1
    "utf8lite/src/private/decompose.h", line 2425: warning: initializer does not fit or is out of range: -1
    "utf8lite/src/private/decompose.h", line 2425: warning: initializer does not fit or is out of range: -1
    "utf8lite/src/private/decompose.h", line 2425: warning: initializer does not fit or is out of range: -1
    "utf8lite/src/private/decompose.h", line 2425: warning: initializer does not fit or is out of range: -1
    "utf8lite/src/private/decompose.h", line 2426: warning: initializer does not fit or is out of range: -1
    "utf8lite/src/private/decompose.h", line 2426: warning: initializer does not fit or is out of range: -1
    "utf8lite/src/private/decompose.h", line 2426: warning: initializer does not fit or is out of range: -1
    "utf8lite/src/private/decompose.h", line 2426: warning: initializer does not fit or is out of range: -1
    "utf8lite/src/private/decompose.h", line 2426: warning: initializer does not fit or is out of range: -1
    "utf8lite/src/private/decompose.h", line 2427: warning: initializer does not fit or is out of range: -1
    "utf8lite/src/private/decompose.h", line 2427: warning: initializer does not fit or is out of range: -1
    "utf8lite/src/private/decompose.h", line 2427: warning: initializer does not fit or is out of range: -1
    "utf8lite/src/private/decompose.h", line 2427: warning: initializer does not fit or is out of range: -1
    "utf8lite/src/private/decompose.h", line 2427: warning: initializer does not fit or is out of range: -1
    "utf8lite/src/private/decompose.h", line 2428: warning: initializer does not fit or is out of range: -1
    "utf8lite/src/private/decompose.h", line 2428: warning: initializer does not fit or is out of range: -1
    "utf8lite/src/private/decompose.h", line 2428: warning: initializer does not fit or is out of range: -1
    "utf8lite/src/private/decompose.h", line 2428: warning: initializer does not fit or is out of range: -1
    "utf8lite/src/private/decompose.h", line 2428: warning: initializer does not fit or is out of range: -1
    "utf8lite/src/private/decompose.h", line 2429: warning: initializer does not fit or is out of range: -1
    "utf8lite/src/private/decompose.h", line 2429: warning: initializer does not fit or is out of range: -1
    "utf8lite/src/private/decompose.h", line 2429: warning: initializer does not fit or is out of range: -1
    "utf8lite/src/private/decompose.h", line 2429: warning: initializer does not fit or is out of range: -1
    "utf8lite/src/private/decompose.h", line 2429: warning: initializer does not fit or is out of range: -1
    "utf8lite/src/private/decompose.h", line 2430: warning: initializer does not fit or is out of range: -1
    "utf8lite/src/private/decompose.h", line 2430: warning: initializer does not fit or is out of range: -1
    "utf8lite/src/private/decompose.h", line 2430: warning: initializer does not fit or is out of range: -1
    "utf8lite/src/private/decompose.h", line 2430: warning: initializer does not fit or is out of range: -1
    "utf8lite/src/private/decompose.h", line 2430: warning: initializer does not fit or is out of range: -1
    "utf8lite/src/private/decompose.h", line 2431: warning: initializer does not fit or is out of range: -1
    "utf8lite/src/private/decompose.h", line 2431: warning: initializer does not fit or is out of range: -1
    "utf8lite/src/private/decompose.h", line 2431: warning: initializer does not fit or is out of range: -1
    "utf8lite/src/private/decompose.h", line 2431: warning: initializer does not fit or is out of range: -1
    "utf8lite/src/private/decompose.h", line 2431: warning: initializer does not fit or is out of range: -1
    "utf8lite/src/private/decompose.h", line 2432: warning: initializer does not fit or is out of range: -1
    "utf8lite/src/private/decompose.h", line 2436: warning: initializer does not fit or is out of range: -1
    "utf8lite/src/private/decompose.h", line 2436: warning: initializer does not fit or is out of range: -1
    "utf8lite/src/private/decompose.h", line 2436: warning: initializer does not fit or is out of range: -1
    "utf8lite/src/private/decompose.h", line 2436: warning: initializer does not fit or is out of range: -1
    "utf8lite/src/private/decompose.h", line 2436: warning: initializer does not fit or is out of range: -1
    "utf8lite/src/private/decompose.h", line 2437: warning: initializer does not fit or is out of range: -1
    "utf8lite/src/private/decompose.h", line 2437: warning: initializer does not fit or is out of range: -1
    "utf8lite/src/private/decompose.h", line 2437: warning: initializer does not fit or is out of range: -1
    "utf8lite/src/private/decompose.h", line 2437: warning: initializer does not fit or is out of range: -1
    "utf8lite/src/private/decompose.h", line 2437: warning: initializer does not fit or is out of range: -1
    "utf8lite/src/private/decompose.h", line 2438: warning: initializer does not fit or is out of range: -1
    "utf8lite/src/private/decompose.h", line 2438: warning: initializer does not fit or is out of range: -1
    "utf8lite/src/private/decompose.h", line 2438: warning: initializer does not fit or is out of range: -1
    "utf8lite/src/private/decompose.h", line 2438: warning: initializer does not fit or is out of range: -1
    "utf8lite/src/private/decompose.h", line 2438: warning: initializer does not fit or is out of range: -1
    "utf8lite/src/private/decompose.h", line 2439: warning: initializer does not fit or is out of range: -1
    "utf8lite/src/private/decompose.h", line 2439: warning: initializer does not fit or is out of range: -1
    "utf8lite/src/private/decompose.h", line 2439: warning: initializer does not fit or is out of range: -1
    "utf8lite/src/private/decompose.h", line 2439: warning: initializer does not fit or is out of range: -1
    "utf8lite/src/private/decompose.h", line 2439: warning: initializer does not fit or is out of range: -1
    "utf8lite/src/private/decompose.h", line 2440: warning: initializer does not fit or is out of range: -1
    "utf8lite/src/private/decompose.h", line 2440: warning: initializer does not fit or is out of range: -1
    "utf8lite/src/private/decompose.h", line 2440: warning: initializer does not fit or is out of range: -1
    "utf8lite/src/private/decompose.h", line 2440: warning: initializer does not fit or is out of range: -1
    "utf8lite/src/private/decompose.h", line 2440: warning: initializer does not fit or is out of range: -1
    "utf8lite/src/private/decompose.h", line 2441: warning: initializer does not fit or is out of range: -1
    "utf8lite/src/private/decompose.h", line 2441: warning: initializer does not fit or is out of range: -1
    "utf8lite/src/private/decompose.h", line 2441: warning: initializer does not fit or is out of range: -1
    "utf8lite/src/private/decompose.h", line 2441: warning: initializer does not fit or is out of range: -1
    "utf8lite/src/private/decompose.h", line 2441: warning: initializer does not fit or is out of range: -1
    "utf8lite/src/private/decompose.h", line 2442: warning: initializer does not fit or is out of range: -1
    "utf8lite/src/private/decompose.h", line 2442: warning: initializer does not fit or is out of range: -1
    "utf8lite/src/private/decompose.h", line 2442: warning: initializer does not fit or is out of range: -1
    "utf8lite/src/private/decompose.h", line 2442: warning: initializer does not fit or is out of range: -1
    "utf8lite/src/private/decompose.h", line 2442: warning: initializer does not fit or is out of range: -1
    "utf8lite/src/private/decompose.h", line 2443: warning: initializer does not fit or is out of range: -1
    "utf8lite/src/private/decompose.h", line 2443: warning: initializer does not fit or is out of range: -1
    "utf8lite/src/private/decompose.h", line 2443: warning: initializer does not fit or is out of range: -1
    "utf8lite/src/private/decompose.h", line 2443: warning: initializer does not fit or is out of range: -1
    "utf8lite/src/private/decompose.h", line 2443: warning: initializer does not fit or is out of range: -1
    "utf8lite/src/private/decompose.h", line 2444: warning: initializer does not fit or is out of range: -1
    "utf8lite/src/private/decompose.h", line 2444: warning: initializer does not fit or is out of range: -1
    "utf8lite/src/private/decompose.h", line 2444: warning: initializer does not fit or is out of range: -1
    "utf8lite/src/private/decompose.h", line 2444: warning: initializer does not fit or is out of range: -1
    "utf8lite/src/private/decompose.h", line 2444: warning: initializer does not fit or is out of range: -1
    "utf8lite/src/private/decompose.h", line 2445: warning: initializer does not fit or is out of range: -1
    "utf8lite/src/private/decompose.h", line 2445: warning: initializer does not fit or is out of range: -1
    "utf8lite/src/private/decompose.h", line 2445: warning: initializer does not fit or is out of range: -1
    "utf8lite/src/private/decompose.h", line 2445: warning: initializer does not fit or is out of range: -1
    "utf8lite/src/private/decompose.h", line 2445: warning: initializer does not fit or is out of range: -1
    "utf8lite/src/private/decompose.h", line 2446: warning: initializer does not fit or is out of range: -1
    "utf8lite/src/private/decompose.h", line 2446: warning: initializer does not fit or is out of range: -1
    "utf8lite/src/private/decompose.h", line 2446: warning: initializer does not fit or is out of range: -1
    "utf8lite/src/private/decompose.h", line 2446: warning: initializer does not fit or is out of range: -1
    "utf8lite/src/private/decompose.h", line 2446: warning: initializer does not fit or is out of range: -1
    "utf8lite/src/private/decompose.h", line 2447: warning: initializer does not fit or is out of range: -1
    "utf8lite/src/private/decompose.h", line 2447: warning: initializer does not fit or is out of range: -1
    "utf8lite/src/private/decompose.h", line 2447: warning: initializer does not fit or is out of range: -1
    "utf8lite/src/private/decompose.h", line 2447: warning: initializer does not fit or is out of range: -1
    "utf8lite/src/private/decompose.h", line 2447: warning: initializer does not fit or is out of range: -1
    "utf8lite/src/private/decompose.h", line 2448: warning: initializer does not fit or is out of range: -1
    "utf8lite/src/private/decompose.h", line 2448: warning: initializer does not fit or is out of range: -1
    "utf8lite/src/private/decompose.h", line 2448: warning: initializer does not fit or is out of range: -1
    "utf8lite/src/private/decompose.h", line 2448: warning: initializer does not fit or is out of range: -1
    "utf8lite/src/private/decompose.h", line 2448: warning: initializer does not fit or is out of range: -1
    "utf8lite/src/private/decompose.h", line 2449: warning: initializer does not fit or is out of range: -1
    "utf8lite/src/private/decompose.h", line 2449: warning: initializer does not fit or is out of range: -1
    "utf8lite/src/private/decompose.h", line 2449: warning: initializer does not fit or is out of range: -1
    "utf8lite/src/private/decompose.h", line 2449: warning: initializer does not fit or is out of range: -1
    "utf8lite/src/private/decompose.h", line 2449: warning: initializer does not fit or is out of range: -1
    "utf8lite/src/private/decompose.h", line 2450: warning: initializer does not fit or is out of range: -1
    "utf8lite/src/private/decompose.h", line 2450: warning: initializer does not fit or is out of range: -1
    "utf8lite/src/private/decompose.h", line 2450: warning: initializer does not fit or is out of range: -1
    "utf8lite/src/private/decompose.h", line 2450: warning: initializer does not fit or is out of range: -1
    "utf8lite/src/private/decompose.h", line 2450: warning: initializer does not fit or is out of range: -1
    "utf8lite/src/private/decompose.h", line 2451: warning: initializer does not fit or is out of range: -1
    "utf8lite/src/private/decompose.h", line 2451: warning: initializer does not fit or is out of range: -1
    "utf8lite/src/private/decompose.h", line 2451: warning: initializer does not fit or is out of range: -1
    "utf8lite/src/private/decompose.h", line 2451: warning: initializer does not fit or is out of range: -1
    "utf8lite/src/private/decompose.h", line 2451: warning: initializer does not fit or is out of range: -1
    "utf8lite/src/private/decompose.h", line 2452: warning: initializer does not fit or is out of range: -1
    "utf8lite/src/private/decompose.h", line 2452: warning: initializer does not fit or is out of range: -1
    "utf8lite/src/private/decompose.h", line 2452: warning: initializer does not fit or is out of range: -1
    "utf8lite/src/private/decompose.h", line 2452: warning: initializer does not fit or is out of range: -1
    "utf8lite/src/private/decompose.h", line 2452: warning: initializer does not fit or is out of range: -1
    "utf8lite/src/private/decompose.h", line 2453: warning: initializer does not fit or is out of range: -1
    "utf8lite/src/private/decompose.h", line 2453: warning: initializer does not fit or is out of range: -1
    "utf8lite/src/private/decompose.h", line 2453: warning: initializer does not fit or is out of range: -1
    "utf8lite/src/private/decompose.h", line 2453: warning: initializer does not fit or is out of range: -1
    "utf8lite/src/private/decompose.h", line 2453: warning: initializer does not fit or is out of range: -1
    "utf8lite/src/private/decompose.h", line 2454: warning: initializer does not fit or is out of range: -1
    "utf8lite/src/private/decompose.h", line 2454: warning: initializer does not fit or is out of range: -1
    "utf8lite/src/private/decompose.h", line 2454: warning: initializer does not fit or is out of range: -1
    "utf8lite/src/private/decompose.h", line 2454: warning: initializer does not fit or is out of range: -1
    "utf8lite/src/private/decompose.h", line 2454: warning: initializer does not fit or is out of range: -1
    "utf8lite/src/private/decompose.h", line 2455: warning: initializer does not fit or is out of range: -1
    "utf8lite/src/private/decompose.h", line 2455: warning: initializer does not fit or is out of range: -1
    "utf8lite/src/private/decompose.h", line 2455: warning: initializer does not fit or is out of range: -1
    "utf8lite/src/private/decompose.h", line 2455: warning: initializer does not fit or is out of range: -1
    "utf8lite/src/private/decompose.h", line 2455: warning: initializer does not fit or is out of range: -1
    "utf8lite/src/private/decompose.h", line 2456: warning: initializer does not fit or is out of range: -1
    "utf8lite/src/private/decompose.h", line 2456: warning: initializer does not fit or is out of range: -1
    "utf8lite/src/private/decompose.h", line 2456: warning: initializer does not fit or is out of range: -1
    "utf8lite/src/private/decompose.h", line 2456: warning: initializer does not fit or is out of range: -1
    "utf8lite/src/private/decompose.h", line 2456: warning: initializer does not fit or is out of range: -1
    "utf8lite/src/private/decompose.h", line 2457: warning: initializer does not fit or is out of range: -1
    "utf8lite/src/private/decompose.h", line 2457: warning: initializer does not fit or is out of range: -1
    "utf8lite/src/private/decompose.h", line 2457: warning: initializer does not fit or is out of range: -1
    "utf8lite/src/private/decompose.h", line 2457: warning: initializer does not fit or is out of range: -1
    "utf8lite/src/private/decompose.h", line 2457: warning: initializer does not fit or is out of range: -1
    "utf8lite/src/private/decompose.h", line 2458: warning: initializer does not fit or is out of range: -1
    "utf8lite/src/private/decompose.h", line 2458: warning: initializer does not fit or is out of range: -1
    "utf8lite/src/private/decompose.h", line 2458: warning: initializer does not fit or is out of range: -1
    "utf8lite/src/private/decompose.h", line 2458: warning: initializer does not fit or is out of range: -1
    "utf8lite/src/private/decompose.h", line 2458: warning: initializer does not fit or is out of range: -1
    "utf8lite/src/private/decompose.h", line 2459: warning: initializer does not fit or is out of range: -1
    "utf8lite/src/private/decompose.h", line 2459: warning: initializer does not fit or is out of range: -1
    "utf8lite/src/private/decompose.h", line 2459: warning: initializer does not fit or is out of range: -1
    "utf8lite/src/private/decompose.h", line 2459: warning: initializer does not fit or is out of range: -1
    "utf8lite/src/private/decompose.h", line 2459: warning: initializer does not fit or is out of range: -1
    "utf8lite/src/private/decompose.h", line 2460: warning: initializer does not fit or is out of range: -1
    "utf8lite/src/private/decompose.h", line 2460: warning: initializer does not fit or is out of range: -1
    "utf8lite/src/private/decompose.h", line 2460: warning: initializer does not fit or is out of range: -1
    "utf8lite/src/private/decompose.h", line 2460: warning: initializer does not fit or is out of range: -1
    "utf8lite/src/private/decompose.h", line 2460: warning: initializer does not fit or is out of range: -1
    "utf8lite/src/private/decompose.h", line 2461: warning: initializer does not fit or is out of range: -1
    "utf8lite/src/private/decompose.h", line 2461: warning: initializer does not fit or is out of range: -1
    "utf8lite/src/private/decompose.h", line 2461: warning: initializer does not fit or is out of range: -1
    "utf8lite/src/private/decompose.h", line 2461: warning: initializer does not fit or is out of range: -1
    "utf8lite/src/private/decompose.h", line 2461: warning: initializer does not fit or is out of range: -1
    "utf8lite/src/private/decompose.h", line 2462: warning: initializer does not fit or is out of range: -1
    "utf8lite/src/private/decompose.h", line 2462: warning: initializer does not fit or is out of range: -1
    "utf8lite/src/private/decompose.h", line 2462: warning: initializer does not fit or is out of range: -1
    "utf8lite/src/private/decompose.h", line 2462: warning: initializer does not fit or is out of range: -1
    "utf8lite/src/private/decompose.h", line 2462: warning: initializer does not fit or is out of range: -1
    "utf8lite/src/private/decompose.h", line 2463: warning: initializer does not fit or is out of range: -1
    "utf8lite/src/private/decompose.h", line 2463: warning: initializer does not fit or is out of range: -1
    "utf8lite/src/private/decompose.h", line 2463: warning: initializer does not fit or is out of range: -1
    "utf8lite/src/private/decompose.h", line 2463: warning: initializer does not fit or is out of range: -1
    "utf8lite/src/private/decompose.h", line 2463: warning: initializer does not fit or is out of range: -1
    "utf8lite/src/private/decompose.h", line 2464: warning: initializer does not fit or is out of range: -1
    "utf8lite/src/private/decompose.h", line 2464: warning: initializer does not fit or is out of range: -1
    "utf8lite/src/private/decompose.h", line 2464: warning: initializer does not fit or is out of range: -1
    "utf8lite/src/private/decompose.h", line 2464: warning: initializer does not fit or is out of range: -1
    "utf8lite/src/private/decompose.h", line 2464: warning: initializer does not fit or is out of range: -1
    "utf8lite/src/private/decompose.h", line 2465: warning: initializer does not fit or is out of range: -1
    "utf8lite/src/private/decompose.h", line 2465: warning: initializer does not fit or is out of range: -1
    "utf8lite/src/private/decompose.h", line 2465: warning: initializer does not fit or is out of range: -1
    "utf8lite/src/private/decompose.h", line 2465: warning: initializer does not fit or is out of range: -1
    "utf8lite/src/private/decompose.h", line 2465: warning: initializer does not fit or is out of range: -1
    "utf8lite/src/private/decompose.h", line 2466: warning: initializer does not fit or is out of range: -1
    "utf8lite/src/private/decompose.h", line 2466: warning: initializer does not fit or is out of range: -1
    "utf8lite/src/private/decompose.h", line 2466: warning: initializer does not fit or is out of range: -1
    "utf8lite/src/private/decompose.h", line 2466: warning: initializer does not fit or is out of range: -1
    "utf8lite/src/private/decompose.h", line 2466: warning: initializer does not fit or is out of range: -1
    "utf8lite/src/private/decompose.h", line 2467: warning: initializer does not fit or is out of range: -1
    "utf8lite/src/private/decompose.h", line 2467: warning: initializer does not fit or is out of range: -1
    "utf8lite/src/private/decompose.h", line 2467: warning: initializer does not fit or is out of range: -1
    "utf8lite/src/private/decompose.h", line 2467: warning: initializer does not fit or is out of range: -1
    "utf8lite/src/private/decompose.h", line 2467: warning: initializer does not fit or is out of range: -1
    "utf8lite/src/private/decompose.h", line 2468: warning: initializer does not fit or is out of range: -1
    "utf8lite/src/private/decompose.h", line 2468: warning: initializer does not fit or is out of range: -1
    "utf8lite/src/private/decompose.h", line 2468: warning: initializer does not fit or is out of range: -1
    "utf8lite/src/private/decompose.h", line 2468: warning: initializer does not fit or is out of range: -1
    "utf8lite/src/utf8lite.h", line 77: warning: attribute "format" is unknown, ignored
    "utf8lite/src/utf8lite.h", line 91: warning: attribute "format" is unknown, ignored
    "utf8lite/src/utf8lite.h", line 1048: warning: attribute "format" is unknown, ignored
    /home/ripley/developerstudio12.6/bin/cc -xc99 -I"/home/ripley/R/cc/include" -DNDEBUG -I/usr/local/include -Iutf8lite/src -KPIC -O -xlibmieee -xlibmil -xtarget=native -xcache=generic -nofstore -c utf8lite/src/render.c -o utf8lite/src/render.o
    "utf8lite/src/utf8lite.h", line 77: warning: attribute "format" is unknown, ignored
    "utf8lite/src/utf8lite.h", line 91: warning: attribute "format" is unknown, ignored
    "utf8lite/src/utf8lite.h", line 1048: warning: attribute "format" is unknown, ignored
    /home/ripley/developerstudio12.6/bin/cc -xc99 -I"/home/ripley/R/cc/include" -DNDEBUG -I/usr/local/include -Iutf8lite/src -KPIC -O -xlibmieee -xlibmil -xtarget=native -xcache=generic -nofstore -c utf8lite/src/text.c -o utf8lite/src/text.o
    "utf8lite/src/utf8lite.h", line 77: warning: attribute "format" is unknown, ignored
    "utf8lite/src/utf8lite.h", line 91: warning: attribute "format" is unknown, ignored
    "utf8lite/src/utf8lite.h", line 1048: warning: attribute "format" is unknown, ignored
    /home/ripley/developerstudio12.6/bin/cc -xc99 -I"/home/ripley/R/cc/include" -DNDEBUG -I/usr/local/include -Iutf8lite/src -KPIC -O -xlibmieee -xlibmil -xtarget=native -xcache=generic -nofstore -c utf8lite/src/textassign.c -o utf8lite/src/textassign.o
    "utf8lite/src/utf8lite.h", line 77: warning: attribute "format" is unknown, ignored
    "utf8lite/src/utf8lite.h", line 91: warning: attribute "format" is unknown, ignored
    "utf8lite/src/utf8lite.h", line 1048: warning: attribute "format" is unknown, ignored
    /home/ripley/developerstudio12.6/bin/cc -xc99 -I"/home/ripley/R/cc/include" -DNDEBUG -I/usr/local/include -Iutf8lite/src -KPIC -O -xlibmieee -xlibmil -xtarget=native -xcache=generic -nofstore -c utf8lite/src/textiter.c -o utf8lite/src/textiter.o
    "utf8lite/src/utf8lite.h", line 77: warning: attribute "format" is unknown, ignored
    "utf8lite/src/utf8lite.h", line 91: warning: attribute "format" is unknown, ignored
    "utf8lite/src/utf8lite.h", line 1048: warning: attribute "format" is unknown, ignored
    /home/ripley/developerstudio12.6/bin/cc -xc99 -I"/home/ripley/R/cc/include" -DNDEBUG -I/usr/local/include -Iutf8lite/src -KPIC -O -xlibmieee -xlibmil -xtarget=native -xcache=generic -nofstore -c utf8lite/src/textmap.c -o utf8lite/src/textmap.o
    "utf8lite/src/utf8lite.h", line 77: warning: attribute "format" is unknown, ignored
    "utf8lite/src/utf8lite.h", line 91: warning: attribute "format" is unknown, ignored
    "utf8lite/src/utf8lite.h", line 1048: warning: attribute "format" is unknown, ignored
    ar rcs libcutf8lite.a utf8lite/src/array.o utf8lite/src/char.o utf8lite/src/encode.o utf8lite/src/error.o utf8lite/src/escape.o utf8lite/src/graph.o utf8lite/src/graphscan.o utf8lite/src/normalize.o utf8lite/src/render.o utf8lite/src/text.o utf8lite/src/textassign.o utf8lite/src/textiter.o utf8lite/src/textmap.o
    /home/ripley/developerstudio12.6/bin/cc -xc99 -I"/home/ripley/R/cc/include" -DNDEBUG -I/usr/local/include -Iutf8lite/src -KPIC -O -xlibmieee -xlibmil -xtarget=native -xcache=generic -nofstore -c as_utf8.c -o as_utf8.o
    "utf8lite/src/utf8lite.h", line 77: warning: attribute "format" is unknown, ignored
    "utf8lite/src/utf8lite.h", line 91: warning: attribute "format" is unknown, ignored
    "utf8lite/src/utf8lite.h", line 1048: warning: attribute "format" is unknown, ignored
    /home/ripley/developerstudio12.6/bin/cc -xc99 -I"/home/ripley/R/cc/include" -DNDEBUG -I/usr/local/include -Iutf8lite/src -KPIC -O -xlibmieee -xlibmil -xtarget=native -xcache=generic -nofstore -c bytes.c -o bytes.o
    "utf8lite/src/utf8lite.h", line 77: warning: attribute "format" is unknown, ignored
    "utf8lite/src/utf8lite.h", line 91: warning: attribute "format" is unknown, ignored
    "utf8lite/src/utf8lite.h", line 1048: warning: attribute "format" is unknown, ignored
    /home/ripley/developerstudio12.6/bin/cc -xc99 -I"/home/ripley/R/cc/include" -DNDEBUG -I/usr/local/include -Iutf8lite/src -KPIC -O -xlibmieee -xlibmil -xtarget=native -xcache=generic -nofstore -c context.c -o context.o
    "utf8lite/src/utf8lite.h", line 77: warning: attribute "format" is unknown, ignored
    "utf8lite/src/utf8lite.h", line 91: warning: attribute "format" is unknown, ignored
    "utf8lite/src/utf8lite.h", line 1048: warning: attribute "format" is unknown, ignored
    /home/ripley/developerstudio12.6/bin/cc -xc99 -I"/home/ripley/R/cc/include" -DNDEBUG -I/usr/local/include -Iutf8lite/src -KPIC -O -xlibmieee -xlibmil -xtarget=native -xcache=generic -nofstore -c init.c -o init.o
    "utf8lite/src/utf8lite.h", line 77: warning: attribute "format" is unknown, ignored
    "utf8lite/src/utf8lite.h", line 91: warning: attribute "format" is unknown, ignored
    "utf8lite/src/utf8lite.h", line 1048: warning: attribute "format" is unknown, ignored
    /home/ripley/developerstudio12.6/bin/cc -xc99 -I"/home/ripley/R/cc/include" -DNDEBUG -I/usr/local/include -Iutf8lite/src -KPIC -O -xlibmieee -xlibmil -xtarget=native -xcache=generic -nofstore -c render.c -o render.o
    "utf8lite/src/utf8lite.h", line 77: warning: attribute "format" is unknown, ignored
    "utf8lite/src/utf8lite.h", line 91: warning: attribute "format" is unknown, ignored
    "utf8lite/src/utf8lite.h", line 1048: warning: attribute "format" is unknown, ignored
    /home/ripley/developerstudio12.6/bin/cc -xc99 -I"/home/ripley/R/cc/include" -DNDEBUG -I/usr/local/include -Iutf8lite/src -KPIC -O -xlibmieee -xlibmil -xtarget=native -xcache=generic -nofstore -c render_table.c -o render_table.o
    "utf8lite/src/utf8lite.h", line 77: warning: attribute "format" is unknown, ignored
    "utf8lite/src/utf8lite.h", line 91: warning: attribute "format" is unknown, ignored
    "utf8lite/src/utf8lite.h", line 1048: warning: attribute "format" is unknown, ignored
    /home/ripley/developerstudio12.6/bin/cc -xc99 -I"/home/ripley/R/cc/include" -DNDEBUG -I/usr/local/include -Iutf8lite/src -KPIC -O -xlibmieee -xlibmil -xtarget=native -xcache=generic -nofstore -c string.c -o string.o
    "utf8lite/src/utf8lite.h", line 77: warning: attribute "format" is unknown, ignored
    "utf8lite/src/utf8lite.h", line 91: warning: attribute "format" is unknown, ignored
    "utf8lite/src/utf8lite.h", line 1048: warning: attribute "format" is unknown, ignored
    /home/ripley/developerstudio12.6/bin/cc -xc99 -I"/home/ripley/R/cc/include" -DNDEBUG -I/usr/local/include -Iutf8lite/src -KPIC -O -xlibmieee -xlibmil -xtarget=native -xcache=generic -nofstore -c text.c -o text.o
    "utf8lite/src/utf8lite.h", line 77: warning: attribute "format" is unknown, ignored
    "utf8lite/src/utf8lite.h", line 91: warning: attribute "format" is unknown, ignored
    "utf8lite/src/utf8lite.h", line 1048: warning: attribute "format" is unknown, ignored
    /home/ripley/developerstudio12.6/bin/cc -xc99 -I"/home/ripley/R/cc/include" -DNDEBUG -I/usr/local/include -Iutf8lite/src -KPIC -O -xlibmieee -xlibmil -xtarget=native -xcache=generic -nofstore -c utf8_encode.c -o utf8_encode.o
    "utf8lite/src/utf8lite.h", line 77: warning: attribute "format" is unknown, ignored
    "utf8lite/src/utf8lite.h", line 91: warning: attribute "format" is unknown, ignored
    "utf8lite/src/utf8lite.h", line 1048: warning: attribute "format" is unknown, ignored
    /home/ripley/developerstudio12.6/bin/cc -xc99 -I"/home/ripley/R/cc/include" -DNDEBUG -I/usr/local/include -Iutf8lite/src -KPIC -O -xlibmieee -xlibmil -xtarget=native -xcache=generic -nofstore -c utf8_format.c -o utf8_format.o
    "utf8lite/src/utf8lite.h", line 77: warning: attribute "format" is unknown, ignored
    "utf8lite/src/utf8lite.h", line 91: warning: attribute "format" is unknown, ignored
    "utf8lite/src/utf8lite.h", line 1048: warning: attribute "format" is unknown, ignored
    /home/ripley/developerstudio12.6/bin/cc -xc99 -I"/home/ripley/R/cc/include" -DNDEBUG -I/usr/local/include -Iutf8lite/src -KPIC -O -xlibmieee -xlibmil -xtarget=native -xcache=generic -nofstore -c utf8_normalize.c -o utf8_normalize.o
    "utf8lite/src/utf8lite.h", line 77: warning: attribute "format" is unknown, ignored
    "utf8lite/src/utf8lite.h", line 91: warning: attribute "format" is unknown, ignored
    "utf8lite/src/utf8lite.h", line 1048: warning: attribute "format" is unknown, ignored
    /home/ripley/developerstudio12.6/bin/cc -xc99 -I"/home/ripley/R/cc/include" -DNDEBUG -I/usr/local/include -Iutf8lite/src -KPIC -O -xlibmieee -xlibmil -xtarget=native -xcache=generic -nofstore -c utf8_valid.c -o utf8_valid.o
    "utf8lite/src/utf8lite.h", line 77: warning: attribute "format" is unknown, ignored
    "utf8lite/src/utf8lite.h", line 91: warning: attribute "format" is unknown, ignored
    "utf8lite/src/utf8lite.h", line 1048: warning: attribute "format" is unknown, ignored
    /home/ripley/developerstudio12.6/bin/cc -xc99 -I"/home/ripley/R/cc/include" -DNDEBUG -I/usr/local/include -Iutf8lite/src -KPIC -O -xlibmieee -xlibmil -xtarget=native -xcache=generic -nofstore -c utf8_width.c -o utf8_width.o
    "utf8lite/src/utf8lite.h", line 77: warning: attribute "format" is unknown, ignored
    "utf8lite/src/utf8lite.h", line 91: warning: attribute "format" is unknown, ignored
    "utf8lite/src/utf8lite.h", line 1048: warning: attribute "format" is unknown, ignored
    /home/ripley/developerstudio12.6/bin/cc -xc99 -I"/home/ripley/R/cc/include" -DNDEBUG -I/usr/local/include -Iutf8lite/src -KPIC -O -xlibmieee -xlibmil -xtarget=native -xcache=generic -nofstore -c util.c -o util.o
    "utf8lite/src/utf8lite.h", line 77: warning: attribute "format" is unknown, ignored
    "utf8lite/src/utf8lite.h", line 91: warning: attribute "format" is unknown, ignored
    "utf8lite/src/utf8lite.h", line 1048: warning: attribute "format" is unknown, ignored
    /home/ripley/developerstudio12.6/bin/cc -xc99 -G -L/usr/local/lib -o utf8.so as_utf8.o bytes.o context.o init.o render.o render_table.o string.o text.o utf8_encode.o utf8_format.o utf8_normalize.o utf8_valid.o utf8_width.o util.o -L. -lcutf8lite
    installing to /tmp/RtmpYAa4qn/working_dir/Rtmpy_aO0y/folder1/00LOCK-utf8/00new/utf8/libs
    ** R
    ** inst
    ** byte-compile and prepare package for lazy loading
    ** help
    *** installing help indices
    ** building package indices
    ** installing vignettes
    ** testing if installed package can be loaded from temporary location
    ** checking absolute paths in shared objects and dynamic libraries
    ** testing if installed package can be loaded from final location
    ** testing if installed package keeps a record of temporary installation path
    * DONE (utf8)
    * installing *source* package ‘pkgconfig’ ...
    ** package ‘pkgconfig’ successfully unpacked and MD5 sums checked
    ** using staged installation
    ** R
    ** inst
    ** byte-compile and prepare package for lazy loading
    ** help
    *** installing help indices
    ** building package indices
    ** testing if installed package can be loaded from temporary location
    ** testing if installed package can be loaded from final location
    ** testing if installed package keeps a record of temporary installation path
    * DONE (pkgconfig)
    * installing *source* package ‘glue’ ...
    ** package ‘glue’ successfully unpacked and MD5 sums checked
    ** using staged installation
    ** libs
    /home/ripley/developerstudio12.6/bin/cc -xc99 -I"/home/ripley/R/cc/include" -DNDEBUG -I/usr/local/include -KPIC -O -xlibmieee -xlibmil -xtarget=native -xcache=generic -nofstore -c glue.c -o glue.o
    /home/ripley/developerstudio12.6/bin/cc -xc99 -I"/home/ripley/R/cc/include" -DNDEBUG -I/usr/local/include -KPIC -O -xlibmieee -xlibmil -xtarget=native -xcache=generic -nofstore -c init.c -o init.o
    /home/ripley/developerstudio12.6/bin/cc -xc99 -I"/home/ripley/R/cc/include" -DNDEBUG -I/usr/local/include -KPIC -O -xlibmieee -xlibmil -xtarget=native -xcache=generic -nofstore -c trim.c -o trim.o
    /home/ripley/developerstudio12.6/bin/cc -xc99 -G -L/usr/local/lib -o glue.so glue.o init.o trim.o
    installing to /tmp/RtmpYAa4qn/working_dir/Rtmpy_aO0y/folder1/00LOCK-glue/00new/glue/libs
    ** R
    ** inst
    ** byte-compile and prepare package for lazy loading
    ** help
    *** installing help indices
    *** copying figures
    ** building package indices
    ** installing vignettes
    ** testing if installed package can be loaded from temporary location
    ** checking absolute paths in shared objects and dynamic libraries
    ** testing if installed package can be loaded from final location
    ** testing if installed package keeps a record of temporary installation path
    * DONE (glue)
    * installing *source* package ‘rprojroot’ ...
    ** package ‘rprojroot’ successfully unpacked and MD5 sums checked
    ** using staged installation
    ** R
    ** inst
    ** byte-compile and prepare package for lazy loading
    ** help
    *** installing help indices
    *** copying figures
    ** building package indices
    ** installing vignettes
    ** testing if installed package can be loaded from temporary location
    ** testing if installed package can be loaded from final location
    ** testing if installed package keeps a record of temporary installation path
    * DONE (rprojroot)
    * installing *source* package ‘rstudioapi’ ...
    ** package ‘rstudioapi’ successfully unpacked and MD5 sums checked
    ** using staged installation
    ** R
    ** inst
    ** byte-compile and prepare package for lazy loading
    ** help
    *** installing help indices
    *** copying figures
    ** building package indices
    ** installing vignettes
    ** testing if installed package can be loaded from temporary location
    ** testing if installed package can be loaded from final location
    ** testing if installed package keeps a record of temporary installation path
    * DONE (rstudioapi)
    * installing *source* package ‘fansi’ ...
    ** package ‘fansi’ successfully unpacked and MD5 sums checked
    ** using staged installation
    ** libs
    /home/ripley/developerstudio12.6/bin/cc -xc99 -I"/home/ripley/R/cc/include" -DNDEBUG -I/usr/local/include -KPIC -O -xlibmieee -xlibmil -xtarget=native -xcache=generic -nofstore -c assumptions.c -o assumptions.o
    /home/ripley/developerstudio12.6/bin/cc -xc99 -I"/home/ripley/R/cc/include" -DNDEBUG -I/usr/local/include -KPIC -O -xlibmieee -xlibmil -xtarget=native -xcache=generic -nofstore -c has.c -o has.o
    /home/ripley/developerstudio12.6/bin/cc -xc99 -I"/home/ripley/R/cc/include" -DNDEBUG -I/usr/local/include -KPIC -O -xlibmieee -xlibmil -xtarget=native -xcache=generic -nofstore -c init.c -o init.o
    /home/ripley/developerstudio12.6/bin/cc -xc99 -I"/home/ripley/R/cc/include" -DNDEBUG -I/usr/local/include -KPIC -O -xlibmieee -xlibmil -xtarget=native -xcache=generic -nofstore -c nchar.c -o nchar.o
    /home/ripley/developerstudio12.6/bin/cc -xc99 -I"/home/ripley/R/cc/include" -DNDEBUG -I/usr/local/include -KPIC -O -xlibmieee -xlibmil -xtarget=native -xcache=generic -nofstore -c read.c -o read.o
    /home/ripley/developerstudio12.6/bin/cc -xc99 -I"/home/ripley/R/cc/include" -DNDEBUG -I/usr/local/include -KPIC -O -xlibmieee -xlibmil -xtarget=native -xcache=generic -nofstore -c rnchar.c -o rnchar.o
    /home/ripley/developerstudio12.6/bin/cc -xc99 -I"/home/ripley/R/cc/include" -DNDEBUG -I/usr/local/include -KPIC -O -xlibmieee -xlibmil -xtarget=native -xcache=generic -nofstore -c state.c -o state.o
    /home/ripley/developerstudio12.6/bin/cc -xc99 -I"/home/ripley/R/cc/include" -DNDEBUG -I/usr/local/include -KPIC -O -xlibmieee -xlibmil -xtarget=native -xcache=generic -nofstore -c strip.c -o strip.o
    /home/ripley/developerstudio12.6/bin/cc -xc99 -I"/home/ripley/R/cc/include" -DNDEBUG -I/usr/local/include -KPIC -O -xlibmieee -xlibmil -xtarget=native -xcache=generic -nofstore -c strsplit.c -o strsplit.o
    /home/ripley/developerstudio12.6/bin/cc -xc99 -I"/home/ripley/R/cc/include" -DNDEBUG -I/usr/local/include -KPIC -O -xlibmieee -xlibmil -xtarget=native -xcache=generic -nofstore -c tabs.c -o tabs.o
    /home/ripley/developerstudio12.6/bin/cc -xc99 -I"/home/ripley/R/cc/include" -DNDEBUG -I/usr/local/include -KPIC -O -xlibmieee -xlibmil -xtarget=native -xcache=generic -nofstore -c tohtml.c -o tohtml.o
    /home/ripley/developerstudio12.6/bin/cc -xc99 -I"/home/ripley/R/cc/include" -DNDEBUG -I/usr/local/include -KPIC -O -xlibmieee -xlibmil -xtarget=native -xcache=generic -nofstore -c unhandled.c -o unhandled.o
    /home/ripley/developerstudio12.6/bin/cc -xc99 -I"/home/ripley/R/cc/include" -DNDEBUG -I/usr/local/include -KPIC -O -xlibmieee -xlibmil -xtarget=native -xcache=generic -nofstore -c unique.c -o unique.o
    /home/ripley/developerstudio12.6/bin/cc -xc99 -I"/home/ripley/R/cc/include" -DNDEBUG -I/usr/local/include -KPIC -O -xlibmieee -xlibmil -xtarget=native -xcache=generic -nofstore -c utf8.c -o utf8.o
    /home/ripley/developerstudio12.6/bin/cc -xc99 -I"/home/ripley/R/cc/include" -DNDEBUG -I/usr/local/include -KPIC -O -xlibmieee -xlibmil -xtarget=native -xcache=generic -nofstore -c utils.c -o utils.o
    /home/ripley/developerstudio12.6/bin/cc -xc99 -I"/home/ripley/R/cc/include" -DNDEBUG -I/usr/local/include -KPIC -O -xlibmieee -xlibmil -xtarget=native -xcache=generic -nofstore -c wrap.c -o wrap.o
    /home/ripley/developerstudio12.6/bin/cc -xc99 -G -L/usr/local/lib -o fansi.so assumptions.o has.o init.o nchar.o read.o rnchar.o state.o strip.o strsplit.o tabs.o tohtml.o unhandled.o unique.o utf8.o utils.o wrap.o
    installing to /tmp/RtmpYAa4qn/working_dir/Rtmpy_aO0y/folder1/00LOCK-fansi/00new/fansi/libs
    ** R
    ** inst
    ** byte-compile and prepare package for lazy loading
    ** help
    *** installing help indices
    ** building package indices
    ** installing vignettes
    ** testing if installed package can be loaded from temporary location
    ** checking absolute paths in shared objects and dynamic libraries
    ** testing if installed package can be loaded from final location
    ** testing if installed package keeps a record of temporary installation path
    * DONE (fansi)
    * installing *source* package ‘brio’ ...
    ** package ‘brio’ successfully unpacked and MD5 sums checked
    ** using staged installation
    ** libs
    /home/ripley/developerstudio12.6/bin/cc -xc99 -I"/home/ripley/R/cc/include" -DNDEBUG -I/usr/local/include -KPIC -O -xlibmieee -xlibmil -xtarget=native -xcache=generic -nofstore -c brio.c -o brio.o
    /home/ripley/developerstudio12.6/bin/cc -xc99 -I"/home/ripley/R/cc/include" -DNDEBUG -I/usr/local/include -KPIC -O -xlibmieee -xlibmil -xtarget=native -xcache=generic -nofstore -c file_line_endings.c -o file_line_endings.o
    /home/ripley/developerstudio12.6/bin/cc -xc99 -I"/home/ripley/R/cc/include" -DNDEBUG -I/usr/local/include -KPIC -O -xlibmieee -xlibmil -xtarget=native -xcache=generic -nofstore -c init.c -o init.o
    /home/ripley/developerstudio12.6/bin/cc -xc99 -I"/home/ripley/R/cc/include" -DNDEBUG -I/usr/local/include -KPIC -O -xlibmieee -xlibmil -xtarget=native -xcache=generic -nofstore -c read_file.c -o read_file.o
    /home/ripley/developerstudio12.6/bin/cc -xc99 -I"/home/ripley/R/cc/include" -DNDEBUG -I/usr/local/include -KPIC -O -xlibmieee -xlibmil -xtarget=native -xcache=generic -nofstore -c read_file_raw.c -o read_file_raw.o
    /home/ripley/developerstudio12.6/bin/cc -xc99 -I"/home/ripley/R/cc/include" -DNDEBUG -I/usr/local/include -KPIC -O -xlibmieee -xlibmil -xtarget=native -xcache=generic -nofstore -c read_lines.c -o read_lines.o
    /home/ripley/developerstudio12.6/bin/cc -xc99 -I"/home/ripley/R/cc/include" -DNDEBUG -I/usr/local/include -KPIC -O -xlibmieee -xlibmil -xtarget=native -xcache=generic -nofstore -c write_file.c -o write_file.o
    /home/ripley/developerstudio12.6/bin/cc -xc99 -I"/home/ripley/R/cc/include" -DNDEBUG -I/usr/local/include -KPIC -O -xlibmieee -xlibmil -xtarget=native -xcache=generic -nofstore -c write_lines.c -o write_lines.o
    /home/ripley/developerstudio12.6/bin/cc -xc99 -G -L/usr/local/lib -o brio.so brio.o file_line_endings.o init.o read_file.o read_file_raw.o read_lines.o write_file.o write_lines.o
    installing to /tmp/RtmpYAa4qn/working_dir/Rtmpy_aO0y/folder1/00LOCK-brio/00new/brio/libs
    ** R
    ** byte-compile and prepare package for lazy loading
    ** help
    *** installing help indices
    ** building package indices
    ** testing if installed package can be loaded from temporary location
    ** checking absolute paths in shared objects and dynamic libraries
    ** testing if installed package can be loaded from final location
    ** testing if installed package keeps a record of temporary installation path
    * DONE (brio)
    * installing *source* package ‘crayon’ ...
    ** package ‘crayon’ successfully unpacked and MD5 sums checked
    ** using staged installation
    ** R
    ** byte-compile and prepare package for lazy loading
    ** help
    *** installing help indices
    ** building package indices
    ** testing if installed package can be loaded from temporary location
    ** testing if installed package can be loaded from final location
    ** testing if installed package keeps a record of temporary installation path
    * DONE (crayon)
    * installing *source* package ‘digest’ ...
    ** package ‘digest’ successfully unpacked and MD5 sums checked
    ** using staged installation
    ** libs
    /home/ripley/developerstudio12.6/bin/CC -std=c++11 -library=stdcpp,CrunG3 -I"/home/ripley/R/cc/include" -DNDEBUG -I/usr/local/include -KPIC -O -xlibmil -xtarget=native -xcache=generic -nofstore -c SpookyV2.cpp -o SpookyV2.o
    /home/ripley/developerstudio12.6/bin/cc -xc99 -I"/home/ripley/R/cc/include" -DNDEBUG -I/usr/local/include -KPIC -O -xlibmieee -xlibmil -xtarget=native -xcache=generic -nofstore -c aes.c -o aes.o
    /home/ripley/developerstudio12.6/bin/cc -xc99 -I"/home/ripley/R/cc/include" -DNDEBUG -I/usr/local/include -KPIC -O -xlibmieee -xlibmil -xtarget=native -xcache=generic -nofstore -c blake3.c -o blake3.o
    /home/ripley/developerstudio12.6/bin/cc -xc99 -I"/home/ripley/R/cc/include" -DNDEBUG -I/usr/local/include -KPIC -O -xlibmieee -xlibmil -xtarget=native -xcache=generic -nofstore -c blake3_dispatch.c -o blake3_dispatch.o
    /home/ripley/developerstudio12.6/bin/cc -xc99 -I"/home/ripley/R/cc/include" -DNDEBUG -I/usr/local/include -KPIC -O -xlibmieee -xlibmil -xtarget=native -xcache=generic -nofstore -c blake3_portable.c -o blake3_portable.o
    /home/ripley/developerstudio12.6/bin/cc -xc99 -I"/home/ripley/R/cc/include" -DNDEBUG -I/usr/local/include -KPIC -O -xlibmieee -xlibmil -xtarget=native -xcache=generic -nofstore -c crc32.c -o crc32.o
    /home/ripley/developerstudio12.6/bin/cc -xc99 -I"/home/ripley/R/cc/include" -DNDEBUG -I/usr/local/include -KPIC -O -xlibmieee -xlibmil -xtarget=native -xcache=generic -nofstore -c digest.c -o digest.o
    /home/ripley/developerstudio12.6/bin/cc -xc99 -I"/home/ripley/R/cc/include" -DNDEBUG -I/usr/local/include -KPIC -O -xlibmieee -xlibmil -xtarget=native -xcache=generic -nofstore -c digest2int.c -o digest2int.o
    /home/ripley/developerstudio12.6/bin/cc -xc99 -I"/home/ripley/R/cc/include" -DNDEBUG -I/usr/local/include -KPIC -O -xlibmieee -xlibmil -xtarget=native -xcache=generic -nofstore -c init.c -o init.o
    /home/ripley/developerstudio12.6/bin/cc -xc99 -I"/home/ripley/R/cc/include" -DNDEBUG -I/usr/local/include -KPIC -O -xlibmieee -xlibmil -xtarget=native -xcache=generic -nofstore -c md5.c -o md5.o
    /home/ripley/developerstudio12.6/bin/cc -xc99 -I"/home/ripley/R/cc/include" -DNDEBUG -I/usr/local/include -KPIC -O -xlibmieee -xlibmil -xtarget=native -xcache=generic -nofstore -c pmurhash.c -o pmurhash.o
    /home/ripley/developerstudio12.6/bin/cc -xc99 -I"/home/ripley/R/cc/include" -DNDEBUG -I/usr/local/include -KPIC -O -xlibmieee -xlibmil -xtarget=native -xcache=generic -nofstore -c raes.c -o raes.o
    /home/ripley/developerstudio12.6/bin/cc -xc99 -I"/home/ripley/R/cc/include" -DNDEBUG -I/usr/local/include -KPIC -O -xlibmieee -xlibmil -xtarget=native -xcache=generic -nofstore -c sha1.c -o sha1.o
    /home/ripley/developerstudio12.6/bin/cc -xc99 -I"/home/ripley/R/cc/include" -DNDEBUG -I/usr/local/include -KPIC -O -xlibmieee -xlibmil -xtarget=native -xcache=generic -nofstore -c sha2.c -o sha2.o
    /home/ripley/developerstudio12.6/bin/cc -xc99 -I"/home/ripley/R/cc/include" -DNDEBUG -I/usr/local/include -KPIC -O -xlibmieee -xlibmil -xtarget=native -xcache=generic -nofstore -c sha256.c -o sha256.o
    /home/ripley/developerstudio12.6/bin/CC -std=c++11 -library=stdcpp,CrunG3 -I"/home/ripley/R/cc/include" -DNDEBUG -I/usr/local/include -KPIC -O -xlibmil -xtarget=native -xcache=generic -nofstore -c spooky_serialize.cpp -o spooky_serialize.o
    /home/ripley/developerstudio12.6/bin/cc -xc99 -I"/home/ripley/R/cc/include" -DNDEBUG -I/usr/local/include -KPIC -O -xlibmieee -xlibmil -xtarget=native -xcache=generic -nofstore -c xxhash.c -o xxhash.o
    /home/ripley/developerstudio12.6/bin/CC -std=c++11 -library=stdcpp,CrunG3 -G -L/usr/local/lib -o digest.so SpookyV2.o aes.o blake3.o blake3_dispatch.o blake3_portable.o crc32.o digest.o digest2int.o init.o md5.o pmurhash.o raes.o sha1.o sha2.o sha256.o spooky_serialize.o xxhash.o
    installing to /tmp/RtmpYAa4qn/working_dir/Rtmpy_aO0y/folder1/00LOCK-digest/00new/digest/libs
    ** R
    ** demo
    ** inst
    ** byte-compile and prepare package for lazy loading
    ** help
    *** installing help indices
    ** building package indices
    ** installing vignettes
    ** testing if installed package can be loaded from temporary location
    ** checking absolute paths in shared objects and dynamic libraries
    ** testing if installed package can be loaded from final location
    ** testing if installed package keeps a record of temporary installation path
    * DONE (digest)
    * installing *source* package ‘evaluate’ ...
    ** package ‘evaluate’ successfully unpacked and MD5 sums checked
    ** using staged installation
    ** R
    ** byte-compile and prepare package for lazy loading
    ** help
    *** installing help indices
    ** building package indices
    ** testing if installed package can be loaded from temporary location
    ** testing if installed package can be loaded from final location
    ** testing if installed package keeps a record of temporary installation path
    * DONE (evaluate)
    * installing *source* package ‘jsonlite’ ...
    ** package ‘jsonlite’ successfully unpacked and MD5 sums checked
    ** using staged installation
    ** libs
    /home/ripley/developerstudio12.6/bin/cc -xc99 -I"/home/ripley/R/cc/include" -DNDEBUG -Iyajl/api -I/usr/local/include -KPIC -O -xlibmieee -xlibmil -xtarget=native -xcache=generic -nofstore -c yajl/yajl.c -o yajl/yajl.o
    /home/ripley/developerstudio12.6/bin/cc -xc99 -I"/home/ripley/R/cc/include" -DNDEBUG -Iyajl/api -I/usr/local/include -KPIC -O -xlibmieee -xlibmil -xtarget=native -xcache=generic -nofstore -c yajl/yajl_alloc.c -o yajl/yajl_alloc.o
    /home/ripley/developerstudio12.6/bin/cc -xc99 -I"/home/ripley/R/cc/include" -DNDEBUG -Iyajl/api -I/usr/local/include -KPIC -O -xlibmieee -xlibmil -xtarget=native -xcache=generic -nofstore -c yajl/yajl_buf.c -o yajl/yajl_buf.o
    /home/ripley/developerstudio12.6/bin/cc -xc99 -I"/home/ripley/R/cc/include" -DNDEBUG -Iyajl/api -I/usr/local/include -KPIC -O -xlibmieee -xlibmil -xtarget=native -xcache=generic -nofstore -c yajl/yajl_encode.c -o yajl/yajl_encode.o
    /home/ripley/developerstudio12.6/bin/cc -xc99 -I"/home/ripley/R/cc/include" -DNDEBUG -Iyajl/api -I/usr/local/include -KPIC -O -xlibmieee -xlibmil -xtarget=native -xcache=generic -nofstore -c yajl/yajl_gen.c -o yajl/yajl_gen.o
    /home/ripley/developerstudio12.6/bin/cc -xc99 -I"/home/ripley/R/cc/include" -DNDEBUG -Iyajl/api -I/usr/local/include -KPIC -O -xlibmieee -xlibmil -xtarget=native -xcache=generic -nofstore -c yajl/yajl_lex.c -o yajl/yajl_lex.o
    /home/ripley/developerstudio12.6/bin/cc -xc99 -I"/home/ripley/R/cc/include" -DNDEBUG -Iyajl/api -I/usr/local/include -KPIC -O -xlibmieee -xlibmil -xtarget=native -xcache=generic -nofstore -c yajl/yajl_parser.c -o yajl/yajl_parser.o
    /home/ripley/developerstudio12.6/bin/cc -xc99 -I"/home/ripley/R/cc/include" -DNDEBUG -Iyajl/api -I/usr/local/include -KPIC -O -xlibmieee -xlibmil -xtarget=native -xcache=generic -nofstore -c yajl/yajl_tree.c -o yajl/yajl_tree.o
    ar rcs yajl/libstatyajl.a yajl/yajl.o yajl/yajl_alloc.o yajl/yajl_buf.o yajl/yajl_encode.o yajl/yajl_gen.o yajl/yajl_lex.o yajl/yajl_parser.o yajl/yajl_tree.o
    /home/ripley/developerstudio12.6/bin/cc -xc99 -I"/home/ripley/R/cc/include" -DNDEBUG -Iyajl/api -I/usr/local/include -KPIC -O -xlibmieee -xlibmil -xtarget=native -xcache=generic -nofstore -c base64.c -o base64.o
    /home/ripley/developerstudio12.6/bin/cc -xc99 -I"/home/ripley/R/cc/include" -DNDEBUG -Iyajl/api -I/usr/local/include -KPIC -O -xlibmieee -xlibmil -xtarget=native -xcache=generic -nofstore -c collapse_array.c -o collapse_array.o
    /home/ripley/developerstudio12.6/bin/cc -xc99 -I"/home/ripley/R/cc/include" -DNDEBUG -Iyajl/api -I/usr/local/include -KPIC -O -xlibmieee -xlibmil -xtarget=native -xcache=generic -nofstore -c collapse_object.c -o collapse_object.o
    /home/ripley/developerstudio12.6/bin/cc -xc99 -I"/home/ripley/R/cc/include" -DNDEBUG -Iyajl/api -I/usr/local/include -KPIC -O -xlibmieee -xlibmil -xtarget=native -xcache=generic -nofstore -c collapse_pretty.c -o collapse_pretty.o
    /home/ripley/developerstudio12.6/bin/cc -xc99 -I"/home/ripley/R/cc/include" -DNDEBUG -Iyajl/api -I/usr/local/include -KPIC -O -xlibmieee -xlibmil -xtarget=native -xcache=generic -nofstore -c escape_chars.c -o escape_chars.o
    /home/ripley/developerstudio12.6/bin/cc -xc99 -I"/home/ripley/R/cc/include" -DNDEBUG -Iyajl/api -I/usr/local/include -KPIC -O -xlibmieee -xlibmil -xtarget=native -xcache=generic -nofstore -c integer64_to_na.c -o integer64_to_na.o
    /home/ripley/developerstudio12.6/bin/cc -xc99 -I"/home/ripley/R/cc/include" -DNDEBUG -Iyajl/api -I/usr/local/include -KPIC -O -xlibmieee -xlibmil -xtarget=native -xcache=generic -nofstore -c is_datelist.c -o is_datelist.o
    /home/ripley/developerstudio12.6/bin/cc -xc99 -I"/home/ripley/R/cc/include" -DNDEBUG -Iyajl/api -I/usr/local/include -KPIC -O -xlibmieee -xlibmil -xtarget=native -xcache=generic -nofstore -c is_recordlist.c -o is_recordlist.o
    /home/ripley/developerstudio12.6/bin/cc -xc99 -I"/home/ripley/R/cc/include" -DNDEBUG -Iyajl/api -I/usr/local/include -KPIC -O -xlibmieee -xlibmil -xtarget=native -xcache=generic -nofstore -c is_scalarlist.c -o is_scalarlist.o
    /home/ripley/developerstudio12.6/bin/cc -xc99 -I"/home/ripley/R/cc/include" -DNDEBUG -Iyajl/api -I/usr/local/include -KPIC -O -xlibmieee -xlibmil -xtarget=native -xcache=generic -nofstore -c modp_numtoa.c -o modp_numtoa.o
    /home/ripley/developerstudio12.6/bin/cc -xc99 -I"/home/ripley/R/cc/include" -DNDEBUG -Iyajl/api -I/usr/local/include -KPIC -O -xlibmieee -xlibmil -xtarget=native -xcache=generic -nofstore -c null_to_na.c -o null_to_na.o
    /home/ripley/developerstudio12.6/bin/cc -xc99 -I"/home/ripley/R/cc/include" -DNDEBUG -Iyajl/api -I/usr/local/include -KPIC -O -xlibmieee -xlibmil -xtarget=native -xcache=generic -nofstore -c num_to_char.c -o num_to_char.o
    /home/ripley/developerstudio12.6/bin/cc -xc99 -I"/home/ripley/R/cc/include" -DNDEBUG -Iyajl/api -I/usr/local/include -KPIC -O -xlibmieee -xlibmil -xtarget=native -xcache=generic -nofstore -c parse.c -o parse.o
    /home/ripley/developerstudio12.6/bin/cc -xc99 -I"/home/ripley/R/cc/include" -DNDEBUG -Iyajl/api -I/usr/local/include -KPIC -O -xlibmieee -xlibmil -xtarget=native -xcache=generic -nofstore -c prettify.c -o prettify.o
    /home/ripley/developerstudio12.6/bin/cc -xc99 -I"/home/ripley/R/cc/include" -DNDEBUG -Iyajl/api -I/usr/local/include -KPIC -O -xlibmieee -xlibmil -xtarget=native -xcache=generic -nofstore -c push_parser.c -o push_parser.o
    /home/ripley/developerstudio12.6/bin/cc -xc99 -I"/home/ripley/R/cc/include" -DNDEBUG -Iyajl/api -I/usr/local/include -KPIC -O -xlibmieee -xlibmil -xtarget=native -xcache=generic -nofstore -c r-base64.c -o r-base64.o
    /home/ripley/developerstudio12.6/bin/cc -xc99 -I"/home/ripley/R/cc/include" -DNDEBUG -Iyajl/api -I/usr/local/include -KPIC -O -xlibmieee -xlibmil -xtarget=native -xcache=generic -nofstore -c register.c -o register.o
    /home/ripley/developerstudio12.6/bin/cc -xc99 -I"/home/ripley/R/cc/include" -DNDEBUG -Iyajl/api -I/usr/local/include -KPIC -O -xlibmieee -xlibmil -xtarget=native -xcache=generic -nofstore -c row_collapse.c -o row_collapse.o
    /home/ripley/developerstudio12.6/bin/cc -xc99 -I"/home/ripley/R/cc/include" -DNDEBUG -Iyajl/api -I/usr/local/include -KPIC -O -xlibmieee -xlibmil -xtarget=native -xcache=generic -nofstore -c transpose_list.c -o transpose_list.o
    /home/ripley/developerstudio12.6/bin/cc -xc99 -I"/home/ripley/R/cc/include" -DNDEBUG -Iyajl/api -I/usr/local/include -KPIC -O -xlibmieee -xlibmil -xtarget=native -xcache=generic -nofstore -c validate.c -o validate.o
    /home/ripley/developerstudio12.6/bin/cc -xc99 -G -L/usr/local/lib -o jsonlite.so base64.o collapse_array.o collapse_object.o collapse_pretty.o escape_chars.o integer64_to_na.o is_datelist.o is_recordlist.o is_scalarlist.o modp_numtoa.o null_to_na.o num_to_char.o parse.o prettify.o push_parser.o r-base64.o register.o row_collapse.o transpose_list.o validate.o -Lyajl -lstatyajl
    installing to /tmp/RtmpYAa4qn/working_dir/Rtmpy_aO0y/folder1/00LOCK-jsonlite/00new/jsonlite/libs
    ** R
    ** inst
    ** byte-compile and prepare package for lazy loading
    in method for ‘asJSON’ with signature ‘"blob"’: no definition for class “blob”
    ** help
    *** installing help indices
    ** building package indices
    ** installing vignettes
    ** testing if installed package can be loaded from temporary location
    ** checking absolute paths in shared objects and dynamic libraries
    ** testing if installed package can be loaded from final location
    ** testing if installed package keeps a record of temporary installation path
    * DONE (jsonlite)
    * installing *source* package ‘magrittr’ ...
    ** package ‘magrittr’ successfully unpacked and MD5 sums checked
    ** using staged installation
    ** libs
    /home/ripley/developerstudio12.6/bin/cc -xc99 -I"/home/ripley/R/cc/include" -DNDEBUG -I/usr/local/include -KPIC -O -xlibmieee -xlibmil -xtarget=native -xcache=generic -nofstore -c pipe.c -o pipe.o
    /home/ripley/developerstudio12.6/bin/cc -xc99 -I"/home/ripley/R/cc/include" -DNDEBUG -I/usr/local/include -KPIC -O -xlibmieee -xlibmil -xtarget=native -xcache=generic -nofstore -c utils.c -o utils.o
    "utils.c", line 21: warning: statement not reached
    /home/ripley/developerstudio12.6/bin/cc -xc99 -G -L/usr/local/lib -o magrittr.so pipe.o utils.o
    installing to /tmp/RtmpYAa4qn/working_dir/Rtmpy_aO0y/folder1/00LOCK-magrittr/00new/magrittr/libs
    ** R
    ** inst
    ** byte-compile and prepare package for lazy loading
    ** help
    *** installing help indices
    *** copying figures
    ** building package indices
    ** installing vignettes
    ** testing if installed package can be loaded from temporary location
    ** checking absolute paths in shared objects and dynamic libraries
    ** testing if installed package can be loaded from final location
    ** testing if installed package keeps a record of temporary installation path
    * DONE (magrittr)
    * installing *source* package ‘praise’ ...
    ** package ‘praise’ successfully unpacked and MD5 sums checked
    ** using staged installation
    ** R
    ** inst
    ** byte-compile and prepare package for lazy loading
    ** help
    *** installing help indices
    ** building package indices
    ** testing if installed package can be loaded from temporary location
    ** testing if installed package can be loaded from final location
    ** testing if installed package keeps a record of temporary installation path
    * DONE (praise)
    * installing *source* package ‘ps’ ...
    ** package ‘ps’ successfully unpacked and MD5 sums checked
    ** using staged installation
    ** libs
    /home/ripley/developerstudio12.6/bin/cc -xc99 -O -xlibmieee -xlibmil -xtarget=native -xcache=generic -nofstore -Wall px.c -o px
    /home/ripley/developerstudio12.6/bin/cc -xc99 -I"/home/ripley/R/cc/include" -DNDEBUG -I/usr/local/include -KPIC -O -xlibmieee -xlibmil -xtarget=native -xcache=generic -nofstore -c init.c -o init.o
    /home/ripley/developerstudio12.6/bin/cc -xc99 -I"/home/ripley/R/cc/include" -DNDEBUG -I/usr/local/include -KPIC -O -xlibmieee -xlibmil -xtarget=native -xcache=generic -nofstore -c api-common.c -o api-common.o
    /home/ripley/developerstudio12.6/bin/cc -xc99 -I"/home/ripley/R/cc/include" -DNDEBUG -I/usr/local/include -KPIC -O -xlibmieee -xlibmil -xtarget=native -xcache=generic -nofstore -c common.c -o common.o
    /home/ripley/developerstudio12.6/bin/cc -xc99 -I"/home/ripley/R/cc/include" -DNDEBUG -I/usr/local/include -KPIC -O -xlibmieee -xlibmil -xtarget=native -xcache=generic -nofstore -c extra.c -o extra.o
    /home/ripley/developerstudio12.6/bin/cc -xc99 -I"/home/ripley/R/cc/include" -DNDEBUG -I/usr/local/include -KPIC -O -xlibmieee -xlibmil -xtarget=native -xcache=generic -nofstore -c dummy.c -o dummy.o
    /home/ripley/developerstudio12.6/bin/cc -xc99 -I"/home/ripley/R/cc/include" -DNDEBUG -I/usr/local/include -KPIC -O -xlibmieee -xlibmil -xtarget=native -xcache=generic -nofstore -c error-codes.c -o error-codes.o
    /home/ripley/developerstudio12.6/bin/cc -xc99 -G -L/usr/local/lib -o ps.so init.o api-common.o common.o extra.o dummy.o error-codes.o
    installing via 'install.libs.R' to /tmp/RtmpYAa4qn/working_dir/Rtmpy_aO0y/folder1/00LOCK-ps/00new/ps
    ** R
    ** inst
    ** byte-compile and prepare package for lazy loading
    ** help
    *** installing help indices
    ** building package indices
    ** testing if installed package can be loaded from temporary location
    ** checking absolute paths in shared objects and dynamic libraries
    ** testing if installed package can be loaded from final location
    ** testing if installed package keeps a record of temporary installation path
    * DONE (ps)
    * installing *source* package ‘R6’ ...
    ** package ‘R6’ successfully unpacked and MD5 sums checked
    ** using staged installation
    ** R
    ** byte-compile and prepare package for lazy loading
    ** help
    *** installing help indices
    *** copying figures
    ** building package indices
    ** testing if installed package can be loaded from temporary location
    ** testing if installed package can be loaded from final location
    ** testing if installed package keeps a record of temporary installation path
    * DONE (R6)
    * installing *source* package ‘rlang’ ...
    ** package ‘rlang’ successfully unpacked and MD5 sums checked
    ** using staged installation
    ** libs
    /home/ripley/developerstudio12.6/bin/cc -xc99 -I"/home/ripley/R/cc/include" -DNDEBUG -I./lib/ -I/usr/local/include -KPIC -O -xlibmieee -xlibmil -xtarget=native -xcache=generic -nofstore -c lib.c -o lib.o
    "lib/node.c", line 65: warning: statement not reached
    "lib/squash.c", line 235: warning: statement not reached
    "lib/squash.c", line 286: warning: statement not reached
    /home/ripley/developerstudio12.6/bin/cc -xc99 -I"/home/ripley/R/cc/include" -DNDEBUG -I./lib/ -I/usr/local/include -KPIC -O -xlibmieee -xlibmil -xtarget=native -xcache=generic -nofstore -c internal.c -o internal.o
    "internal/expr-interp.c", line 96: warning: statement not reached
    "internal/expr-interp.c", line 103: warning: statement not reached
    /home/ripley/developerstudio12.6/bin/cc -xc99 -I"/home/ripley/R/cc/include" -DNDEBUG -I./lib/ -I/usr/local/include -KPIC -O -xlibmieee -xlibmil -xtarget=native -xcache=generic -nofstore -c export.c -o export.o
    /home/ripley/developerstudio12.6/bin/cc -xc99 -I"/home/ripley/R/cc/include" -DNDEBUG -I./lib/ -I/usr/local/include -KPIC -O -xlibmieee -xlibmil -xtarget=native -xcache=generic -nofstore -c capture.c -o capture.o
    /home/ripley/developerstudio12.6/bin/cc -xc99 -I"/home/ripley/R/cc/include" -DNDEBUG -I./lib/ -I/usr/local/include -KPIC -O -xlibmieee -xlibmil -xtarget=native -xcache=generic -nofstore -c version.c -o version.o
    /home/ripley/developerstudio12.6/bin/cc -xc99 -G -L/usr/local/lib -o rlang.so capture.o export.o internal.o lib.o version.o
    installing to /tmp/RtmpYAa4qn/working_dir/Rtmpy_aO0y/folder1/00LOCK-rlang/00new/rlang/libs
    ** R
    ** inst
    ** byte-compile and prepare package for lazy loading
    ** help
    *** installing help indices
    *** copying figures
    ** building package indices
    ** testing if installed package can be loaded from temporary location
    ** checking absolute paths in shared objects and dynamic libraries
    ** testing if installed package can be loaded from final location
    ** testing if installed package keeps a record of temporary installation path
    * DONE (rlang)
    * installing *source* package ‘withr’ ...
    ** package ‘withr’ successfully unpacked and MD5 sums checked
    ** using staged installation
    ** R
    ** inst
    ** byte-compile and prepare package for lazy loading
    ** help
    *** installing help indices
    *** copying figures
    ** building package indices
    ** installing vignettes
    ** testing if installed package can be loaded from temporary location
    ** testing if installed package can be loaded from final location
    ** testing if installed package keeps a record of temporary installation path
    * DONE (withr)
    * installing *source* package ‘pls’ ...
    ** package ‘pls’ successfully unpacked and MD5 sums checked
    ** using staged installation
    ** R
    ** data
    *** moving datasets to lazyload DB
    ** inst
    ** byte-compile and prepare package for lazy loading
    ** help
    *** installing help indices
    ** building package indices
    ** installing vignettes
    ** testing if installed package can be loaded from temporary location
    ** testing if installed package can be loaded from final location
    ** testing if installed package keeps a record of temporary installation path
    * DONE (pls)
    * installing *source* package ‘diffobj’ ...
    ** package ‘diffobj’ successfully unpacked and MD5 sums checked
    ** using staged installation
    ** libs
    /home/ripley/developerstudio12.6/bin/cc -xc99 -I"/home/ripley/R/cc/include" -DNDEBUG -I/usr/local/include -KPIC -O -xlibmieee -xlibmil -xtarget=native -xcache=generic -nofstore -c diff.c -o diff.o
    /home/ripley/developerstudio12.6/bin/cc -xc99 -I"/home/ripley/R/cc/include" -DNDEBUG -I/usr/local/include -KPIC -O -xlibmieee -xlibmil -xtarget=native -xcache=generic -nofstore -c diffobj.c -o diffobj.o
    /home/ripley/developerstudio12.6/bin/cc -xc99 -I"/home/ripley/R/cc/include" -DNDEBUG -I/usr/local/include -KPIC -O -xlibmieee -xlibmil -xtarget=native -xcache=generic -nofstore -c init.c -o init.o
    /home/ripley/developerstudio12.6/bin/cc -xc99 -G -L/usr/local/lib -o diffobj.so diff.o diffobj.o init.o
    installing to /tmp/RtmpYAa4qn/working_dir/Rtmpy_aO0y/folder1/00LOCK-diffobj/00new/diffobj/libs
    ** R
    ** inst
    ** byte-compile and prepare package for lazy loading
    ** help
    *** installing help indices
    ** building package indices
    ** installing vignettes
    ** testing if installed package can be loaded from temporary location
    ** checking absolute paths in shared objects and dynamic libraries
    ** testing if installed package can be loaded from final location
    ** testing if installed package keeps a record of temporary installation path
    * DONE (diffobj)
    * installing *source* package ‘cli’ ...
    ** package ‘cli’ successfully unpacked and MD5 sums checked
    ** using staged installation
    ** libs
    /home/ripley/developerstudio12.6/bin/cc -xc99 -I"/home/ripley/R/cc/include" -DNDEBUG -I/usr/local/include -KPIC -O -xlibmieee -xlibmil -xtarget=native -xcache=generic -nofstore -c cleancall.c -o cleancall.o
    /home/ripley/developerstudio12.6/bin/cc -xc99 -I"/home/ripley/R/cc/include" -DNDEBUG -I/usr/local/include -KPIC -O -xlibmieee -xlibmil -xtarget=native -xcache=generic -nofstore -c errors.c -o errors.o
    /home/ripley/developerstudio12.6/bin/cc -xc99 -I"/home/ripley/R/cc/include" -DNDEBUG -I/usr/local/include -KPIC -O -xlibmieee -xlibmil -xtarget=native -xcache=generic -nofstore -c init.c -o init.o
    /home/ripley/developerstudio12.6/bin/cc -xc99 -I"/home/ripley/R/cc/include" -DNDEBUG -I/usr/local/include -KPIC -O -xlibmieee -xlibmil -xtarget=native -xcache=generic -nofstore -c progress-altrep.c -o progress-altrep.o
    /home/ripley/developerstudio12.6/bin/cc -xc99 -I"/home/ripley/R/cc/include" -DNDEBUG -I/usr/local/include -KPIC -O -xlibmieee -xlibmil -xtarget=native -xcache=generic -nofstore -c progress.c -o progress.o
    /home/ripley/developerstudio12.6/bin/cc -xc99 -I"/home/ripley/R/cc/include" -DNDEBUG -I/usr/local/include -KPIC -O -xlibmieee -xlibmil -xtarget=native -xcache=generic -nofstore -c thread.c -o thread.o
    /home/ripley/developerstudio12.6/bin/cc -xc99 -I"/home/ripley/R/cc/include" -DNDEBUG -I/usr/local/include -KPIC -O -xlibmieee -xlibmil -xtarget=native -xcache=generic -nofstore -c tty.c -o tty.o
    /home/ripley/developerstudio12.6/bin/cc -xc99 -I"/home/ripley/R/cc/include" -DNDEBUG -I/usr/local/include -KPIC -O -xlibmieee -xlibmil -xtarget=native -xcache=generic -nofstore -c win-utf8.c -o win-utf8.o
    /home/ripley/developerstudio12.6/bin/cc -xc99 -G -L/usr/local/lib -o cli.so cleancall.o errors.o init.o progress-altrep.o progress.o thread.o tty.o win-utf8.o
    installing to /tmp/RtmpYAa4qn/working_dir/Rtmpy_aO0y/folder1/00LOCK-cli/00new/cli/libs
    ** R
    ** inst
    ** byte-compile and prepare package for lazy loading
    ** help
    *** installing help indices
    *** copying figures
    ** building package indices
    ** testing if installed package can be loaded from temporary location
    ** checking absolute paths in shared objects and dynamic libraries
    ** testing if installed package can be loaded from final location
    ** testing if installed package keeps a record of temporary installation path
    * DONE (cli)
    * installing *source* package ‘desc’ ...
    ** package ‘desc’ successfully unpacked and MD5 sums checked
    ** using staged installation
    ** R
    ** inst
    ** byte-compile and prepare package for lazy loading
    ** help
    *** installing help indices
    ** building package indices
    ** testing if installed package can be loaded from temporary location
    ** testing if installed package can be loaded from final location
    ** testing if installed package keeps a record of temporary installation path
    * DONE (desc)
    * installing *source* package ‘ellipsis’ ...
    ** package ‘ellipsis’ successfully unpacked and MD5 sums checked
    ** using staged installation
    ** libs
    /home/ripley/developerstudio12.6/bin/cc -xc99 -I"/home/ripley/R/cc/include" -DNDEBUG -I/usr/local/include -KPIC -O -xlibmieee -xlibmil -xtarget=native -xcache=generic -nofstore -c dots.c -o dots.o
    /home/ripley/developerstudio12.6/bin/cc -xc99 -I"/home/ripley/R/cc/include" -DNDEBUG -I/usr/local/include -KPIC -O -xlibmieee -xlibmil -xtarget=native -xcache=generic -nofstore -c init.c -o init.o
    /home/ripley/developerstudio12.6/bin/cc -xc99 -G -L/usr/local/lib -o ellipsis.so dots.o init.o
    installing to /tmp/RtmpYAa4qn/working_dir/Rtmpy_aO0y/folder1/00LOCK-ellipsis/00new/ellipsis/libs
    ** R
    ** byte-compile and prepare package for lazy loading
    ** help
    *** installing help indices
    ** building package indices
    ** testing if installed package can be loaded from temporary location
    ** checking absolute paths in shared objects and dynamic libraries
    ** testing if installed package can be loaded from final location
    ** testing if installed package keeps a record of temporary installation path
    * DONE (ellipsis)
    * installing *source* package ‘lifecycle’ ...
    ** package ‘lifecycle’ successfully unpacked and MD5 sums checked
    ** using staged installation
    ** R
    ** inst
    ** byte-compile and prepare package for lazy loading
    ** help
    *** installing help indices
    *** copying figures
    ** building package indices
    ** installing vignettes
    ** testing if installed package can be loaded from temporary location
    ** testing if installed package can be loaded from final location
    ** testing if installed package keeps a record of temporary installation path
    * DONE (lifecycle)
    * installing *source* package ‘processx’ ...
    ** package ‘processx’ successfully unpacked and MD5 sums checked
    ** using staged installation
    ** libs
    /home/ripley/developerstudio12.6/bin/cc -xc99 -O -xlibmieee -xlibmil -xtarget=native -xcache=generic -nofstore -L/usr/local/lib -Wall tools/px.c -o tools/px
    /home/ripley/developerstudio12.6/bin/cc -xc99 -O -xlibmieee -xlibmil -xtarget=native -xcache=generic -nofstore -L/usr/local/lib supervisor/supervisor.c \
     supervisor/utils.c -o supervisor/supervisor
    supervisor/supervisor.c:
    "supervisor/supervisor.c", line 453: warning: statement not reached
    supervisor/utils.c:
    /home/ripley/developerstudio12.6/bin/cc -xc99 -I"/home/ripley/R/cc/include" -DNDEBUG -I/usr/local/include -KPIC -O -xlibmieee -xlibmil -xtarget=native -xcache=generic -nofstore -c base64.c -o base64.o
    /home/ripley/developerstudio12.6/bin/cc -xc99 -I"/home/ripley/R/cc/include" -DNDEBUG -I/usr/local/include -KPIC -O -xlibmieee -xlibmil -xtarget=native -xcache=generic -nofstore -c client.c -o client.o
    /home/ripley/developerstudio12.6/bin/cc -xc99 -I"/home/ripley/R/cc/include" -DNDEBUG -I/usr/local/include -KPIC -O -xlibmieee -xlibmil -xtarget=native -xcache=generic -nofstore -c errors.c -o errors.o
    /home/ripley/developerstudio12.6/bin/cc -xc99 -G -L/usr/local/lib -o client.so base64.o client.o errors.o \
    
    /home/ripley/developerstudio12.6/bin/cc -xc99 -I"/home/ripley/R/cc/include" -DNDEBUG -I/usr/local/include -KPIC -O -xlibmieee -xlibmil -xtarget=native -xcache=generic -nofstore -c init.c -o init.o
    /home/ripley/developerstudio12.6/bin/cc -xc99 -I"/home/ripley/R/cc/include" -DNDEBUG -I/usr/local/include -KPIC -O -xlibmieee -xlibmil -xtarget=native -xcache=generic -nofstore -c poll.c -o poll.o
    /home/ripley/developerstudio12.6/bin/cc -xc99 -I"/home/ripley/R/cc/include" -DNDEBUG -I/usr/local/include -KPIC -O -xlibmieee -xlibmil -xtarget=native -xcache=generic -nofstore -c processx-connection.c -o processx-connection.o
    /home/ripley/developerstudio12.6/bin/cc -xc99 -I"/home/ripley/R/cc/include" -DNDEBUG -I/usr/local/include -KPIC -O -xlibmieee -xlibmil -xtarget=native -xcache=generic -nofstore -c processx-vector.c -o processx-vector.o
    /home/ripley/developerstudio12.6/bin/cc -xc99 -I"/home/ripley/R/cc/include" -DNDEBUG -I/usr/local/include -KPIC -O -xlibmieee -xlibmil -xtarget=native -xcache=generic -nofstore -c create-time.c -o create-time.o
    /home/ripley/developerstudio12.6/bin/cc -xc99 -I"/home/ripley/R/cc/include" -DNDEBUG -I/usr/local/include -KPIC -O -xlibmieee -xlibmil -xtarget=native -xcache=generic -nofstore -c unix/childlist.c -o unix/childlist.o
    /home/ripley/developerstudio12.6/bin/cc -xc99 -I"/home/ripley/R/cc/include" -DNDEBUG -I/usr/local/include -KPIC -O -xlibmieee -xlibmil -xtarget=native -xcache=generic -nofstore -c unix/connection.c -o unix/connection.o
    /home/ripley/developerstudio12.6/bin/cc -xc99 -I"/home/ripley/R/cc/include" -DNDEBUG -I/usr/local/include -KPIC -O -xlibmieee -xlibmil -xtarget=native -xcache=generic -nofstore -c unix/processx.c -o unix/processx.o
    /home/ripley/developerstudio12.6/bin/cc -xc99 -I"/home/ripley/R/cc/include" -DNDEBUG -I/usr/local/include -KPIC -O -xlibmieee -xlibmil -xtarget=native -xcache=generic -nofstore -c unix/sigchld.c -o unix/sigchld.o
    /home/ripley/developerstudio12.6/bin/cc -xc99 -I"/home/ripley/R/cc/include" -DNDEBUG -I/usr/local/include -KPIC -O -xlibmieee -xlibmil -xtarget=native -xcache=generic -nofstore -c unix/utils.c -o unix/utils.o
    /home/ripley/developerstudio12.6/bin/cc -xc99 -I"/home/ripley/R/cc/include" -DNDEBUG -I/usr/local/include -KPIC -O -xlibmieee -xlibmil -xtarget=native -xcache=generic -nofstore -c unix/named_pipe.c -o unix/named_pipe.o
    /home/ripley/developerstudio12.6/bin/cc -xc99 -I"/home/ripley/R/cc/include" -DNDEBUG -I/usr/local/include -KPIC -O -xlibmieee -xlibmil -xtarget=native -xcache=generic -nofstore -c cleancall.c -o cleancall.o
    /home/ripley/developerstudio12.6/bin/cc -xc99 -G -L/usr/local/lib -o processx.so init.o poll.o errors.o processx-connection.o processx-vector.o create-time.o base64.o unix/childlist.o unix/connection.o unix/processx.o unix/sigchld.o unix/utils.o unix/named_pipe.o cleancall.o
    installing via 'install.libs.R' to /tmp/RtmpYAa4qn/working_dir/Rtmpy_aO0y/folder1/00LOCK-processx/00new/processx
    ** R
    ** inst
    ** byte-compile and prepare package for lazy loading
    ** help
    *** installing help indices
    ** building package indices
    ** testing if installed package can be loaded from temporary location
    ** checking absolute paths in shared objects and dynamic libraries
    ** testing if installed package can be loaded from final location
    ** testing if installed package keeps a record of temporary installation path
    * DONE (processx)
    * installing *source* package ‘apercu’ ...
    ** package ‘apercu’ successfully unpacked and MD5 sums checked
    ** using staged installation
    ** R
    ** byte-compile and prepare package for lazy loading
    ** help
    *** installing help indices
    ** building package indices
    ** testing if installed package can be loaded from temporary location
    ** testing if installed package can be loaded from final location
    ** testing if installed package keeps a record of temporary installation path
    * DONE (apercu)
    * installing *source* package ‘vctrs’ ...
    ** package ‘vctrs’ successfully unpacked and MD5 sums checked
    ** using staged installation
    ** libs
    /home/ripley/developerstudio12.6/bin/cc -xc99 -I"/home/ripley/R/cc/include" -DNDEBUG -I/usr/local/include -KPIC -O -xlibmieee -xlibmil -xtarget=native -xcache=generic -nofstore -c altrep-rle.c -o altrep-rle.o
    /home/ripley/developerstudio12.6/bin/cc -xc99 -I"/home/ripley/R/cc/include" -DNDEBUG -I/usr/local/include -KPIC -O -xlibmieee -xlibmil -xtarget=native -xcache=generic -nofstore -c arg-counter.c -o arg-counter.o
    /home/ripley/developerstudio12.6/bin/cc -xc99 -I"/home/ripley/R/cc/include" -DNDEBUG -I/usr/local/include -KPIC -O -xlibmieee -xlibmil -xtarget=native -xcache=generic -nofstore -c arg.c -o arg.o
    /home/ripley/developerstudio12.6/bin/cc -xc99 -I"/home/ripley/R/cc/include" -DNDEBUG -I/usr/local/include -KPIC -O -xlibmieee -xlibmil -xtarget=native -xcache=generic -nofstore -c bind.c -o bind.o
    /home/ripley/developerstudio12.6/bin/cc -xc99 -I"/home/ripley/R/cc/include" -DNDEBUG -I/usr/local/include -KPIC -O -xlibmieee -xlibmil -xtarget=native -xcache=generic -nofstore -c c-unchop.c -o c-unchop.o
    /home/ripley/developerstudio12.6/bin/cc -xc99 -I"/home/ripley/R/cc/include" -DNDEBUG -I/usr/local/include -KPIC -O -xlibmieee -xlibmil -xtarget=native -xcache=generic -nofstore -c c.c -o c.o
    /home/ripley/developerstudio12.6/bin/cc -xc99 -I"/home/ripley/R/cc/include" -DNDEBUG -I/usr/local/include -KPIC -O -xlibmieee -xlibmil -xtarget=native -xcache=generic -nofstore -c callables.c -o callables.o
    /home/ripley/developerstudio12.6/bin/cc -xc99 -I"/home/ripley/R/cc/include" -DNDEBUG -I/usr/local/include -KPIC -O -xlibmieee -xlibmil -xtarget=native -xcache=generic -nofstore -c cast-bare.c -o cast-bare.o
    /home/ripley/developerstudio12.6/bin/cc -xc99 -I"/home/ripley/R/cc/include" -DNDEBUG -I/usr/local/include -KPIC -O -xlibmieee -xlibmil -xtarget=native -xcache=generic -nofstore -c cast-dispatch.c -o cast-dispatch.o
    /home/ripley/developerstudio12.6/bin/cc -xc99 -I"/home/ripley/R/cc/include" -DNDEBUG -I/usr/local/include -KPIC -O -xlibmieee -xlibmil -xtarget=native -xcache=generic -nofstore -c cast.c -o cast.o
    /home/ripley/developerstudio12.6/bin/cc -xc99 -I"/home/ripley/R/cc/include" -DNDEBUG -I/usr/local/include -KPIC -O -xlibmieee -xlibmil -xtarget=native -xcache=generic -nofstore -c compare.c -o compare.o
    /home/ripley/developerstudio12.6/bin/cc -xc99 -I"/home/ripley/R/cc/include" -DNDEBUG -I/usr/local/include -KPIC -O -xlibmieee -xlibmil -xtarget=native -xcache=generic -nofstore -c complete.c -o complete.o
    /home/ripley/developerstudio12.6/bin/cc -xc99 -I"/home/ripley/R/cc/include" -DNDEBUG -I/usr/local/include -KPIC -O -xlibmieee -xlibmil -xtarget=native -xcache=generic -nofstore -c conditions.c -o conditions.o
    /home/ripley/developerstudio12.6/bin/cc -xc99 -I"/home/ripley/R/cc/include" -DNDEBUG -I/usr/local/include -KPIC -O -xlibmieee -xlibmil -xtarget=native -xcache=generic -nofstore -c dictionary.c -o dictionary.o
    /home/ripley/developerstudio12.6/bin/cc -xc99 -I"/home/ripley/R/cc/include" -DNDEBUG -I/usr/local/include -KPIC -O -xlibmieee -xlibmil -xtarget=native -xcache=generic -nofstore -c dim.c -o dim.o
    /home/ripley/developerstudio12.6/bin/cc -xc99 -I"/home/ripley/R/cc/include" -DNDEBUG -I/usr/local/include -KPIC -O -xlibmieee -xlibmil -xtarget=native -xcache=generic -nofstore -c equal.c -o equal.o
    /home/ripley/developerstudio12.6/bin/cc -xc99 -I"/home/ripley/R/cc/include" -DNDEBUG -I/usr/local/include -KPIC -O -xlibmieee -xlibmil -xtarget=native -xcache=generic -nofstore -c fields.c -o fields.o
    /home/ripley/developerstudio12.6/bin/cc -xc99 -I"/home/ripley/R/cc/include" -DNDEBUG -I/usr/local/include -KPIC -O -xlibmieee -xlibmil -xtarget=native -xcache=generic -nofstore -c fill.c -o fill.o
    /home/ripley/developerstudio12.6/bin/cc -xc99 -I"/home/ripley/R/cc/include" -DNDEBUG -I/usr/local/include -KPIC -O -xlibmieee -xlibmil -xtarget=native -xcache=generic -nofstore -c group.c -o group.o
    /home/ripley/developerstudio12.6/bin/cc -xc99 -I"/home/ripley/R/cc/include" -DNDEBUG -I/usr/local/include -KPIC -O -xlibmieee -xlibmil -xtarget=native -xcache=generic -nofstore -c growable.c -o growable.o
    /home/ripley/developerstudio12.6/bin/cc -xc99 -I"/home/ripley/R/cc/include" -DNDEBUG -I/usr/local/include -KPIC -O -xlibmieee -xlibmil -xtarget=native -xcache=generic -nofstore -c hash.c -o hash.o
    /home/ripley/developerstudio12.6/bin/cc -xc99 -I"/home/ripley/R/cc/include" -DNDEBUG -I/usr/local/include -KPIC -O -xlibmieee -xlibmil -xtarget=native -xcache=generic -nofstore -c init.c -o init.o
    /home/ripley/developerstudio12.6/bin/cc -xc99 -I"/home/ripley/R/cc/include" -DNDEBUG -I/usr/local/include -KPIC -O -xlibmieee -xlibmil -xtarget=native -xcache=generic -nofstore -c names.c -o names.o
    /home/ripley/developerstudio12.6/bin/cc -xc99 -I"/home/ripley/R/cc/include" -DNDEBUG -I/usr/local/include -KPIC -O -xlibmieee -xlibmil -xtarget=native -xcache=generic -nofstore -c order-groups.c -o order-groups.o
    /home/ripley/developerstudio12.6/bin/cc -xc99 -I"/home/ripley/R/cc/include" -DNDEBUG -I/usr/local/include -KPIC -O -xlibmieee -xlibmil -xtarget=native -xcache=generic -nofstore -c order-radix.c -o order-radix.o
    /home/ripley/developerstudio12.6/bin/cc -xc99 -I"/home/ripley/R/cc/include" -DNDEBUG -I/usr/local/include -KPIC -O -xlibmieee -xlibmil -xtarget=native -xcache=generic -nofstore -c order-sortedness.c -o order-sortedness.o
    /home/ripley/developerstudio12.6/bin/cc -xc99 -I"/home/ripley/R/cc/include" -DNDEBUG -I/usr/local/include -KPIC -O -xlibmieee -xlibmil -xtarget=native -xcache=generic -nofstore -c order-transform.c -o order-transform.o
    /home/ripley/developerstudio12.6/bin/cc -xc99 -I"/home/ripley/R/cc/include" -DNDEBUG -I/usr/local/include -KPIC -O -xlibmieee -xlibmil -xtarget=native -xcache=generic -nofstore -c order-truelength.c -o order-truelength.o
    /home/ripley/developerstudio12.6/bin/cc -xc99 -I"/home/ripley/R/cc/include" -DNDEBUG -I/usr/local/include -KPIC -O -xlibmieee -xlibmil -xtarget=native -xcache=generic -nofstore -c poly-op.c -o poly-op.o
    /home/ripley/developerstudio12.6/bin/cc -xc99 -I"/home/ripley/R/cc/include" -DNDEBUG -I/usr/local/include -KPIC -O -xlibmieee -xlibmil -xtarget=native -xcache=generic -nofstore -c proxy-restore.c -o proxy-restore.o
    /home/ripley/developerstudio12.6/bin/cc -xc99 -I"/home/ripley/R/cc/include" -DNDEBUG -I/usr/local/include -KPIC -O -xlibmieee -xlibmil -xtarget=native -xcache=generic -nofstore -c proxy.c -o proxy.o
    /home/ripley/developerstudio12.6/bin/cc -xc99 -I"/home/ripley/R/cc/include" -DNDEBUG -I/usr/local/include -KPIC -O -xlibmieee -xlibmil -xtarget=native -xcache=generic -nofstore -c ptype2-dispatch.c -o ptype2-dispatch.o
    /home/ripley/developerstudio12.6/bin/cc -xc99 -I"/home/ripley/R/cc/include" -DNDEBUG -I/usr/local/include -KPIC -O -xlibmieee -xlibmil -xtarget=native -xcache=generic -nofstore -c rep.c -o rep.o
    /home/ripley/developerstudio12.6/bin/cc -xc99 -I"/home/ripley/R/cc/include" -DNDEBUG -I/usr/local/include -KPIC -O -xlibmieee -xlibmil -xtarget=native -xcache=generic -nofstore -c runs.c -o runs.o
    /home/ripley/developerstudio12.6/bin/cc -xc99 -I"/home/ripley/R/cc/include" -DNDEBUG -I/usr/local/include -KPIC -O -xlibmieee -xlibmil -xtarget=native -xcache=generic -nofstore -c shape.c -o shape.o
    /home/ripley/developerstudio12.6/bin/cc -xc99 -I"/home/ripley/R/cc/include" -DNDEBUG -I/usr/local/include -KPIC -O -xlibmieee -xlibmil -xtarget=native -xcache=generic -nofstore -c size-common.c -o size-common.o
    /home/ripley/developerstudio12.6/bin/cc -xc99 -I"/home/ripley/R/cc/include" -DNDEBUG -I/usr/local/include -KPIC -O -xlibmieee -xlibmil -xtarget=native -xcache=generic -nofstore -c size.c -o size.o
    /home/ripley/developerstudio12.6/bin/cc -xc99 -I"/home/ripley/R/cc/include" -DNDEBUG -I/usr/local/include -KPIC -O -xlibmieee -xlibmil -xtarget=native -xcache=generic -nofstore -c slice-array.c -o slice-array.o
    /home/ripley/developerstudio12.6/bin/cc -xc99 -I"/home/ripley/R/cc/include" -DNDEBUG -I/usr/local/include -KPIC -O -xlibmieee -xlibmil -xtarget=native -xcache=generic -nofstore -c slice-assign-array.c -o slice-assign-array.o
    /home/ripley/developerstudio12.6/bin/cc -xc99 -I"/home/ripley/R/cc/include" -DNDEBUG -I/usr/local/include -KPIC -O -xlibmieee -xlibmil -xtarget=native -xcache=generic -nofstore -c slice-assign.c -o slice-assign.o
    "slice-assign.c", line 95: warning: statement not reached
    /home/ripley/developerstudio12.6/bin/cc -xc99 -I"/home/ripley/R/cc/include" -DNDEBUG -I/usr/local/include -KPIC -O -xlibmieee -xlibmil -xtarget=native -xcache=generic -nofstore -c slice-chop.c -o slice-chop.o
    /home/ripley/developerstudio12.6/bin/cc -xc99 -I"/home/ripley/R/cc/include" -DNDEBUG -I/usr/local/include -KPIC -O -xlibmieee -xlibmil -xtarget=native -xcache=generic -nofstore -c slice.c -o slice.o
    "slice.c", line 100: warning: operands have incompatible types:
     struct {double r, double i} ":" const struct {double r, double i}
    "slice.c", line 100: warning: operands have incompatible types:
     struct {double r, double i} ":" const struct {double r, double i}
    /home/ripley/developerstudio12.6/bin/cc -xc99 -I"/home/ripley/R/cc/include" -DNDEBUG -I/usr/local/include -KPIC -O -xlibmieee -xlibmil -xtarget=native -xcache=generic -nofstore -c split.c -o split.o
    /home/ripley/developerstudio12.6/bin/cc -xc99 -I"/home/ripley/R/cc/include" -DNDEBUG -I/usr/local/include -KPIC -O -xlibmieee -xlibmil -xtarget=native -xcache=generic -nofstore -c subscript-loc.c -o subscript-loc.o
    /home/ripley/developerstudio12.6/bin/cc -xc99 -I"/home/ripley/R/cc/include" -DNDEBUG -I/usr/local/include -KPIC -O -xlibmieee -xlibmil -xtarget=native -xcache=generic -nofstore -c subscript.c -o subscript.o
    /home/ripley/developerstudio12.6/bin/cc -xc99 -I"/home/ripley/R/cc/include" -DNDEBUG -I/usr/local/include -KPIC -O -xlibmieee -xlibmil -xtarget=native -xcache=generic -nofstore -c translate.c -o translate.o
    /home/ripley/developerstudio12.6/bin/cc -xc99 -I"/home/ripley/R/cc/include" -DNDEBUG -I/usr/local/include -KPIC -O -xlibmieee -xlibmil -xtarget=native -xcache=generic -nofstore -c type-data-frame.c -o type-data-frame.o
    /home/ripley/developerstudio12.6/bin/cc -xc99 -I"/home/ripley/R/cc/include" -DNDEBUG -I/usr/local/include -KPIC -O -xlibmieee -xlibmil -xtarget=native -xcache=generic -nofstore -c type-date-time.c -o type-date-time.o
    "type-date-time.c", line 395: warning: statement not reached
    /home/ripley/developerstudio12.6/bin/cc -xc99 -I"/home/ripley/R/cc/include" -DNDEBUG -I/usr/local/include -KPIC -O -xlibmieee -xlibmil -xtarget=native -xcache=generic -nofstore -c type-factor.c -o type-factor.o
    /home/ripley/developerstudio12.6/bin/cc -xc99 -I"/home/ripley/R/cc/include" -DNDEBUG -I/usr/local/include -KPIC -O -xlibmieee -xlibmil -xtarget=native -xcache=generic -nofstore -c type-info.c -o type-info.o
    /home/ripley/developerstudio12.6/bin/cc -xc99 -I"/home/ripley/R/cc/include" -DNDEBUG -I/usr/local/include -KPIC -O -xlibmieee -xlibmil -xtarget=native -xcache=generic -nofstore -c type-tibble.c -o type-tibble.o
    /home/ripley/developerstudio12.6/bin/cc -xc99 -I"/home/ripley/R/cc/include" -DNDEBUG -I/usr/local/include -KPIC -O -xlibmieee -xlibmil -xtarget=native -xcache=generic -nofstore -c type.c -o type.o
    /home/ripley/developerstudio12.6/bin/cc -xc99 -I"/home/ripley/R/cc/include" -DNDEBUG -I/usr/local/include -KPIC -O -xlibmieee -xlibmil -xtarget=native -xcache=generic -nofstore -c type2.c -o type2.o
    /home/ripley/developerstudio12.6/bin/cc -xc99 -I"/home/ripley/R/cc/include" -DNDEBUG -I/usr/local/include -KPIC -O -xlibmieee -xlibmil -xtarget=native -xcache=generic -nofstore -c typeof2-s3.c -o typeof2-s3.o
    /home/ripley/developerstudio12.6/bin/cc -xc99 -I"/home/ripley/R/cc/include" -DNDEBUG -I/usr/local/include -KPIC -O -xlibmieee -xlibmil -xtarget=native -xcache=generic -nofstore -c typeof2.c -o typeof2.o
    /home/ripley/developerstudio12.6/bin/cc -xc99 -I"/home/ripley/R/cc/include" -DNDEBUG -I/usr/local/include -KPIC -O -xlibmieee -xlibmil -xtarget=native -xcache=generic -nofstore -c unspecified.c -o unspecified.o
    /home/ripley/developerstudio12.6/bin/cc -xc99 -I"/home/ripley/R/cc/include" -DNDEBUG -I/usr/local/include -KPIC -O -xlibmieee -xlibmil -xtarget=native -xcache=generic -nofstore -c utils-dispatch.c -o utils-dispatch.o
    /home/ripley/developerstudio12.6/bin/cc -xc99 -I"/home/ripley/R/cc/include" -DNDEBUG -I/usr/local/include -KPIC -O -xlibmieee -xlibmil -xtarget=native -xcache=generic -nofstore -c utils-rlang.c -o utils-rlang.o
    /home/ripley/developerstudio12.6/bin/cc -xc99 -I"/home/ripley/R/cc/include" -DNDEBUG -I/usr/local/include -KPIC -O -xlibmieee -xlibmil -xtarget=native -xcache=generic -nofstore -c utils.c -o utils.o
    /home/ripley/developerstudio12.6/bin/cc -xc99 -I"/home/ripley/R/cc/include" -DNDEBUG -I/usr/local/include -KPIC -O -xlibmieee -xlibmil -xtarget=native -xcache=generic -nofstore -c version.c -o version.o
    /home/ripley/developerstudio12.6/bin/cc -xc99 -G -L/usr/local/lib -o vctrs.so altrep-rle.o arg-counter.o arg.o bind.o c-unchop.o c.o callables.o cast-bare.o cast-dispatch.o cast.o compare.o complete.o conditions.o dictionary.o dim.o equal.o fields.o fill.o group.o growable.o hash.o init.o names.o order-groups.o order-radix.o order-sortedness.o order-transform.o order-truelength.o poly-op.o proxy-restore.o proxy.o ptype2-dispatch.o rep.o runs.o shape.o size-common.o size.o slice-array.o slice-assign-array.o slice-assign.o slice-chop.o slice.o split.o subscript-loc.o subscript.o translate.o type-data-frame.o type-date-time.o type-factor.o type-info.o type-tibble.o type.o type2.o typeof2-s3.o typeof2.o unspecified.o utils-dispatch.o utils-rlang.o utils.o version.o
    installing to /tmp/RtmpYAa4qn/working_dir/Rtmpy_aO0y/folder1/00LOCK-vctrs/00new/vctrs/libs
    ** R
    ** inst
    ** byte-compile and prepare package for lazy loading
    ** help
    *** installing help indices
    *** copying figures
    ** building package indices
    ** installing vignettes
    ** testing if installed package can be loaded from temporary location
    ** checking absolute paths in shared objects and dynamic libraries
    ** testing if installed package can be loaded from final location
    ** testing if installed package keeps a record of temporary installation path
    * DONE (vctrs)
    * installing *source* package ‘callr’ ...
    ** package ‘callr’ successfully unpacked and MD5 sums checked
    ** using staged installation
    ** R
    ** inst
    ** byte-compile and prepare package for lazy loading
    ** help
    *** installing help indices
    ** building package indices
    ** testing if installed package can be loaded from temporary location
    ** testing if installed package can be loaded from final location
    ** testing if installed package keeps a record of temporary installation path
    * DONE (callr)
    * installing *source* package ‘pkgload’ ...
    ** package ‘pkgload’ successfully unpacked and MD5 sums checked
    ** using staged installation
    ** R
    ** inst
    ** byte-compile and prepare package for lazy loading
    ** help
    *** installing help indices
    ** building package indices
    ** testing if installed package can be loaded from temporary location
    ** testing if installed package can be loaded from final location
    ** testing if installed package keeps a record of temporary installation path
    * DONE (pkgload)
    * installing *source* package ‘pillar’ ...
    ** package ‘pillar’ successfully unpacked and MD5 sums checked
    ** using staged installation
    ** R
    ** inst
    ** byte-compile and prepare package for lazy loading
    ** help
    *** installing help indices
    *** copying figures
    ** building package indices
    ** installing vignettes
    ** testing if installed package can be loaded from temporary location
    ** testing if installed package can be loaded from final location
    ** testing if installed package keeps a record of temporary installation path
    * DONE (pillar)
    * installing *source* package ‘tibble’ ...
    ** package ‘tibble’ successfully unpacked and MD5 sums checked
    ** using staged installation
    ** libs
    /home/ripley/developerstudio12.6/bin/cc -xc99 -I"/home/ripley/R/cc/include" -DNDEBUG -I/usr/local/include -KPIC -O -xlibmieee -xlibmil -xtarget=native -xcache=generic -nofstore -c attributes.c -o attributes.o
    /home/ripley/developerstudio12.6/bin/cc -xc99 -I"/home/ripley/R/cc/include" -DNDEBUG -I/usr/local/include -KPIC -O -xlibmieee -xlibmil -xtarget=native -xcache=generic -nofstore -c coerce.c -o coerce.o
    /home/ripley/developerstudio12.6/bin/cc -xc99 -I"/home/ripley/R/cc/include" -DNDEBUG -I/usr/local/include -KPIC -O -xlibmieee -xlibmil -xtarget=native -xcache=generic -nofstore -c init.c -o init.o
    /home/ripley/developerstudio12.6/bin/cc -xc99 -I"/home/ripley/R/cc/include" -DNDEBUG -I/usr/local/include -KPIC -O -xlibmieee -xlibmil -xtarget=native -xcache=generic -nofstore -c matrixToDataFrame.c -o matrixToDataFrame.o
    /home/ripley/developerstudio12.6/bin/cc -xc99 -G -L/usr/local/lib -o tibble.so attributes.o coerce.o init.o matrixToDataFrame.o
    installing to /tmp/RtmpYAa4qn/working_dir/Rtmpy_aO0y/folder1/00LOCK-tibble/00new/tibble/libs
    ** R
    ** inst
    ** byte-compile and prepare package for lazy loading
    ** help
    *** installing help indices
    *** copying figures
    ** building package indices
    ** installing vignettes
    ** testing if installed package can be loaded from temporary location
    ** checking absolute paths in shared objects and dynamic libraries
    ** testing if installed package can be loaded from final location
    ** testing if installed package keeps a record of temporary installation path
    * DONE (tibble)
    * installing *source* package ‘rematch2’ ...
    ** package ‘rematch2’ successfully unpacked and MD5 sums checked
    ** using staged installation
    ** R
    ** byte-compile and prepare package for lazy loading
    ** help
    *** installing help indices
    ** building package indices
    ** testing if installed package can be loaded from temporary location
    ** testing if installed package can be loaded from final location
    ** testing if installed package keeps a record of temporary installation path
    * DONE (rematch2)
    * installing *source* package ‘waldo’ ...
    ** package ‘waldo’ successfully unpacked and MD5 sums checked
    ** using staged installation
    ** R
    ** byte-compile and prepare package for lazy loading
    ** help
    *** installing help indices
    *** copying figures
    ** building package indices
    ** testing if installed package can be loaded from temporary location
    ** testing if installed package can be loaded from final location
    ** testing if installed package keeps a record of temporary installation path
    * DONE (waldo)
    * installing *source* package ‘testthat’ ...
    ** package ‘testthat’ successfully unpacked and MD5 sums checked
    ** using staged installation
    ** libs
    /home/ripley/developerstudio12.6/bin/cc -xc99 -I"/home/ripley/R/cc/include" -DNDEBUG -I../inst/include -DCOMPILING_TESTTHAT -I/usr/local/include -KPIC -O -xlibmieee -xlibmil -xtarget=native -xcache=generic -nofstore -c init.c -o init.o
    /home/ripley/developerstudio12.6/bin/cc -xc99 -I"/home/ripley/R/cc/include" -DNDEBUG -I../inst/include -DCOMPILING_TESTTHAT -I/usr/local/include -KPIC -O -xlibmieee -xlibmil -xtarget=native -xcache=generic -nofstore -c reassign.c -o reassign.o
    /home/ripley/developerstudio12.6/bin/CC -std=c++11 -library=stdcpp,CrunG3 -I"/home/ripley/R/cc/include" -DNDEBUG -I../inst/include -DCOMPILING_TESTTHAT -I/usr/local/include -KPIC -O -xlibmil -xtarget=native -xcache=generic -nofstore -c test-catch.cpp -o test-catch.o
    /home/ripley/developerstudio12.6/bin/CC -std=c++11 -library=stdcpp,CrunG3 -I"/home/ripley/R/cc/include" -DNDEBUG -I../inst/include -DCOMPILING_TESTTHAT -I/usr/local/include -KPIC -O -xlibmil -xtarget=native -xcache=generic -nofstore -c test-example.cpp -o test-example.o
    /home/ripley/developerstudio12.6/bin/CC -std=c++11 -library=stdcpp,CrunG3 -I"/home/ripley/R/cc/include" -DNDEBUG -I../inst/include -DCOMPILING_TESTTHAT -I/usr/local/include -KPIC -O -xlibmil -xtarget=native -xcache=generic -nofstore -c test-runner.cpp -o test-runner.o
    /home/ripley/developerstudio12.6/bin/CC -std=c++11 -library=stdcpp,CrunG3 -G -L/usr/local/lib -o testthat.so init.o reassign.o test-catch.o test-example.o test-runner.o
    installing to /tmp/RtmpYAa4qn/working_dir/Rtmpy_aO0y/folder1/00LOCK-testthat/00new/testthat/libs
    ** R
    ** inst
    ** byte-compile and prepare package for lazy loading
    ** help
    *** installing help indices
    *** copying figures
    ** building package indices
    ** installing vignettes
    ** testing if installed package can be loaded from temporary location
    ** checking absolute paths in shared objects and dynamic libraries
    ** testing if installed package can be loaded from final location
    ** testing if installed package keeps a record of temporary installation path
    * DONE (testthat)
    
    The downloaded source packages are in
     '/tmp/RtmpYAa4qn/working_dir/Rtmpy_aO0y/downloaded_packages'
    * installing *source* package ‘dummyPackage’ ...
    ** using staged installation
    ** R
    ** byte-compile and prepare package for lazy loading
    ** help
    *** installing help indices
    ** building package indices
    ** testing if installed package can be loaded from temporary location
    ** testing if installed package can be loaded from final location
    ** testing if installed package keeps a record of temporary installation path
    * DONE (dummyPackage)
    trying URL 'https://cloud.r-project.org/src/contrib/apercu_0.2.4.tar.gz'
    Content type 'application/x-gzip' length 6362 bytes
    ==================================================
    downloaded 6362 bytes
    
    * installing *source* package ‘apercu’ ...
    ** package ‘apercu’ successfully unpacked and MD5 sums checked
    ** using staged installation
    ** R
    ** byte-compile and prepare package for lazy loading
    ** help
    *** installing help indices
    ** building package indices
    ** testing if installed package can be loaded from temporary location
    ** testing if installed package can be loaded from final location
    ** testing if installed package keeps a record of temporary installation path
    * DONE (apercu)
    
    The downloaded source packages are in
     '/tmp/RtmpYAa4qn/working_dir/Rtmpy_aO0y/downloaded_packages'
    trying URL 'https://cloud.r-project.org/src/contrib/apercu_0.2.4.tar.gz'
    Content type 'application/x-gzip' length 6362 bytes
    ==================================================
    downloaded 6362 bytes
    
    * installing *source* package ‘apercu’ ...
    ** package ‘apercu’ successfully unpacked and MD5 sums checked
    ** using staged installation
    ** R
    ** byte-compile and prepare package for lazy loading
    ** help
    *** installing help indices
    ** building package indices
    ** testing if installed package can be loaded from temporary location
    ** testing if installed package can be loaded from final location
    ** testing if installed package keeps a record of temporary installation path
    * DONE (apercu)
    
    The downloaded source packages are in
     '/tmp/RtmpYAa4qn/working_dir/Rtmpy_aO0y/downloaded_packages'
    trying URL 'https://cloud.r-project.org/src/contrib/apercu_0.2.4.tar.gz'
    Content type 'application/x-gzip' length 6362 bytes
    ==================================================
    downloaded 6362 bytes
    
    * installing *source* package ‘apercu’ ...
    ** package ‘apercu’ successfully unpacked and MD5 sums checked
    ** using staged installation
    ** R
    ** byte-compile and prepare package for lazy loading
    ** help
    *** installing help indices
    ** building package indices
    ** testing if installed package can be loaded from temporary location
    ** testing if installed package can be loaded from final location
    ** testing if installed package keeps a record of temporary installation path
    * DONE (apercu)
    
    The downloaded source packages are in
     '/tmp/RtmpYAa4qn/working_dir/Rtmpy_aO0y/downloaded_packages'
    Error: processing vignette 'help.Rmd' failed with diagnostics:
    there is no package called ‘markdown’
    --- failed re-building ‘help.Rmd’
    
    SUMMARY: processing the following file failed:
     ‘help.Rmd’
    
    Error: Vignette re-building failed.
    Execution halted
Flavor: r-patched-solaris-x86

Version: 1.0.5
Check: re-building of vignette outputs
Result: WARN
    Error(s) in re-building vignettes:
    --- re-building ‘help.Rmd’ using rmarkdown
    Warning in engine$weave(file, quiet = quiet, encoding = enc) :
     Pandoc (>= 1.12.3) not available. Falling back to R Markdown v1.
    trying URL 'https://cloud.r-project.org/bin/macosx/big-sur-arm64/contrib/4.1/pillar_1.6.1.tgz'
    Content type 'application/x-gzip' length 1017193 bytes (993 KB)
    ==================================================
    downloaded 993 KB
    
    trying URL 'https://cloud.r-project.org/bin/macosx/big-sur-arm64/contrib/4.1/pkgconfig_2.0.3.tgz'
    Content type 'application/x-gzip' length 17807 bytes (17 KB)
    ==================================================
    downloaded 17 KB
    
    trying URL 'https://cloud.r-project.org/bin/macosx/big-sur-arm64/contrib/4.1/vctrs_0.3.8.tgz'
    Content type 'application/x-gzip' length 1450121 bytes (1.4 MB)
    ==================================================
    downloaded 1.4 MB
    
    trying URL 'https://cloud.r-project.org/bin/macosx/big-sur-arm64/contrib/4.1/glue_1.4.2.tgz'
    Content type 'application/x-gzip' length 141500 bytes (138 KB)
    ==================================================
    downloaded 138 KB
    
    trying URL 'https://cloud.r-project.org/bin/macosx/big-sur-arm64/contrib/4.1/rprojroot_2.0.2.tgz'
    Content type 'application/x-gzip' length 96323 bytes (94 KB)
    ==================================================
    downloaded 94 KB
    
    trying URL 'https://cloud.r-project.org/bin/macosx/big-sur-arm64/contrib/4.1/rstudioapi_0.13.tgz'
    Content type 'application/x-gzip' length 274506 bytes (268 KB)
    ==================================================
    downloaded 268 KB
    
    trying URL 'https://cloud.r-project.org/bin/macosx/big-sur-arm64/contrib/4.1/diffobj_0.3.4.tgz'
    Content type 'application/x-gzip' length 1004238 bytes (980 KB)
    ==================================================
    downloaded 980 KB
    
    trying URL 'https://cloud.r-project.org/bin/macosx/big-sur-arm64/contrib/4.1/fansi_0.5.0.tgz'
    Content type 'application/x-gzip' length 251700 bytes (245 KB)
    ==================================================
    downloaded 245 KB
    
    trying URL 'https://cloud.r-project.org/bin/macosx/big-sur-arm64/contrib/4.1/rematch2_2.1.2.tgz'
    Content type 'application/x-gzip' length 44804 bytes (43 KB)
    ==================================================
    downloaded 43 KB
    
    trying URL 'https://cloud.r-project.org/bin/macosx/big-sur-arm64/contrib/4.1/brio_1.1.2.tgz'
    Content type 'application/x-gzip' length 41035 bytes (40 KB)
    ==================================================
    downloaded 40 KB
    
    trying URL 'https://cloud.r-project.org/bin/macosx/big-sur-arm64/contrib/4.1/callr_3.7.0.tgz'
    Content type 'application/x-gzip' length 437536 bytes (427 KB)
    ==================================================
    downloaded 427 KB
    
    trying URL 'https://cloud.r-project.org/bin/macosx/big-sur-arm64/contrib/4.1/crayon_1.4.1.tgz'
    Content type 'application/x-gzip' length 140330 bytes (137 KB)
    ==================================================
    downloaded 137 KB
    
    trying URL 'https://cloud.r-project.org/bin/macosx/big-sur-arm64/contrib/4.1/desc_1.3.0.tgz'
    Content type 'application/x-gzip' length 527734 bytes (515 KB)
    ==================================================
    downloaded 515 KB
    
    trying URL 'https://cloud.r-project.org/bin/macosx/big-sur-arm64/contrib/4.1/digest_0.6.27.tgz'
    Content type 'application/x-gzip' length 292338 bytes (285 KB)
    ==================================================
    downloaded 285 KB
    
    trying URL 'https://cloud.r-project.org/bin/macosx/big-sur-arm64/contrib/4.1/ellipsis_0.3.2.tgz'
    Content type 'application/x-gzip' length 38582 bytes (37 KB)
    ==================================================
    downloaded 37 KB
    
    trying URL 'https://cloud.r-project.org/bin/macosx/big-sur-arm64/contrib/4.1/evaluate_0.14.tgz'
    Content type 'application/x-gzip' length 74234 bytes (72 KB)
    ==================================================
    downloaded 72 KB
    
    trying URL 'https://cloud.r-project.org/bin/macosx/big-sur-arm64/contrib/4.1/jsonlite_1.7.2.tgz'
    Content type 'application/x-gzip' length 509735 bytes (497 KB)
    ==================================================
    downloaded 497 KB
    
    trying URL 'https://cloud.r-project.org/bin/macosx/big-sur-arm64/contrib/4.1/lifecycle_1.0.0.tgz'
    Content type 'application/x-gzip' length 96058 bytes (93 KB)
    ==================================================
    downloaded 93 KB
    
    trying URL 'https://cloud.r-project.org/bin/macosx/big-sur-arm64/contrib/4.1/magrittr_2.0.1.tgz'
    Content type 'application/x-gzip' length 226632 bytes (221 KB)
    ==================================================
    downloaded 221 KB
    
    trying URL 'https://cloud.r-project.org/bin/macosx/big-sur-arm64/contrib/4.1/pkgload_1.2.1.tgz'
    Content type 'application/x-gzip' length 152295 bytes (148 KB)
    ==================================================
    downloaded 148 KB
    
    trying URL 'https://cloud.r-project.org/bin/macosx/big-sur-arm64/contrib/4.1/praise_1.0.0.tgz'
    Content type 'application/x-gzip' length 16073 bytes (15 KB)
    ==================================================
    downloaded 15 KB
    
    trying URL 'https://cloud.r-project.org/bin/macosx/big-sur-arm64/contrib/4.1/processx_3.5.2.tgz'
    Content type 'application/x-gzip' length 299053 bytes (292 KB)
    ==================================================
    downloaded 292 KB
    
    trying URL 'https://cloud.r-project.org/bin/macosx/big-sur-arm64/contrib/4.1/ps_1.6.0.tgz'
    Content type 'application/x-gzip' length 286337 bytes (279 KB)
    ==================================================
    downloaded 279 KB
    
    trying URL 'https://cloud.r-project.org/bin/macosx/big-sur-arm64/contrib/4.1/R6_2.5.0.tgz'
    Content type 'application/x-gzip' length 82515 bytes (80 KB)
    ==================================================
    downloaded 80 KB
    
    trying URL 'https://cloud.r-project.org/bin/macosx/big-sur-arm64/contrib/4.1/rlang_0.4.11.tgz'
    Content type 'application/x-gzip' length 1368147 bytes (1.3 MB)
    ==================================================
    downloaded 1.3 MB
    
    trying URL 'https://cloud.r-project.org/bin/macosx/big-sur-arm64/contrib/4.1/waldo_0.2.5.tgz'
    Content type 'application/x-gzip' length 69891 bytes (68 KB)
    ==================================================
    downloaded 68 KB
    
    trying URL 'https://cloud.r-project.org/bin/macosx/big-sur-arm64/contrib/4.1/withr_2.4.2.tgz'
    Content type 'application/x-gzip' length 210217 bytes (205 KB)
    ==================================================
    downloaded 205 KB
    
    trying URL 'https://cloud.r-project.org/bin/macosx/big-sur-arm64/contrib/4.1/pls_2.7-3.tgz'
    Content type 'application/x-gzip' length 1267395 bytes (1.2 MB)
    ==================================================
    downloaded 1.2 MB
    
    trying URL 'https://cloud.r-project.org/bin/macosx/big-sur-arm64/contrib/4.1/apercu_0.2.4.tgz'
    Content type 'application/x-gzip' length 26093 bytes (25 KB)
    ==================================================
    downloaded 25 KB
    
    trying URL 'https://cloud.r-project.org/src/contrib/utf8_1.2.2.tar.gz'
    Content type 'application/x-gzip' length 240327 bytes (234 KB)
    ==================================================
    downloaded 234 KB
    
    trying URL 'https://cloud.r-project.org/src/contrib/tibble_3.1.3.tar.gz'
    Content type 'application/x-gzip' length 694155 bytes (677 KB)
    ==================================================
    downloaded 677 KB
    
    trying URL 'https://cloud.r-project.org/src/contrib/cli_3.0.1.tar.gz'
    Content type 'application/x-gzip' length 225589 bytes (220 KB)
    ==================================================
    downloaded 220 KB
    
    trying URL 'https://cloud.r-project.org/src/contrib/testthat_3.0.4.tar.gz'
    Content type 'application/x-gzip' length 688142 bytes (672 KB)
    ==================================================
    downloaded 672 KB
    
    * installing *source* package ‘utf8’ ...
    ** package ‘utf8’ successfully unpacked and MD5 sums checked
    ** using staged installation
    ** libs
    clang -arch arm64 -I"/Library/Frameworks/R.framework/Resources/include" -DNDEBUG -I/opt/R/arm64/include -Iutf8lite/src -fPIC -falign-functions=64 -Wall -g -O2 -c as_utf8.c -o as_utf8.o
    clang -arch arm64 -I"/Library/Frameworks/R.framework/Resources/include" -DNDEBUG -I/opt/R/arm64/include -Iutf8lite/src -fPIC -falign-functions=64 -Wall -g -O2 -c bytes.c -o bytes.o
    clang -arch arm64 -I"/Library/Frameworks/R.framework/Resources/include" -DNDEBUG -I/opt/R/arm64/include -Iutf8lite/src -fPIC -falign-functions=64 -Wall -g -O2 -c context.c -o context.o
    clang -arch arm64 -I"/Library/Frameworks/R.framework/Resources/include" -DNDEBUG -I/opt/R/arm64/include -Iutf8lite/src -fPIC -falign-functions=64 -Wall -g -O2 -c init.c -o init.o
    clang -arch arm64 -I"/Library/Frameworks/R.framework/Resources/include" -DNDEBUG -I/opt/R/arm64/include -Iutf8lite/src -fPIC -falign-functions=64 -Wall -g -O2 -c render.c -o render.o
    clang -arch arm64 -I"/Library/Frameworks/R.framework/Resources/include" -DNDEBUG -I/opt/R/arm64/include -Iutf8lite/src -fPIC -falign-functions=64 -Wall -g -O2 -c render_table.c -o render_table.o
    clang -arch arm64 -I"/Library/Frameworks/R.framework/Resources/include" -DNDEBUG -I/opt/R/arm64/include -Iutf8lite/src -fPIC -falign-functions=64 -Wall -g -O2 -c string.c -o string.o
    clang -arch arm64 -I"/Library/Frameworks/R.framework/Resources/include" -DNDEBUG -I/opt/R/arm64/include -Iutf8lite/src -fPIC -falign-functions=64 -Wall -g -O2 -c text.c -o text.o
    clang -arch arm64 -I"/Library/Frameworks/R.framework/Resources/include" -DNDEBUG -I/opt/R/arm64/include -Iutf8lite/src -fPIC -falign-functions=64 -Wall -g -O2 -c utf8_encode.c -o utf8_encode.o
    clang -arch arm64 -I"/Library/Frameworks/R.framework/Resources/include" -DNDEBUG -I/opt/R/arm64/include -Iutf8lite/src -fPIC -falign-functions=64 -Wall -g -O2 -c utf8_format.c -o utf8_format.o
    clang -arch arm64 -I"/Library/Frameworks/R.framework/Resources/include" -DNDEBUG -I/opt/R/arm64/include -Iutf8lite/src -fPIC -falign-functions=64 -Wall -g -O2 -c utf8_normalize.c -o utf8_normalize.o
    clang -arch arm64 -I"/Library/Frameworks/R.framework/Resources/include" -DNDEBUG -I/opt/R/arm64/include -Iutf8lite/src -fPIC -falign-functions=64 -Wall -g -O2 -c utf8_valid.c -o utf8_valid.o
    clang -arch arm64 -I"/Library/Frameworks/R.framework/Resources/include" -DNDEBUG -I/opt/R/arm64/include -Iutf8lite/src -fPIC -falign-functions=64 -Wall -g -O2 -c utf8_width.c -o utf8_width.o
    clang -arch arm64 -I"/Library/Frameworks/R.framework/Resources/include" -DNDEBUG -I/opt/R/arm64/include -Iutf8lite/src -fPIC -falign-functions=64 -Wall -g -O2 -c util.c -o util.o
    clang -arch arm64 -I"/Library/Frameworks/R.framework/Resources/include" -DNDEBUG -I/opt/R/arm64/include -Iutf8lite/src -fPIC -falign-functions=64 -Wall -g -O2 -c utf8lite/src/array.c -o utf8lite/src/array.o
    clang -arch arm64 -I"/Library/Frameworks/R.framework/Resources/include" -DNDEBUG -I/opt/R/arm64/include -Iutf8lite/src -fPIC -falign-functions=64 -Wall -g -O2 -c utf8lite/src/char.c -o utf8lite/src/char.o
    clang -arch arm64 -I"/Library/Frameworks/R.framework/Resources/include" -DNDEBUG -I/opt/R/arm64/include -Iutf8lite/src -fPIC -falign-functions=64 -Wall -g -O2 -c utf8lite/src/encode.c -o utf8lite/src/encode.o
    clang -arch arm64 -I"/Library/Frameworks/R.framework/Resources/include" -DNDEBUG -I/opt/R/arm64/include -Iutf8lite/src -fPIC -falign-functions=64 -Wall -g -O2 -c utf8lite/src/error.c -o utf8lite/src/error.o
    clang -arch arm64 -I"/Library/Frameworks/R.framework/Resources/include" -DNDEBUG -I/opt/R/arm64/include -Iutf8lite/src -fPIC -falign-functions=64 -Wall -g -O2 -c utf8lite/src/escape.c -o utf8lite/src/escape.o
    clang -arch arm64 -I"/Library/Frameworks/R.framework/Resources/include" -DNDEBUG -I/opt/R/arm64/include -Iutf8lite/src -fPIC -falign-functions=64 -Wall -g -O2 -c utf8lite/src/graph.c -o utf8lite/src/graph.o
    clang -arch arm64 -I"/Library/Frameworks/R.framework/Resources/include" -DNDEBUG -I/opt/R/arm64/include -Iutf8lite/src -fPIC -falign-functions=64 -Wall -g -O2 -c utf8lite/src/graphscan.c -o utf8lite/src/graphscan.o
    clang -arch arm64 -I"/Library/Frameworks/R.framework/Resources/include" -DNDEBUG -I/opt/R/arm64/include -Iutf8lite/src -fPIC -falign-functions=64 -Wall -g -O2 -c utf8lite/src/normalize.c -o utf8lite/src/normalize.o
    clang -arch arm64 -I"/Library/Frameworks/R.framework/Resources/include" -DNDEBUG -I/opt/R/arm64/include -Iutf8lite/src -fPIC -falign-functions=64 -Wall -g -O2 -c utf8lite/src/render.c -o utf8lite/src/render.o
    clang -arch arm64 -I"/Library/Frameworks/R.framework/Resources/include" -DNDEBUG -I/opt/R/arm64/include -Iutf8lite/src -fPIC -falign-functions=64 -Wall -g -O2 -c utf8lite/src/text.c -o utf8lite/src/text.o
    clang -arch arm64 -I"/Library/Frameworks/R.framework/Resources/include" -DNDEBUG -I/opt/R/arm64/include -Iutf8lite/src -fPIC -falign-functions=64 -Wall -g -O2 -c utf8lite/src/textassign.c -o utf8lite/src/textassign.o
    clang -arch arm64 -I"/Library/Frameworks/R.framework/Resources/include" -DNDEBUG -I/opt/R/arm64/include -Iutf8lite/src -fPIC -falign-functions=64 -Wall -g -O2 -c utf8lite/src/textiter.c -o utf8lite/src/textiter.o
    clang -arch arm64 -I"/Library/Frameworks/R.framework/Resources/include" -DNDEBUG -I/opt/R/arm64/include -Iutf8lite/src -fPIC -falign-functions=64 -Wall -g -O2 -c utf8lite/src/textmap.c -o utf8lite/src/textmap.o
    ar rcs libcutf8lite.a utf8lite/src/array.o utf8lite/src/char.o utf8lite/src/encode.o utf8lite/src/error.o utf8lite/src/escape.o utf8lite/src/graph.o utf8lite/src/graphscan.o utf8lite/src/normalize.o utf8lite/src/render.o utf8lite/src/text.o utf8lite/src/textassign.o utf8lite/src/textiter.o utf8lite/src/textmap.o
    clang -arch arm64 -dynamiclib -Wl,-headerpad_max_install_names -undefined dynamic_lookup -single_module -multiply_defined suppress -L/Library/Frameworks/R.framework/Resources/lib -L/opt/R/arm64/lib -o utf8.so as_utf8.o bytes.o context.o init.o render.o render_table.o string.o text.o utf8_encode.o utf8_format.o utf8_normalize.o utf8_valid.o utf8_width.o util.o -L. -lcutf8lite -F/Library/Frameworks/R.framework/.. -framework R -Wl,-framework -Wl,CoreFoundation
    installing to /Volumes/Temp/tmp/Rtmp1N7wAv/folder1/00LOCK-utf8/00new/utf8/libs
    ** generating debug symbols (dSYM)
    ** R
    ** inst
    ** byte-compile and prepare package for lazy loading
    ** help
    *** installing help indices
    ** building package indices
    ** installing vignettes
    ** testing if installed package can be loaded from temporary location
    ** checking absolute paths in shared objects and dynamic libraries
    ** testing if installed package can be loaded from final location
    ** testing if installed package keeps a record of temporary installation path
    * DONE (utf8)
    * installing *source* package ‘tibble’ ...
    ** package ‘tibble’ successfully unpacked and MD5 sums checked
    ** using staged installation
    ** libs
    clang -arch arm64 -I"/Library/Frameworks/R.framework/Resources/include" -DNDEBUG -I/opt/R/arm64/include -fPIC -falign-functions=64 -Wall -g -O2 -c attributes.c -o attributes.o
    clang -arch arm64 -I"/Library/Frameworks/R.framework/Resources/include" -DNDEBUG -I/opt/R/arm64/include -fPIC -falign-functions=64 -Wall -g -O2 -c coerce.c -o coerce.o
    clang -arch arm64 -I"/Library/Frameworks/R.framework/Resources/include" -DNDEBUG -I/opt/R/arm64/include -fPIC -falign-functions=64 -Wall -g -O2 -c init.c -o init.o
    clang -arch arm64 -I"/Library/Frameworks/R.framework/Resources/include" -DNDEBUG -I/opt/R/arm64/include -fPIC -falign-functions=64 -Wall -g -O2 -c matrixToDataFrame.c -o matrixToDataFrame.o
    clang -arch arm64 -dynamiclib -Wl,-headerpad_max_install_names -undefined dynamic_lookup -single_module -multiply_defined suppress -L/Library/Frameworks/R.framework/Resources/lib -L/opt/R/arm64/lib -o tibble.so attributes.o coerce.o init.o matrixToDataFrame.o -F/Library/Frameworks/R.framework/.. -framework R -Wl,-framework -Wl,CoreFoundation
    installing to /Volumes/Temp/tmp/Rtmp1N7wAv/folder1/00LOCK-tibble/00new/tibble/libs
    ** generating debug symbols (dSYM)
    ** R
    ** inst
    ** byte-compile and prepare package for lazy loading
    ** help
    *** installing help indices
    *** copying figures
    ** building package indices
    ** installing vignettes
    ** testing if installed package can be loaded from temporary location
    ** checking absolute paths in shared objects and dynamic libraries
    ** testing if installed package can be loaded from final location
    ** testing if installed package keeps a record of temporary installation path
    * DONE (tibble)
    * installing *source* package ‘cli’ ...
    ** package ‘cli’ successfully unpacked and MD5 sums checked
    ** using staged installation
    ** libs
    clang -arch arm64 -I"/Library/Frameworks/R.framework/Resources/include" -DNDEBUG -I/opt/R/arm64/include -fPIC -falign-functions=64 -Wall -g -O2 -c cleancall.c -o cleancall.o
    clang -arch arm64 -I"/Library/Frameworks/R.framework/Resources/include" -DNDEBUG -I/opt/R/arm64/include -fPIC -falign-functions=64 -Wall -g -O2 -c errors.c -o errors.o
    clang -arch arm64 -I"/Library/Frameworks/R.framework/Resources/include" -DNDEBUG -I/opt/R/arm64/include -fPIC -falign-functions=64 -Wall -g -O2 -c init.c -o init.o
    clang -arch arm64 -I"/Library/Frameworks/R.framework/Resources/include" -DNDEBUG -I/opt/R/arm64/include -fPIC -falign-functions=64 -Wall -g -O2 -c progress-altrep.c -o progress-altrep.o
    clang -arch arm64 -I"/Library/Frameworks/R.framework/Resources/include" -DNDEBUG -I/opt/R/arm64/include -fPIC -falign-functions=64 -Wall -g -O2 -c progress.c -o progress.o
    clang -arch arm64 -I"/Library/Frameworks/R.framework/Resources/include" -DNDEBUG -I/opt/R/arm64/include -fPIC -falign-functions=64 -Wall -g -O2 -c thread.c -o thread.o
    clang -arch arm64 -I"/Library/Frameworks/R.framework/Resources/include" -DNDEBUG -I/opt/R/arm64/include -fPIC -falign-functions=64 -Wall -g -O2 -c tty.c -o tty.o
    clang -arch arm64 -I"/Library/Frameworks/R.framework/Resources/include" -DNDEBUG -I/opt/R/arm64/include -fPIC -falign-functions=64 -Wall -g -O2 -c win-utf8.c -o win-utf8.o
    clang -arch arm64 -dynamiclib -Wl,-headerpad_max_install_names -undefined dynamic_lookup -single_module -multiply_defined suppress -L/Library/Frameworks/R.framework/Resources/lib -L/opt/R/arm64/lib -o cli.so cleancall.o errors.o init.o progress-altrep.o progress.o thread.o tty.o win-utf8.o -F/Library/Frameworks/R.framework/.. -framework R -Wl,-framework -Wl,CoreFoundation
    installing to /Volumes/Temp/tmp/Rtmp1N7wAv/folder1/00LOCK-cli/00new/cli/libs
    ** generating debug symbols (dSYM)
    ** R
    ** inst
    ** byte-compile and prepare package for lazy loading
    ** help
    *** installing help indices
    *** copying figures
    ** building package indices
    ** testing if installed package can be loaded from temporary location
    ** checking absolute paths in shared objects and dynamic libraries
    ** testing if installed package can be loaded from final location
    ** testing if installed package keeps a record of temporary installation path
    * DONE (cli)
    * installing *source* package ‘testthat’ ...
    ** package ‘testthat’ successfully unpacked and MD5 sums checked
    ** using staged installation
    ** libs
    clang -arch arm64 -I"/Library/Frameworks/R.framework/Resources/include" -DNDEBUG -I../inst/include -DCOMPILING_TESTTHAT -I/opt/R/arm64/include -fPIC -falign-functions=64 -Wall -g -O2 -c init.c -o init.o
    clang -arch arm64 -I"/Library/Frameworks/R.framework/Resources/include" -DNDEBUG -I../inst/include -DCOMPILING_TESTTHAT -I/opt/R/arm64/include -fPIC -falign-functions=64 -Wall -g -O2 -c reassign.c -o reassign.o
    clang++ -arch arm64 -std=gnu++14 -I"/Library/Frameworks/R.framework/Resources/include" -DNDEBUG -I../inst/include -DCOMPILING_TESTTHAT -I/opt/R/arm64/include -fPIC -falign-functions=64 -Wall -g -O2 -c test-catch.cpp -o test-catch.o
    clang++ -arch arm64 -std=gnu++14 -I"/Library/Frameworks/R.framework/Resources/include" -DNDEBUG -I../inst/include -DCOMPILING_TESTTHAT -I/opt/R/arm64/include -fPIC -falign-functions=64 -Wall -g -O2 -c test-example.cpp -o test-example.o
    clang++ -arch arm64 -std=gnu++14 -I"/Library/Frameworks/R.framework/Resources/include" -DNDEBUG -I../inst/include -DCOMPILING_TESTTHAT -I/opt/R/arm64/include -fPIC -falign-functions=64 -Wall -g -O2 -c test-runner.cpp -o test-runner.o
    clang++ -arch arm64 -std=gnu++14 -dynamiclib -Wl,-headerpad_max_install_names -undefined dynamic_lookup -single_module -multiply_defined suppress -L/Library/Frameworks/R.framework/Resources/lib -L/opt/R/arm64/lib -o testthat.so init.o reassign.o test-catch.o test-example.o test-runner.o -F/Library/Frameworks/R.framework/.. -framework R -Wl,-framework -Wl,CoreFoundation
    installing to /Volumes/Temp/tmp/Rtmp1N7wAv/folder1/00LOCK-testthat/00new/testthat/libs
    ** generating debug symbols (dSYM)
    ** R
    ** inst
    ** byte-compile and prepare package for lazy loading
    ** help
    *** installing help indices
    *** copying figures
    ** building package indices
    ** installing vignettes
    ** testing if installed package can be loaded from temporary location
    ** checking absolute paths in shared objects and dynamic libraries
    ** testing if installed package can be loaded from final location
    ** testing if installed package keeps a record of temporary installation path
    * DONE (testthat)
    
    The downloaded source packages are in
     '/Volumes/Temp/tmp/Rtmp1N7wAv/downloaded_packages'
    * installing *source* package ‘dummyPackage’ ...
    ** using staged installation
    ** R
    ** byte-compile and prepare package for lazy loading
    ** help
    *** installing help indices
    ** building package indices
    ** testing if installed package can be loaded from temporary location
    ** testing if installed package can be loaded from final location
    ** testing if installed package keeps a record of temporary installation path
    * DONE (dummyPackage)
    trying URL 'https://cloud.r-project.org/bin/macosx/big-sur-arm64/contrib/4.1/apercu_0.2.4.tgz'
    Content type 'application/x-gzip' length 26093 bytes (25 KB)
    ==================================================
    downloaded 25 KB
    
    trying URL 'https://cloud.r-project.org/bin/macosx/big-sur-arm64/contrib/4.1/apercu_0.2.4.tgz'
    Content type 'application/x-gzip' length 26093 bytes (25 KB)
    ==================================================
    downloaded 25 KB
    
    trying URL 'https://cloud.r-project.org/bin/macosx/big-sur-arm64/contrib/4.1/apercu_0.2.4.tgz'
    Content type 'application/x-gzip' length 26093 bytes (25 KB)
    ==================================================
    downloaded 25 KB
    
    Error: processing vignette 'help.Rmd' failed with diagnostics:
    there is no package called ‘markdown’
    --- failed re-building ‘help.Rmd’
    
    SUMMARY: processing the following file failed:
     ‘help.Rmd’
    
    Error: Vignette re-building failed.
    Execution halted
Flavor: r-release-macos-arm64

Version: 1.0.5
Check: re-building of vignette outputs
Result: WARN
    Error(s) in re-building vignettes:
    --- re-building ‘help.Rmd’ using rmarkdown
    Warning in engine$weave(file, quiet = quiet, encoding = enc) :
     Pandoc (>= 1.12.3) not available. Falling back to R Markdown v1.
    trying URL 'https://cloud.r-project.org/bin/macosx/contrib/4.1/utf8_1.2.1.tgz'
    Content type 'application/x-gzip' length 196829 bytes (192 KB)
    ==================================================
    downloaded 192 KB
    
    trying URL 'https://cloud.r-project.org/bin/macosx/contrib/4.1/pillar_1.6.1.tgz'
    Content type 'application/x-gzip' length 1011617 bytes (987 KB)
    ==================================================
    downloaded 987 KB
    
    trying URL 'https://cloud.r-project.org/bin/macosx/contrib/4.1/pkgconfig_2.0.3.tgz'
    Content type 'application/x-gzip' length 17699 bytes (17 KB)
    ==================================================
    downloaded 17 KB
    
    trying URL 'https://cloud.r-project.org/bin/macosx/contrib/4.1/vctrs_0.3.8.tgz'
    Content type 'application/x-gzip' length 1413379 bytes (1.3 MB)
    ==================================================
    downloaded 1.3 MB
    
    trying URL 'https://cloud.r-project.org/bin/macosx/contrib/4.1/glue_1.4.2.tgz'
    Content type 'application/x-gzip' length 139193 bytes (135 KB)
    ==================================================
    downloaded 135 KB
    
    trying URL 'https://cloud.r-project.org/bin/macosx/contrib/4.1/rprojroot_2.0.2.tgz'
    Content type 'application/x-gzip' length 96407 bytes (94 KB)
    ==================================================
    downloaded 94 KB
    
    trying URL 'https://cloud.r-project.org/bin/macosx/contrib/4.1/rstudioapi_0.13.tgz'
    Content type 'application/x-gzip' length 272781 bytes (266 KB)
    ==================================================
    downloaded 266 KB
    
    trying URL 'https://cloud.r-project.org/bin/macosx/contrib/4.1/diffobj_0.3.4.tgz'
    Content type 'application/x-gzip' length 997572 bytes (974 KB)
    ==================================================
    downloaded 974 KB
    
    trying URL 'https://cloud.r-project.org/bin/macosx/contrib/4.1/rematch2_2.1.2.tgz'
    Content type 'application/x-gzip' length 44893 bytes (43 KB)
    ==================================================
    downloaded 43 KB
    
    trying URL 'https://cloud.r-project.org/bin/macosx/contrib/4.1/tibble_3.1.2.tgz'
    Content type 'application/x-gzip' length 803949 bytes (785 KB)
    ==================================================
    downloaded 785 KB
    
    trying URL 'https://cloud.r-project.org/bin/macosx/contrib/4.1/brio_1.1.2.tgz'
    Content type 'application/x-gzip' length 37192 bytes (36 KB)
    ==================================================
    downloaded 36 KB
    
    trying URL 'https://cloud.r-project.org/bin/macosx/contrib/4.1/callr_3.7.0.tgz'
    Content type 'application/x-gzip' length 437546 bytes (427 KB)
    ==================================================
    downloaded 427 KB
    
    trying URL 'https://cloud.r-project.org/bin/macosx/contrib/4.1/cli_2.5.0.tgz'
    Content type 'application/x-gzip' length 531667 bytes (519 KB)
    ==================================================
    downloaded 519 KB
    
    trying URL 'https://cloud.r-project.org/bin/macosx/contrib/4.1/crayon_1.4.1.tgz'
    Content type 'application/x-gzip' length 139710 bytes (136 KB)
    ==================================================
    downloaded 136 KB
    
    trying URL 'https://cloud.r-project.org/bin/macosx/contrib/4.1/desc_1.3.0.tgz'
    Content type 'application/x-gzip' length 527595 bytes (515 KB)
    ==================================================
    downloaded 515 KB
    
    trying URL 'https://cloud.r-project.org/bin/macosx/contrib/4.1/digest_0.6.27.tgz'
    Content type 'application/x-gzip' length 300351 bytes (293 KB)
    ==================================================
    downloaded 293 KB
    
    trying URL 'https://cloud.r-project.org/bin/macosx/contrib/4.1/ellipsis_0.3.2.tgz'
    Content type 'application/x-gzip' length 36467 bytes (35 KB)
    ==================================================
    downloaded 35 KB
    
    trying URL 'https://cloud.r-project.org/bin/macosx/contrib/4.1/evaluate_0.14.tgz'
    Content type 'application/x-gzip' length 74580 bytes (72 KB)
    ==================================================
    downloaded 72 KB
    
    trying URL 'https://cloud.r-project.org/bin/macosx/contrib/4.1/jsonlite_1.7.2.tgz'
    Content type 'application/x-gzip' length 491964 bytes (480 KB)
    ==================================================
    downloaded 480 KB
    
    trying URL 'https://cloud.r-project.org/bin/macosx/contrib/4.1/lifecycle_1.0.0.tgz'
    Content type 'application/x-gzip' length 93204 bytes (91 KB)
    ==================================================
    downloaded 91 KB
    
    trying URL 'https://cloud.r-project.org/bin/macosx/contrib/4.1/magrittr_2.0.1.tgz'
    Content type 'application/x-gzip' length 223566 bytes (218 KB)
    ==================================================
    downloaded 218 KB
    
    trying URL 'https://cloud.r-project.org/bin/macosx/contrib/4.1/pkgload_1.2.1.tgz'
    Content type 'application/x-gzip' length 152364 bytes (148 KB)
    ==================================================
    downloaded 148 KB
    
    trying URL 'https://cloud.r-project.org/bin/macosx/contrib/4.1/praise_1.0.0.tgz'
    Content type 'application/x-gzip' length 16151 bytes (15 KB)
    ==================================================
    downloaded 15 KB
    
    trying URL 'https://cloud.r-project.org/bin/macosx/contrib/4.1/processx_3.5.2.tgz'
    Content type 'application/x-gzip' length 296215 bytes (289 KB)
    ==================================================
    downloaded 289 KB
    
    trying URL 'https://cloud.r-project.org/bin/macosx/contrib/4.1/ps_1.6.0.tgz'
    Content type 'application/x-gzip' length 286473 bytes (279 KB)
    ==================================================
    downloaded 279 KB
    
    trying URL 'https://cloud.r-project.org/bin/macosx/contrib/4.1/R6_2.5.0.tgz'
    Content type 'application/x-gzip' length 82374 bytes (80 KB)
    ==================================================
    downloaded 80 KB
    
    trying URL 'https://cloud.r-project.org/bin/macosx/contrib/4.1/rlang_0.4.11.tgz'
    Content type 'application/x-gzip' length 1328437 bytes (1.3 MB)
    ==================================================
    downloaded 1.3 MB
    
    trying URL 'https://cloud.r-project.org/bin/macosx/contrib/4.1/waldo_0.2.5.tgz'
    Content type 'application/x-gzip' length 70096 bytes (68 KB)
    ==================================================
    downloaded 68 KB
    
    trying URL 'https://cloud.r-project.org/bin/macosx/contrib/4.1/withr_2.4.2.tgz'
    Content type 'application/x-gzip' length 209602 bytes (204 KB)
    ==================================================
    downloaded 204 KB
    
    trying URL 'https://cloud.r-project.org/bin/macosx/contrib/4.1/pls_2.7-3.tgz'
    Content type 'application/x-gzip' length 1267419 bytes (1.2 MB)
    ==================================================
    downloaded 1.2 MB
    
    trying URL 'https://cloud.r-project.org/bin/macosx/contrib/4.1/testthat_3.0.2.tgz'
    Content type 'application/x-gzip' length 2905942 bytes (2.8 MB)
    ==================================================
    downloaded 2.8 MB
    
    trying URL 'https://cloud.r-project.org/bin/macosx/contrib/4.1/apercu_0.2.4.tgz'
    Content type 'application/x-gzip' length 26129 bytes (25 KB)
    ==================================================
    downloaded 25 KB
    
    trying URL 'https://cloud.r-project.org/src/contrib/fansi_0.5.0.tar.gz'
    Content type 'application/x-gzip' length 301724 bytes (294 KB)
    ==================================================
    downloaded 294 KB
    
    * installing *source* package ‘fansi’ ...
    ** package ‘fansi’ successfully unpacked and MD5 sums checked
    ** using staged installation
    ** libs
    clang -mmacosx-version-min=10.13 -I"/Library/Frameworks/R.framework/Resources/include" -DNDEBUG -I/usr/local/include -fPIC -Wall -g -O2 -c assumptions.c -o assumptions.o
    clang -mmacosx-version-min=10.13 -I"/Library/Frameworks/R.framework/Resources/include" -DNDEBUG -I/usr/local/include -fPIC -Wall -g -O2 -c has.c -o has.o
    clang -mmacosx-version-min=10.13 -I"/Library/Frameworks/R.framework/Resources/include" -DNDEBUG -I/usr/local/include -fPIC -Wall -g -O2 -c init.c -o init.o
    clang -mmacosx-version-min=10.13 -I"/Library/Frameworks/R.framework/Resources/include" -DNDEBUG -I/usr/local/include -fPIC -Wall -g -O2 -c nchar.c -o nchar.o
    clang -mmacosx-version-min=10.13 -I"/Library/Frameworks/R.framework/Resources/include" -DNDEBUG -I/usr/local/include -fPIC -Wall -g -O2 -c read.c -o read.o
    clang -mmacosx-version-min=10.13 -I"/Library/Frameworks/R.framework/Resources/include" -DNDEBUG -I/usr/local/include -fPIC -Wall -g -O2 -c rnchar.c -o rnchar.o
    clang -mmacosx-version-min=10.13 -I"/Library/Frameworks/R.framework/Resources/include" -DNDEBUG -I/usr/local/include -fPIC -Wall -g -O2 -c state.c -o state.o
    clang -mmacosx-version-min=10.13 -I"/Library/Frameworks/R.framework/Resources/include" -DNDEBUG -I/usr/local/include -fPIC -Wall -g -O2 -c strip.c -o strip.o
    clang -mmacosx-version-min=10.13 -I"/Library/Frameworks/R.framework/Resources/include" -DNDEBUG -I/usr/local/include -fPIC -Wall -g -O2 -c strsplit.c -o strsplit.o
    clang -mmacosx-version-min=10.13 -I"/Library/Frameworks/R.framework/Resources/include" -DNDEBUG -I/usr/local/include -fPIC -Wall -g -O2 -c tabs.c -o tabs.o
    clang -mmacosx-version-min=10.13 -I"/Library/Frameworks/R.framework/Resources/include" -DNDEBUG -I/usr/local/include -fPIC -Wall -g -O2 -c tohtml.c -o tohtml.o
    clang -mmacosx-version-min=10.13 -I"/Library/Frameworks/R.framework/Resources/include" -DNDEBUG -I/usr/local/include -fPIC -Wall -g -O2 -c unhandled.c -o unhandled.o
    clang -mmacosx-version-min=10.13 -I"/Library/Frameworks/R.framework/Resources/include" -DNDEBUG -I/usr/local/include -fPIC -Wall -g -O2 -c unique.c -o unique.o
    clang -mmacosx-version-min=10.13 -I"/Library/Frameworks/R.framework/Resources/include" -DNDEBUG -I/usr/local/include -fPIC -Wall -g -O2 -c utf8.c -o utf8.o
    clang -mmacosx-version-min=10.13 -I"/Library/Frameworks/R.framework/Resources/include" -DNDEBUG -I/usr/local/include -fPIC -Wall -g -O2 -c utils.c -o utils.o
    clang -mmacosx-version-min=10.13 -I"/Library/Frameworks/R.framework/Resources/include" -DNDEBUG -I/usr/local/include -fPIC -Wall -g -O2 -c wrap.c -o wrap.o
    clang -mmacosx-version-min=10.13 -dynamiclib -Wl,-headerpad_max_install_names -undefined dynamic_lookup -single_module -multiply_defined suppress -L/Library/Frameworks/R.framework/Resources/lib -L/usr/local/lib -o fansi.so assumptions.o has.o init.o nchar.o read.o rnchar.o state.o strip.o strsplit.o tabs.o tohtml.o unhandled.o unique.o utf8.o utils.o wrap.o -F/Library/Frameworks/R.framework/.. -framework R -Wl,-framework -Wl,CoreFoundation
    installing to /Volumes/Temp/tmp/RtmpWc3sl3/folder1/00LOCK-fansi/00new/fansi/libs
    ** generating debug symbols (dSYM)
    ** R
    ** inst
    ** byte-compile and prepare package for lazy loading
    ** help
    *** installing help indices
    ** building package indices
    ** installing vignettes
    ** testing if installed package can be loaded from temporary location
    ** checking absolute paths in shared objects and dynamic libraries
    ** testing if installed package can be loaded from final location
    ** testing if installed package keeps a record of temporary installation path
    * DONE (fansi)
    
    The downloaded source packages are in
     '/Volumes/Temp/tmp/RtmpWc3sl3/downloaded_packages'
    * installing *source* package ‘dummyPackage’ ...
    ** using staged installation
    ** R
    ** byte-compile and prepare package for lazy loading
    ** help
    *** installing help indices
    ** building package indices
    ** testing if installed package can be loaded from temporary location
    ** testing if installed package can be loaded from final location
    ** testing if installed package keeps a record of temporary installation path
    * DONE (dummyPackage)
    trying URL 'https://cloud.r-project.org/bin/macosx/contrib/4.1/apercu_0.2.4.tgz'
    Content type 'application/x-gzip' length 26129 bytes (25 KB)
    ==================================================
    downloaded 25 KB
    
    trying URL 'https://cloud.r-project.org/bin/macosx/contrib/4.1/apercu_0.2.4.tgz'
    Content type 'application/x-gzip' length 26129 bytes (25 KB)
    ==================================================
    downloaded 25 KB
    
    trying URL 'https://cloud.r-project.org/bin/macosx/contrib/4.1/apercu_0.2.4.tgz'
    Content type 'application/x-gzip' length 26129 bytes (25 KB)
    ==================================================
    downloaded 25 KB
    
    Error: processing vignette 'help.Rmd' failed with diagnostics:
    there is no package called ‘markdown’
    --- failed re-building ‘help.Rmd’
    
    SUMMARY: processing the following file failed:
     ‘help.Rmd’
    
    Error: Vignette re-building failed.
    Execution halted
Flavor: r-release-macos-x86_64

Version: 1.0.5
Check: re-building of vignette outputs
Result: WARN
    Error(s) in re-building vignettes:
    --- re-building ‘help.Rmd’ using rmarkdown
    Warning in engine$weave(file, quiet = quiet, encoding = enc) :
     Pandoc (>= 1.12.3) and/or pandoc-citeproc not available. Falling back to R Markdown v1.
    trying URL 'https://cloud.r-project.org/bin/macosx/contrib/4.0/ps_1.3.3.tgz'
    Content type 'application/x-gzip' length 218263 bytes (213 KB)
    ==================================================
    downloaded 213 KB
    
    trying URL 'https://cloud.r-project.org/bin/macosx/contrib/4.0/processx_3.4.3.tgz'
    Content type 'application/x-gzip' length 278450 bytes (271 KB)
    ==================================================
    downloaded 271 KB
    
    trying URL 'https://cloud.r-project.org/bin/macosx/contrib/4.0/callr_3.4.3.tgz'
    Content type 'application/x-gzip' length 385702 bytes (376 KB)
    ==================================================
    downloaded 376 KB
    
    trying URL 'https://cloud.r-project.org/bin/macosx/contrib/4.0/prettyunits_1.1.1.tgz'
    Content type 'application/x-gzip' length 34704 bytes (33 KB)
    ==================================================
    downloaded 33 KB
    
    trying URL 'https://cloud.r-project.org/bin/macosx/contrib/4.0/backports_1.1.8.tgz'
    Content type 'application/x-gzip' length 71654 bytes (69 KB)
    ==================================================
    downloaded 69 KB
    
    trying URL 'https://cloud.r-project.org/bin/macosx/contrib/4.0/assertthat_0.2.1.tgz'
    Content type 'application/x-gzip' length 52572 bytes (51 KB)
    ==================================================
    downloaded 51 KB
    
    trying URL 'https://cloud.r-project.org/bin/macosx/contrib/4.0/glue_1.4.1.tgz'
    Content type 'application/x-gzip' length 138294 bytes (135 KB)
    ==================================================
    downloaded 135 KB
    
    trying URL 'https://cloud.r-project.org/bin/macosx/contrib/4.0/fansi_0.4.1.tgz'
    Content type 'application/x-gzip' length 210700 bytes (205 KB)
    ==================================================
    downloaded 205 KB
    
    trying URL 'https://cloud.r-project.org/bin/macosx/contrib/4.0/desc_1.2.0.tgz'
    Content type 'application/x-gzip' length 285234 bytes (278 KB)
    ==================================================
    downloaded 278 KB
    
    trying URL 'https://cloud.r-project.org/bin/macosx/contrib/4.0/rprojroot_1.3-2.tgz'
    Content type 'application/x-gzip' length 79148 bytes (77 KB)
    ==================================================
    downloaded 77 KB
    
    trying URL 'https://cloud.r-project.org/bin/macosx/contrib/4.0/rstudioapi_0.11.tgz'
    Content type 'application/x-gzip' length 257646 bytes (251 KB)
    ==================================================
    downloaded 251 KB
    
    trying URL 'https://cloud.r-project.org/bin/macosx/contrib/4.0/cli_2.0.2.tgz'
    Content type 'application/x-gzip' length 395495 bytes (386 KB)
    ==================================================
    downloaded 386 KB
    
    trying URL 'https://cloud.r-project.org/bin/macosx/contrib/4.0/crayon_1.3.4.tgz'
    Content type 'application/x-gzip' length 748897 bytes (731 KB)
    ==================================================
    downloaded 731 KB
    
    trying URL 'https://cloud.r-project.org/bin/macosx/contrib/4.0/digest_0.6.25.tgz'
    Content type 'application/x-gzip' length 246065 bytes (240 KB)
    ==================================================
    downloaded 240 KB
    
    trying URL 'https://cloud.r-project.org/bin/macosx/contrib/4.0/ellipsis_0.3.1.tgz'
    Content type 'application/x-gzip' length 33497 bytes (32 KB)
    ==================================================
    downloaded 32 KB
    
    trying URL 'https://cloud.r-project.org/bin/macosx/contrib/4.0/evaluate_0.14.tgz'
    Content type 'application/x-gzip' length 74355 bytes (72 KB)
    ==================================================
    downloaded 72 KB
    
    trying URL 'https://cloud.r-project.org/bin/macosx/contrib/4.0/magrittr_1.5.tgz'
    Content type 'application/x-gzip' length 153226 bytes (149 KB)
    ==================================================
    downloaded 149 KB
    
    trying URL 'https://cloud.r-project.org/bin/macosx/contrib/4.0/pkgload_1.1.0.tgz'
    Content type 'application/x-gzip' length 152111 bytes (148 KB)
    ==================================================
    downloaded 148 KB
    
    trying URL 'https://cloud.r-project.org/bin/macosx/contrib/4.0/praise_1.0.0.tgz'
    Content type 'application/x-gzip' length 16137 bytes (15 KB)
    ==================================================
    downloaded 15 KB
    
    trying URL 'https://cloud.r-project.org/bin/macosx/contrib/4.0/R6_2.4.1.tgz'
    Content type 'application/x-gzip' length 57553 bytes (56 KB)
    ==================================================
    downloaded 56 KB
    
    trying URL 'https://cloud.r-project.org/bin/macosx/contrib/4.0/withr_2.2.0.tgz'
    Content type 'application/x-gzip' length 205737 bytes (200 KB)
    ==================================================
    downloaded 200 KB
    
    trying URL 'https://cloud.r-project.org/bin/macosx/contrib/4.0/pls_2.7-2.tgz'
    Content type 'application/x-gzip' length 1228765 bytes (1.2 MB)
    ==================================================
    downloaded 1.2 MB
    
    trying URL 'https://cloud.r-project.org/bin/macosx/contrib/4.0/testthat_2.3.2.tgz'
    Content type 'application/x-gzip' length 2377186 bytes (2.3 MB)
    ==================================================
    downloaded 2.3 MB
    
    trying URL 'https://cloud.r-project.org/bin/macosx/contrib/4.0/apercu_0.2.4.tgz'
    Content type 'application/x-gzip' length 26070 bytes (25 KB)
    ==================================================
    downloaded 25 KB
    
    trying URL 'https://cloud.r-project.org/src/contrib/pkgbuild_1.1.0.tar.gz'
    Content type 'application/x-gzip' length 29854 bytes (29 KB)
    ==================================================
    downloaded 29 KB
    
    trying URL 'https://cloud.r-project.org/src/contrib/rlang_0.4.7.tar.gz'
    Content type 'application/x-gzip' length 847308 bytes (827 KB)
    ==================================================
    downloaded 827 KB
    
    * installing *source* package ‘pkgbuild’ ...
    ** package ‘pkgbuild’ successfully unpacked and MD5 sums checked
    ** using staged installation
    ** R
    ** byte-compile and prepare package for lazy loading
    ** help
    *** installing help indices
    ** building package indices
    ** testing if installed package can be loaded from temporary location
    ** testing if installed package can be loaded from final location
    ** testing if installed package keeps a record of temporary installation path
    * DONE (pkgbuild)
    * installing *source* package ‘rlang’ ...
    ** package ‘rlang’ successfully unpacked and MD5 sums checked
    ** using staged installation
    ** libs
    clang -mmacosx-version-min=10.13 -I"/Library/Frameworks/R.framework/Resources/include" -DNDEBUG -I./lib/ -I/usr/local/include -fPIC -Wall -g -O2 -c capture.c -o capture.o
    clang -mmacosx-version-min=10.13 -I"/Library/Frameworks/R.framework/Resources/include" -DNDEBUG -I./lib/ -I/usr/local/include -fPIC -Wall -g -O2 -c export.c -o export.o
    clang -mmacosx-version-min=10.13 -I"/Library/Frameworks/R.framework/Resources/include" -DNDEBUG -I./lib/ -I/usr/local/include -fPIC -Wall -g -O2 -c internal.c -o internal.o
    clang -mmacosx-version-min=10.13 -I"/Library/Frameworks/R.framework/Resources/include" -DNDEBUG -I./lib/ -I/usr/local/include -fPIC -Wall -g -O2 -c lib.c -o lib.o
    clang -mmacosx-version-min=10.13 -I"/Library/Frameworks/R.framework/Resources/include" -DNDEBUG -I./lib/ -I/usr/local/include -fPIC -Wall -g -O2 -c version.c -o version.o
    clang -mmacosx-version-min=10.13 -dynamiclib -Wl,-headerpad_max_install_names -undefined dynamic_lookup -single_module -multiply_defined suppress -L/Library/Frameworks/R.framework/Resources/lib -L/usr/local/lib -o rlang.so capture.o export.o internal.o lib.o version.o -F/Library/Frameworks/R.framework/.. -framework R -Wl,-framework -Wl,CoreFoundation
    installing to /Volumes/Temp/tmp/RtmpCQKXyp/folder1/00LOCK-rlang/00new/rlang/libs
    ** generating debug symbols (dSYM)
    ** R
    ** inst
    ** byte-compile and prepare package for lazy loading
    ** help
    *** installing help indices
    *** copying figures
    ** building package indices
    ** testing if installed package can be loaded from temporary location
    ** checking absolute paths in shared objects and dynamic libraries
    ** testing if installed package can be loaded from final location
    ** testing if installed package keeps a record of temporary installation path
    * DONE (rlang)
    
    The downloaded source packages are in
     '/Volumes/Temp/tmp/RtmpCQKXyp/downloaded_packages'
    * installing *source* package ‘dummyPackage’ ...
    ** using staged installation
    ** R
    ** byte-compile and prepare package for lazy loading
    ** help
    *** installing help indices
    ** building package indices
    ** testing if installed package can be loaded from temporary location
    ** testing if installed package can be loaded from final location
    ** testing if installed package keeps a record of temporary installation path
    * DONE (dummyPackage)
    trying URL 'https://cloud.r-project.org/bin/macosx/contrib/4.0/apercu_0.2.4.tgz'
    Content type 'application/x-gzip' length 26070 bytes (25 KB)
    ==================================================
    downloaded 25 KB
    
    trying URL 'https://cloud.r-project.org/bin/macosx/contrib/4.0/apercu_0.2.4.tgz'
    Content type 'application/x-gzip' length 26070 bytes (25 KB)
    ==================================================
    downloaded 25 KB
    
    trying URL 'https://cloud.r-project.org/bin/macosx/contrib/4.0/apercu_0.2.4.tgz'
    Content type 'application/x-gzip' length 26070 bytes (25 KB)
    ==================================================
    downloaded 25 KB
    
    Error: processing vignette 'help.Rmd' failed with diagnostics:
    there is no package called ‘markdown’
    --- failed re-building ‘help.Rmd’
    
    SUMMARY: processing the following file failed:
     ‘help.Rmd’
    
    Error: Vignette re-building failed.
    Execution halted
Flavor: r-oldrel-macos-x86_64