CRAN Package Check Results for Package aod

Last updated on 2021-07-27 22:53:31 CEST.

Flavor Version Tinstall Tcheck Ttotal Status Flags
r-devel-linux-x86_64-debian-clang 1.3.1 6.48 47.27 53.75 NOTE
r-devel-linux-x86_64-debian-gcc 1.3.1 5.36 36.35 41.71 NOTE
r-devel-linux-x86_64-fedora-clang 1.3.1 74.35 NOTE
r-devel-linux-x86_64-fedora-gcc 1.3.1 62.35 NOTE
r-devel-windows-x86_64 1.3.1 12.00 70.00 82.00 NOTE
r-devel-windows-x86_64-gcc10-UCRT 1.3.1 NOTE
r-patched-linux-x86_64 1.3.1 6.32 45.38 51.70 NOTE
r-patched-solaris-x86 1.3.1 89.20 NOTE
r-release-linux-x86_64 1.3.1 5.69 45.39 51.08 NOTE
r-release-macos-arm64 1.3.1 NOTE
r-release-macos-x86_64 1.3.1 NOTE
r-release-windows-ix86+x86_64 1.3.1 14.00 61.00 75.00 NOTE
r-oldrel-macos-x86_64 1.3.1 NOTE
r-oldrel-windows-ix86+x86_64 1.3.1 10.00 70.00 80.00 NOTE

Check Details

Version: 1.3.1
Check: dependencies in R code
Result: NOTE
    'library' or 'require' call to 'boot' in package code.
     Please use :: or requireNamespace() instead.
     See section 'Suggested packages' in the 'Writing R Extensions' manual.
Flavors: r-devel-linux-x86_64-debian-clang, r-devel-linux-x86_64-debian-gcc, r-devel-linux-x86_64-fedora-clang, r-devel-linux-x86_64-fedora-gcc, r-devel-windows-x86_64, r-devel-windows-x86_64-gcc10-UCRT, r-patched-linux-x86_64, r-patched-solaris-x86, r-release-linux-x86_64, r-release-macos-arm64, r-release-macos-x86_64, r-release-windows-ix86+x86_64, r-oldrel-macos-x86_64, r-oldrel-windows-ix86+x86_64

Version: 1.3.1
Check: R code for possible problems
Result: NOTE
    varbin: no visible global function definition for 'boot'
    Undefined global functions or variables:
     boot
Flavors: r-devel-linux-x86_64-debian-clang, r-devel-linux-x86_64-debian-gcc, r-devel-linux-x86_64-fedora-clang, r-devel-linux-x86_64-fedora-gcc, r-devel-windows-x86_64, r-devel-windows-x86_64-gcc10-UCRT, r-patched-linux-x86_64, r-patched-solaris-x86, r-release-linux-x86_64, r-release-macos-arm64, r-release-macos-x86_64, r-release-windows-ix86+x86_64, r-oldrel-macos-x86_64, r-oldrel-windows-ix86+x86_64

Version: 1.3.1
Check: Rd cross-references
Result: NOTE
    Undeclared packages ‘geepack’, ‘dispmod’ in Rd xrefs
Flavor: r-devel-linux-x86_64-fedora-clang