CRAN Package Check Results for Package apaText

Last updated on 2021-07-26 16:49:01 CEST.

Flavor Version Tinstall Tcheck Ttotal Status Flags
r-devel-linux-x86_64-debian-clang 0.1.1 3.69 40.83 44.52 NOTE
r-devel-linux-x86_64-debian-gcc 0.1.1 2.39 31.54 33.93 NOTE
r-devel-linux-x86_64-fedora-clang 0.1.1 63.95 NOTE
r-devel-linux-x86_64-fedora-gcc 0.1.1 50.51 NOTE
r-devel-windows-x86_64 0.1.1 7.00 58.00 65.00 NOTE
r-devel-windows-x86_64-gcc10-UCRT 0.1.1 NOTE
r-patched-linux-x86_64 0.1.1 3.26 38.37 41.63 NOTE
r-patched-solaris-x86 0.1.1 75.20 NOTE
r-release-linux-x86_64 0.1.1 3.45 38.55 42.00 NOTE
r-release-macos-arm64 0.1.1 NOTE
r-release-macos-x86_64 0.1.1 NOTE
r-release-windows-ix86+x86_64 0.1.1 10.00 50.00 60.00 NOTE
r-oldrel-macos-x86_64 0.1.1 OK
r-oldrel-windows-ix86+x86_64 0.1.1 8.00 59.00 67.00 OK

Check Details

Version: 0.1.1
Check: LazyData
Result: NOTE
     'LazyData' is specified without a 'data' directory
Flavors: r-devel-linux-x86_64-debian-clang, r-devel-linux-x86_64-debian-gcc, r-devel-linux-x86_64-fedora-clang, r-devel-linux-x86_64-fedora-gcc, r-devel-windows-x86_64, r-devel-windows-x86_64-gcc10-UCRT, r-patched-linux-x86_64, r-patched-solaris-x86, r-release-linux-x86_64, r-release-macos-arm64, r-release-macos-x86_64, r-release-windows-ix86+x86_64