CRAN Package Check Results for Package apc

Last updated on 2024-03-05 09:52:50 CET.

Flavor Version Tinstall Tcheck Ttotal Status Flags
r-devel-linux-x86_64-debian-clang 2.0.0 20.29 509.53 529.82 NOTE
r-devel-linux-x86_64-debian-gcc 2.0.0 17.41 439.55 456.96 NOTE
r-devel-linux-x86_64-fedora-clang 2.0.0 671.54 NOTE
r-devel-linux-x86_64-fedora-gcc 2.0.0 766.67 NOTE
r-devel-windows-x86_64 2.0.0 18.00 490.00 508.00 NOTE
r-patched-linux-x86_64 2.0.0 29.03 566.99 596.02 OK
r-release-linux-x86_64 2.0.0 18.68 573.95 592.63 OK
r-release-macos-arm64 2.0.0 439.00 OK
r-release-macos-x86_64 2.0.0 724.00 OK
r-release-windows-x86_64 2.0.0 26.00 617.00 643.00 OK
r-oldrel-macos-arm64 2.0.0 355.00 NOTE
r-oldrel-windows-x86_64 2.0.0 27.00 618.00 645.00 OK

Check Details

Version: 2.0.0
Check: Rd files
Result: NOTE checkRd: (-1) apc.indiv.est.model.Rd:142: Lost braces 142 | For model testing: \code{\link{apc.indiv.model.table}}, code{\link{apc.indiv.compare.direct}}, \code{\link{waldtest}}, \code{\link{linearHypothesis}} | ^ Flavors: r-devel-linux-x86_64-debian-clang, r-devel-linux-x86_64-debian-gcc, r-devel-linux-x86_64-fedora-clang, r-devel-linux-x86_64-fedora-gcc, r-devel-windows-x86_64

Version: 2.0.0
Check: dependencies in R code
Result: NOTE Namespaces in Imports field not imported from: ‘AER’ ‘ChainLadder’ ‘ISLR’ ‘ggplot2’ All declared Imports should be used. Flavors: r-devel-linux-x86_64-fedora-clang, r-devel-linux-x86_64-fedora-gcc, r-oldrel-macos-arm64