CRAN Package Check Results for Package ape

Last updated on 2021-08-05 04:55:38 CEST.

Flavor Version Tinstall Tcheck Ttotal Status Flags
r-devel-linux-x86_64-debian-clang 5.5 71.34 272.15 343.49 OK
r-devel-linux-x86_64-debian-gcc 5.5 46.37 199.56 245.93 OK
r-devel-linux-x86_64-fedora-clang 5.5 424.27 NOTE
r-devel-linux-x86_64-fedora-gcc 5.5 396.35 OK
r-devel-windows-x86_64 5.5 99.00 320.00 419.00 OK
r-devel-windows-x86_64-gcc10-UCRT 5.5 OK
r-patched-linux-x86_64 5.5 61.24 258.76 320.00 OK
r-patched-solaris-x86 5.5 442.20 OK
r-release-linux-x86_64 5.5 56.31 259.59 315.90 OK
r-release-macos-arm64 5.5 NOTE
r-release-macos-x86_64 5.5 OK
r-release-windows-ix86+x86_64 5.5 154.00 279.00 433.00 NOTE
r-oldrel-macos-x86_64 5.5 OK
r-oldrel-windows-ix86+x86_64 5.5 117.00 355.00 472.00 NOTE

Check Details

Version: 5.5
Check: installed package size
Result: NOTE
     installed size is 5.0Mb
     sub-directories of 1Mb or more:
     R 1.0Mb
     doc 1.3Mb
     libs 1.7Mb
Flavors: r-devel-linux-x86_64-fedora-clang, r-release-macos-arm64, r-release-windows-ix86+x86_64, r-oldrel-windows-ix86+x86_64