CRAN Package Check Results for Package apisensr

Last updated on 2021-07-29 01:49:07 CEST.

Flavor Version Tinstall Tcheck Ttotal Status Flags
r-devel-linux-x86_64-debian-clang 0.3.0 NOTE
r-devel-linux-x86_64-debian-gcc 0.3.0 9.65 79.87 89.52 NOTE
r-devel-linux-x86_64-fedora-clang 0.3.0 150.81 NOTE
r-devel-linux-x86_64-fedora-gcc 0.3.0 139.13 NOTE
r-devel-windows-x86_64 0.3.0 41.00 140.00 181.00 NOTE
r-devel-windows-x86_64-gcc10-UCRT 0.3.0 NOTE
r-patched-linux-x86_64 0.3.0 11.80 99.92 111.72 NOTE
r-patched-solaris-x86 0.3.0 206.10 NOTE
r-release-linux-x86_64 0.3.0 11.39 101.08 112.47 NOTE
r-release-macos-arm64 0.3.0 NOTE
r-release-macos-x86_64 0.3.0 NOTE
r-release-windows-ix86+x86_64 0.3.0 33.00 155.00 188.00 NOTE
r-oldrel-macos-x86_64 0.3.0 OK
r-oldrel-windows-ix86+x86_64 0.3.0 33.00 140.00 173.00 OK

Check Details

Version: 0.3.0
Check: LazyData
Result: NOTE
     'LazyData' is specified without a 'data' directory
Flavors: r-devel-linux-x86_64-debian-clang, r-devel-linux-x86_64-debian-gcc, r-devel-linux-x86_64-fedora-clang, r-devel-linux-x86_64-fedora-gcc, r-devel-windows-x86_64, r-devel-windows-x86_64-gcc10-UCRT, r-patched-linux-x86_64, r-patched-solaris-x86, r-release-linux-x86_64, r-release-macos-arm64, r-release-macos-x86_64, r-release-windows-ix86+x86_64