CRAN Package Check Results for Package aplot

Last updated on 2022-01-24 06:48:44 CET.

Flavor Version Tinstall Tcheck Ttotal Status Flags
r-devel-linux-x86_64-debian-clang 0.1.2 4.21 57.09 61.30 OK
r-devel-linux-x86_64-debian-gcc 0.1.2 3.36 42.67 46.03 OK
r-devel-linux-x86_64-fedora-clang 0.1.2 73.59 NOTE
r-devel-linux-x86_64-fedora-gcc 0.1.2 63.52 NOTE
r-devel-windows-x86_64-new-UL 0.1.2 24.00 75.00 99.00 OK
r-devel-windows-x86_64-new-TK 0.1.2 NOTE
r-patched-linux-x86_64 0.1.2 4.63 52.62 57.25 OK
r-release-linux-x86_64 0.1.2 3.48 53.28 56.76 OK
r-release-macos-arm64 0.1.2 NOTE
r-release-macos-x86_64 0.1.2 NOTE
r-release-windows-ix86+x86_64 0.1.2 15.00 65.00 80.00 OK
r-oldrel-macos-x86_64 0.1.1 ERROR
r-oldrel-windows-ix86+x86_64 0.1.2 14.00 67.00 81.00 ERROR

Check Details

Version: 0.1.2
Check: dependencies in R code
Result: NOTE
    Namespace in Imports field not imported from: ‘yulab.utils’
     All declared Imports should be used.
Flavors: r-devel-linux-x86_64-fedora-clang, r-devel-linux-x86_64-fedora-gcc, r-devel-windows-x86_64-new-TK, r-release-macos-arm64, r-release-macos-x86_64

Version: 0.1.1
Check: package dependencies
Result: NOTE
    Package suggested but not available for checking: ‘ggtree’
Flavor: r-oldrel-macos-x86_64

Version: 0.1.1
Check: dependencies in R code
Result: NOTE
    Namespace in Imports field not imported from: ‘yulab.utils’
     All declared Imports should be used.
Flavor: r-oldrel-macos-x86_64

Version: 0.1.1
Check: examples
Result: ERROR
    Running examples in ‘aplot-Ex.R’ failed
    The error most likely occurred in:
    
    > ### Name: insert_left
    > ### Title: plot-insertion
    > ### Aliases: insert_left insert_right insert_top insert_bottom
    >
    > ### ** Examples
    >
    > library(ggplot2)
    > library(aplot)
    >
    > p <- ggplot(mtcars, aes(mpg, disp)) + geom_point()
    > p2 <- ggplot(mtcars, aes(mpg)) +
    + geom_density(fill='steelblue', alpha=.5) +
    + ggtree::theme_dendrogram()
    Error in loadNamespace(name) : there is no package called ‘ggtree’
    Calls: :: ... loadNamespace -> withRestarts -> withOneRestart -> doWithOneRestart
    Execution halted
Flavor: r-oldrel-macos-x86_64

Version: 0.1.2
Check: examples
Result: ERROR
    Running examples in 'aplot-Ex.R' failed
    The error most likely occurred in:
    
    > ### Name: insert_left
    > ### Title: plot-insertion
    > ### Aliases: insert_left insert_right insert_top insert_bottom
    >
    > ### ** Examples
    >
    > library(ggplot2)
    > library(aplot)
    >
    > p <- ggplot(mtcars, aes(mpg, disp)) + geom_point()
    > p2 <- ggplot(mtcars, aes(mpg)) +
    + geom_density(fill='steelblue', alpha=.5) +
    + ggtree::theme_dendrogram()
    Error: object 'get_aes_var' is not exported by 'namespace:rvcheck'
    Execution halted
Flavor: r-oldrel-windows-ix86+x86_64