CRAN Package Check Results for Package apollo

Last updated on 2021-07-24 22:55:05 CEST.

Flavor Version Tinstall Tcheck Ttotal Status Flags
r-devel-linux-x86_64-debian-clang 0.2.4 68.62 175.18 243.80 NOTE
r-devel-linux-x86_64-debian-gcc 0.2.4 53.54 133.97 187.51 NOTE
r-devel-linux-x86_64-fedora-clang 0.2.4 309.99 OK
r-devel-linux-x86_64-fedora-gcc 0.2.4 298.42 OK
r-devel-windows-x86_64 0.2.4 69.00 141.00 210.00 OK
r-devel-windows-x86_64-gcc10-UCRT 0.2.4 OK
r-patched-linux-x86_64 0.2.4 61.20 168.59 229.79 NOTE
r-patched-solaris-x86 0.2.4 351.00 OK
r-release-linux-x86_64 0.2.4 56.28 169.72 226.00 NOTE
r-release-macos-arm64 0.2.4 OK
r-release-macos-x86_64 0.2.4 OK
r-release-windows-ix86+x86_64 0.2.4 140.00 223.00 363.00 OK
r-oldrel-macos-x86_64 0.2.4 OK
r-oldrel-windows-ix86+x86_64 0.2.4 141.00 227.00 368.00 OK

Check Details

Version: 0.2.4
Check: R code for possible problems
Result: NOTE
    Found the following calls to attach():
    File 'apollo/R/apollo_attach.R':
     attach(as.list(apollo_beta))
     attach(database)
     attach(draws)
     attach(randcoeff)
     attach(lcpars)
    See section 'Good practice' in '?attach'.
Flavors: r-devel-linux-x86_64-debian-clang, r-devel-linux-x86_64-debian-gcc, r-patched-linux-x86_64, r-release-linux-x86_64