CRAN Package Check Results for Package applicable

Last updated on 2021-09-23 10:53:11 CEST.

Flavor Version Tinstall Tcheck Ttotal Status Flags
r-devel-linux-x86_64-debian-clang 0.0.1.2 11.78 178.65 190.43 OK
r-devel-linux-x86_64-debian-gcc 0.0.1.2 8.76 133.64 142.40 OK
r-devel-linux-x86_64-fedora-clang 0.0.1.2 235.35 OK
r-devel-linux-x86_64-fedora-gcc 0.0.1.2 224.00 OK
r-devel-windows-x86_64 0.0.1.2 14.00 124.00 138.00 OK
r-devel-windows-x86_64-gcc10-UCRT 0.0.1.2 ERROR
r-patched-linux-x86_64 0.0.1.2 11.21 174.55 185.76 OK
r-patched-solaris-x86 0.0.1.2 362.40 OK
r-release-linux-x86_64 0.0.1.2 10.47 173.49 183.96 OK
r-release-macos-arm64 0.0.1.2 OK
r-release-macos-x86_64 0.0.1.2 OK
r-release-windows-ix86+x86_64 0.0.1.2 25.00 175.00 200.00 OK
r-oldrel-macos-x86_64 0.0.1.2 OK
r-oldrel-windows-ix86+x86_64 0.0.1.2 19.00 126.00 145.00 OK

Check Details

Version: 0.0.1.2
Check: package dependencies
Result: ERROR
    Package required but not available: 'proxyC'
    
    Packages suggested but not available for checking: 'spelling', 'xml2'
    
    See section 'The DESCRIPTION file' in the 'Writing R Extensions'
    manual.
Flavor: r-devel-windows-x86_64-gcc10-UCRT