CRAN Package Check Results for Package aprof

Last updated on 2021-07-31 13:52:20 CEST.

Flavor Version Tinstall Tcheck Ttotal Status Flags
r-devel-linux-x86_64-debian-clang 0.4.1 2.47 23.73 26.20 OK
r-devel-linux-x86_64-debian-gcc 0.4.1 1.94 18.44 20.38 OK
r-devel-linux-x86_64-fedora-clang 0.4.1 41.25 NOTE
r-devel-linux-x86_64-fedora-gcc 0.4.1 30.02 NOTE
r-devel-windows-x86_64 0.4.1 10.00 38.00 48.00 OK
r-devel-windows-x86_64-gcc10-UCRT 0.4.1 NOTE
r-patched-linux-x86_64 0.4.1 OK
r-patched-solaris-x86 0.4.1 48.10 NOTE
r-release-linux-x86_64 0.4.1 2.32 22.98 25.30 OK
r-release-macos-arm64 0.4.1 NOTE
r-release-macos-x86_64 0.4.1 NOTE
r-release-windows-ix86+x86_64 0.4.1 6.00 30.00 36.00 OK
r-oldrel-macos-x86_64 0.4.1 NOTE
r-oldrel-windows-ix86+x86_64 0.4.1 29.00 38.00 67.00 OK

Check Details

Version: 0.4.1
Check: dependencies in R code
Result: NOTE
    Namespace in Imports field not imported from: ‘testthat’
     All declared Imports should be used.
Flavors: r-devel-linux-x86_64-fedora-clang, r-devel-linux-x86_64-fedora-gcc, r-devel-windows-x86_64-gcc10-UCRT, r-patched-solaris-x86, r-release-macos-arm64, r-release-macos-x86_64, r-oldrel-macos-x86_64