CRAN Package Check Results for Package aptg

Last updated on 2021-07-24 22:55:05 CEST.

Flavor Version Tinstall Tcheck Ttotal Status Flags
r-devel-linux-x86_64-debian-clang 0.1.1 0.38 2.79 3.17 ERROR --no-vignettes
r-devel-linux-x86_64-debian-gcc 0.1.1 8.42 69.24 77.66 NOTE --no-vignettes
r-devel-linux-x86_64-fedora-clang 0.1.1 145.31 NOTE
r-devel-linux-x86_64-fedora-gcc 0.1.1 132.62 NOTE
r-devel-windows-x86_64 0.1.1 13.00 79.00 92.00 NOTE --no-vignettes
r-devel-windows-x86_64-gcc10-UCRT 0.1.1 NOTE --no-vignettes
r-patched-linux-x86_64 0.1.1 9.93 86.38 96.31 NOTE --no-vignettes
r-patched-solaris-x86 0.1.1 206.60 NOTE
r-release-linux-x86_64 0.1.1 9.30 87.63 96.93 NOTE --no-vignettes
r-release-macos-arm64 0.1.1 NOTE
r-release-macos-x86_64 0.1.1 NOTE
r-release-windows-ix86+x86_64 0.1.1 26.00 79.00 105.00 NOTE --no-vignettes
r-oldrel-macos-x86_64 0.1.1 OK
r-oldrel-windows-ix86+x86_64 0.1.1 27.00 118.00 145.00 OK --no-vignettes

Check Details

Version: 0.1.1
Flags: --no-vignettes
Check: package dependencies
Result: ERROR
    Packages required but not available: 'brranching', 'phytools', 'taxize'
    
    See section 'The DESCRIPTION file' in the 'Writing R Extensions'
    manual.
Flavor: r-devel-linux-x86_64-debian-clang

Version: 0.1.1
Flags: --no-vignettes
Check: LazyData
Result: NOTE
     'LazyData' is specified without a 'data' directory
Flavors: r-devel-linux-x86_64-debian-gcc, r-devel-windows-x86_64, r-devel-windows-x86_64-gcc10-UCRT, r-patched-linux-x86_64, r-release-linux-x86_64, r-release-windows-ix86+x86_64

Version: 0.1.1
Check: LazyData
Result: NOTE
     'LazyData' is specified without a 'data' directory
Flavors: r-devel-linux-x86_64-fedora-clang, r-devel-linux-x86_64-fedora-gcc, r-patched-solaris-x86, r-release-macos-arm64, r-release-macos-x86_64