CRAN Package Check Results for Package archiDART

Last updated on 2021-09-23 07:49:24 CEST.

Flavor Version Tinstall Tcheck Ttotal Status Flags
r-devel-linux-x86_64-debian-clang 3.4 21.76 125.06 146.82 OK
r-devel-linux-x86_64-debian-gcc 3.4 18.55 91.12 109.67 OK
r-devel-linux-x86_64-fedora-clang 3.4 184.60 OK
r-devel-linux-x86_64-fedora-gcc 3.4 173.52 OK
r-devel-windows-x86_64 3.4 23.00 97.00 120.00 OK
r-devel-windows-x86_64-gcc10-UCRT 3.4 ERROR
r-patched-linux-x86_64 3.4 26.35 118.42 144.77 OK
r-patched-solaris-x86 3.4 206.70 OK
r-release-linux-x86_64 3.4 21.31 119.76 141.07 OK
r-release-macos-arm64 3.4 OK
r-release-macos-x86_64 3.4 OK
r-release-windows-ix86+x86_64 3.4 38.00 134.00 172.00 OK
r-oldrel-macos-x86_64 3.4 OK
r-oldrel-windows-ix86+x86_64 3.4 28.00 93.00 121.00 OK

Check Details

Version: 3.4
Check: package dependencies
Result: ERROR
    Package required but not available: 'XML'
    
    Packages suggested but not available for checking: 'rgl', 'TDA'
    
    See section 'The DESCRIPTION file' in the 'Writing R Extensions'
    manual.
Flavor: r-devel-windows-x86_64-gcc10-UCRT