CRAN Package Check Results for Package arenar

Last updated on 2022-01-25 09:48:28 CET.

Flavor Version Tinstall Tcheck Ttotal Status Flags
r-devel-linux-x86_64-debian-clang 0.2.0 3.63 106.47 110.10 NOTE
r-devel-linux-x86_64-debian-gcc 0.2.0 2.93 88.45 91.38 NOTE
r-devel-linux-x86_64-fedora-clang 0.2.0 128.36 NOTE
r-devel-linux-x86_64-fedora-gcc 0.2.0 116.39 NOTE
r-devel-windows-x86_64-new-UL 0.2.0 49.00 134.00 183.00 NOTE
r-devel-windows-x86_64-new-TK 0.2.0 NOTE
r-patched-linux-x86_64 0.2.0 2.81 101.59 104.40 NOTE
r-release-linux-x86_64 0.2.0 3.37 100.53 103.90 NOTE
r-release-macos-arm64 0.2.0 NOTE
r-release-macos-x86_64 0.2.0 NOTE
r-release-windows-ix86+x86_64 0.2.0 9.00 106.00 115.00 NOTE
r-oldrel-macos-x86_64 0.2.0 OK
r-oldrel-windows-ix86+x86_64 0.2.0 9.00 107.00 116.00 OK

Check Details

Version: 0.2.0
Check: LazyData
Result: NOTE
     'LazyData' is specified without a 'data' directory
Flavors: r-devel-linux-x86_64-debian-clang, r-devel-linux-x86_64-debian-gcc, r-devel-linux-x86_64-fedora-clang, r-devel-linux-x86_64-fedora-gcc, r-devel-windows-x86_64-new-UL, r-devel-windows-x86_64-new-TK, r-patched-linux-x86_64, r-release-linux-x86_64, r-release-macos-arm64, r-release-macos-x86_64, r-release-windows-ix86+x86_64