CRAN Package Check Results for Package ari

Last updated on 2021-10-19 07:49:28 CEST.

Flavor Version Tinstall Tcheck Ttotal Status Flags
r-devel-linux-x86_64-debian-clang 0.3.5 4.90 51.11 56.01 NOTE
r-devel-linux-x86_64-debian-gcc 0.3.5 4.17 39.37 43.54 NOTE
r-devel-linux-x86_64-fedora-clang 0.3.5 77.01 NOTE
r-devel-linux-x86_64-fedora-gcc 0.3.5 63.75 NOTE
r-devel-windows-x86_64 0.3.5 10.00 76.00 86.00 NOTE
r-devel-windows-x86_64-gcc10-UCRT 0.3.5 NOTE
r-patched-linux-x86_64 0.3.5 5.53 49.30 54.83 NOTE
r-patched-solaris-x86 0.3.5 92.30 NOTE
r-release-linux-x86_64 0.3.5 5.25 49.71 54.96 NOTE
r-release-macos-arm64 0.3.5 NOTE
r-release-macos-x86_64 0.3.5 NOTE
r-release-windows-ix86+x86_64 0.3.5 20.00 75.00 95.00 NOTE
r-oldrel-macos-x86_64 0.3.5 OK
r-oldrel-windows-ix86+x86_64 0.3.5 15.00 74.00 89.00 OK

Check Details

Version: 0.3.5
Check: LazyData
Result: NOTE
     'LazyData' is specified without a 'data' directory
Flavors: r-devel-linux-x86_64-debian-clang, r-devel-linux-x86_64-debian-gcc, r-devel-linux-x86_64-fedora-clang, r-devel-linux-x86_64-fedora-gcc, r-devel-windows-x86_64, r-devel-windows-x86_64-gcc10-UCRT, r-patched-linux-x86_64, r-patched-solaris-x86, r-release-linux-x86_64, r-release-macos-arm64, r-release-macos-x86_64, r-release-windows-ix86+x86_64