CRAN Package Check Results for Package aricode

Last updated on 2021-10-20 10:52:57 CEST.

Flavor Version Tinstall Tcheck Ttotal Status Flags
r-devel-linux-x86_64-debian-clang 1.0.0 21.79 66.86 88.65 NOTE
r-devel-linux-x86_64-debian-gcc 1.0.0 18.27 51.77 70.04 NOTE
r-devel-linux-x86_64-fedora-clang 1.0.0 127.62 NOTE
r-devel-linux-x86_64-fedora-gcc 1.0.0 111.29 NOTE
r-devel-windows-x86_64 1.0.0 31.00 99.00 130.00 NOTE
r-devel-windows-x86_64-gcc10-UCRT 1.0.0 NOTE
r-patched-linux-x86_64 1.0.0 20.05 65.32 85.37 NOTE
r-patched-solaris-x86 1.0.0 164.40 NOTE
r-release-linux-x86_64 1.0.0 23.15 65.03 88.18 NOTE
r-release-macos-arm64 1.0.0 NOTE
r-release-macos-x86_64 1.0.0 NOTE
r-release-windows-ix86+x86_64 1.0.0 38.00 136.00 174.00 NOTE
r-oldrel-macos-x86_64 1.0.0 OK
r-oldrel-windows-ix86+x86_64 1.0.0 61.00 136.00 197.00 OK

Additional issues

clang-UBSAN

Check Details

Version: 1.0.0
Check: LazyData
Result: NOTE
     'LazyData' is specified without a 'data' directory
Flavors: r-devel-linux-x86_64-debian-clang, r-devel-linux-x86_64-debian-gcc, r-devel-linux-x86_64-fedora-clang, r-devel-linux-x86_64-fedora-gcc, r-devel-windows-x86_64, r-devel-windows-x86_64-gcc10-UCRT, r-patched-linux-x86_64, r-patched-solaris-x86, r-release-linux-x86_64, r-release-macos-arm64, r-release-macos-x86_64, r-release-windows-ix86+x86_64