CRAN Package Check Results for Package aroma.apd

Last updated on 2021-09-24 07:49:10 CEST.

Flavor Version Tinstall Tcheck Ttotal Status Flags
r-devel-linux-x86_64-debian-clang 0.6.0 3.93 36.84 40.77 OK
r-devel-linux-x86_64-debian-gcc 0.6.0 2.83 28.31 31.14 OK
r-devel-linux-x86_64-fedora-clang 0.6.0 57.24 OK
r-devel-linux-x86_64-fedora-gcc 0.6.0 46.17 OK
r-devel-windows-x86_64 0.6.0 5.00 41.00 46.00 OK
r-devel-windows-x86_64-gcc10-UCRT 0.6.0 OK
r-patched-linux-x86_64 0.6.0 3.86 35.69 39.55 OK
r-patched-solaris-x86 0.6.0 67.40 OK
r-release-linux-x86_64 0.6.0 3.54 35.80 39.34 OK
r-release-macos-arm64 0.6.0 NOTE
r-release-macos-x86_64 0.6.0 OK
r-release-windows-ix86+x86_64 0.6.0 8.00 59.00 67.00 OK
r-oldrel-macos-x86_64 0.6.0 OK
r-oldrel-windows-ix86+x86_64 0.6.0 5.00 45.00 50.00 OK

Check Details

Version: 0.6.0
Check: package dependencies
Result: NOTE
    Package suggested but not available for checking: ‘affxparser’
Flavor: r-release-macos-arm64

Version: 0.6.0
Check: Rd cross-references
Result: NOTE
    Package unavailable to check Rd xrefs: ‘affxparser’
Flavor: r-release-macos-arm64