CRAN Package Check Results for Package aroma.core

Last updated on 2021-09-24 07:49:10 CEST.

Flavor Version Tinstall Tcheck Ttotal Status Flags
r-devel-linux-x86_64-debian-clang 3.2.2 30.32 186.16 216.48 NOTE
r-devel-linux-x86_64-debian-gcc 3.2.2 23.17 136.83 160.00 NOTE
r-devel-linux-x86_64-fedora-clang 3.2.2 266.05 NOTE
r-devel-linux-x86_64-fedora-gcc 3.2.2 257.74 NOTE
r-devel-windows-x86_64 3.2.2 34.00 151.00 185.00 NOTE
r-devel-windows-x86_64-gcc10-UCRT 3.2.2 NOTE
r-patched-linux-x86_64 3.2.2 35.60 177.77 213.37 NOTE
r-patched-solaris-x86 3.2.2 301.10 NOTE
r-release-linux-x86_64 3.2.2 33.62 178.54 212.16 NOTE
r-release-macos-arm64 3.2.2 NOTE
r-release-macos-x86_64 3.2.2 NOTE
r-release-windows-ix86+x86_64 3.2.2 48.00 209.00 257.00 NOTE
r-oldrel-macos-x86_64 3.2.2 NOTE
r-oldrel-windows-ix86+x86_64 3.2.2 33.00 151.00 184.00 NOTE

Check Details

Version: 3.2.2
Check: package dependencies
Result: NOTE
    Packages suggested but not available for checking:
     'sfit', 'expectile', 'HaarSeg', 'mpcbs'
Flavors: r-devel-linux-x86_64-debian-clang, r-devel-linux-x86_64-debian-gcc, r-devel-linux-x86_64-fedora-clang, r-devel-linux-x86_64-fedora-gcc, r-devel-windows-x86_64, r-devel-windows-x86_64-gcc10-UCRT, r-patched-linux-x86_64, r-patched-solaris-x86, r-release-linux-x86_64, r-release-windows-ix86+x86_64, r-oldrel-windows-ix86+x86_64

Version: 3.2.2
Check: package dependencies
Result: NOTE
    Packages suggested but not available for checking:
     'GLAD', 'sfit', 'expectile', 'HaarSeg', 'mpcbs'
Flavors: r-release-macos-arm64, r-release-macos-x86_64, r-oldrel-macos-x86_64

Version: 3.2.2
Check: Rd cross-references
Result: NOTE
    Package unavailable to check Rd xrefs: ‘GLAD’
Flavors: r-release-macos-arm64, r-oldrel-macos-x86_64