CRAN Package Check Results for Package arrApply

Last updated on 2021-09-22 01:48:28 CEST.

Flavor Version Tinstall Tcheck Ttotal Status Flags
r-devel-linux-x86_64-debian-clang 2.1 41.11 27.67 68.78 OK
r-devel-linux-x86_64-debian-gcc 2.1 25.24 21.68 46.92 OK
r-devel-linux-x86_64-fedora-clang 2.1 99.08 OK
r-devel-linux-x86_64-fedora-gcc 2.1 81.24 OK
r-devel-windows-x86_64 2.1 39.00 41.00 80.00 OK
r-devel-windows-x86_64-gcc10-UCRT 2.1 ERROR
r-patched-linux-x86_64 2.1 30.41 27.08 57.49 OK
r-patched-solaris-x86 2.1 99.00 OK
r-release-linux-x86_64 2.1 29.72 26.85 56.57 OK
r-release-macos-arm64 2.1 OK
r-release-macos-x86_64 2.1 OK
r-release-windows-ix86+x86_64 2.1 92.00 71.00 163.00 OK
r-oldrel-macos-x86_64 2.1 OK
r-oldrel-windows-ix86+x86_64 2.1 87.00 54.00 141.00 OK

Check Details

Version: 2.1
Check: whether package can be installed
Result: ERROR
    Installation failed.
Flavor: r-devel-windows-x86_64-gcc10-UCRT