Last updated on 2025-01-13 09:48:24 CET.
Flavor | Version | Tinstall | Tcheck | Ttotal | Status | Flags |
---|---|---|---|---|---|---|
r-devel-linux-x86_64-debian-clang | 18.1.0.1 | 3473.01 | 240.06 | 3713.07 | OK | |
r-devel-linux-x86_64-debian-gcc | 18.1.0.1 | 2695.73 | 156.84 | 2852.57 | OK | |
r-devel-linux-x86_64-fedora-clang | 18.1.0.1 | 6551.66 | OK | |||
r-devel-linux-x86_64-fedora-gcc | 18.1.0.1 | 5127.31 | OK | |||
r-devel-windows-x86_64 | 18.1.0.1 | 471.00 | 582.00 | 1053.00 | OK | |
r-patched-linux-x86_64 | 18.1.0 | 3746.19 | 232.99 | 3979.18 | OK | |
r-release-linux-x86_64 | 18.1.0.1 | 3812.36 | 232.66 | 4045.02 | OK | |
r-release-macos-arm64 | 18.1.0.1 | 991.00 | NOTE | |||
r-release-macos-x86_64 | 18.1.0.1 | 1648.00 | NOTE | |||
r-release-windows-x86_64 | 18.1.0.1 | 475.00 | 569.00 | 1044.00 | NOTE | |
r-oldrel-macos-arm64 | 18.1.0.1 | 1216.00 | NOTE | |||
r-oldrel-macos-x86_64 | 18.1.0.1 | 1802.00 | ERROR | |||
r-oldrel-windows-x86_64 | 18.1.0.1 | 426.00 | 746.00 | 1172.00 | NOTE |
Version: 18.1.0.1
Check: installed package size
Result: NOTE
installed size is 565.0Mb
sub-directories of 1Mb or more:
R 5.1Mb
libs 559.4Mb
Flavors: r-release-macos-arm64, r-release-macos-x86_64, r-release-windows-x86_64, r-oldrel-macos-arm64, r-oldrel-windows-x86_64
Version: 18.1.0.1
Check: whether package can be installed
Result: ERROR
Installation failed.
Flavor: r-oldrel-macos-x86_64