CRAN Package Check Results for Package asdreader

Last updated on 2021-07-29 13:53:20 CEST.

Flavor Version Tinstall Tcheck Ttotal Status Flags
r-devel-linux-x86_64-debian-clang 0.1-3 NOTE
r-devel-linux-x86_64-debian-gcc 0.1-3 1.64 16.76 18.40 NOTE
r-devel-linux-x86_64-fedora-clang 0.1-3 38.24 NOTE
r-devel-linux-x86_64-fedora-gcc 0.1-3 27.33 NOTE
r-devel-windows-x86_64 0.1-3 3.00 33.00 36.00 NOTE
r-devel-windows-x86_64-gcc10-UCRT 0.1-3 NOTE
r-patched-linux-x86_64 0.1-3 2.22 20.37 22.59 NOTE
r-patched-solaris-x86 0.1-3 43.80 NOTE
r-release-linux-x86_64 0.1-3 1.95 20.33 22.28 NOTE
r-release-macos-arm64 0.1-3 NOTE
r-release-macos-x86_64 0.1-3 NOTE
r-release-windows-ix86+x86_64 0.1-3 5.00 26.00 31.00 NOTE
r-oldrel-macos-x86_64 0.1-3 OK
r-oldrel-windows-ix86+x86_64 0.1-3 5.00 30.00 35.00 OK

Check Details

Version: 0.1-3
Check: LazyData
Result: NOTE
     'LazyData' is specified without a 'data' directory
Flavors: r-devel-linux-x86_64-debian-clang, r-devel-linux-x86_64-debian-gcc, r-devel-linux-x86_64-fedora-clang, r-devel-linux-x86_64-fedora-gcc, r-devel-windows-x86_64, r-devel-windows-x86_64-gcc10-UCRT, r-patched-linux-x86_64, r-patched-solaris-x86, r-release-linux-x86_64, r-release-macos-arm64, r-release-macos-x86_64, r-release-windows-ix86+x86_64